{"id":9847,"date":"2025-02-08T19:42:05","date_gmt":"2025-02-08T19:42:05","guid":{"rendered":"https:\/\/concepcion.de\/?post_type=product&#038;p=9847"},"modified":"2025-03-19T16:42:47","modified_gmt":"2025-03-19T16:42:47","slug":"maria-die-mutter-des-retters","status":"publish","type":"product","link":"https:\/\/concepcion.de\/index.php\/produkt\/maria-die-mutter-des-retters\/","title":{"rendered":"Maria &#8211; Die Mutter des Retters"},"content":{"rendered":"<p>Was haben ein junger Zimmermann, ein stummer Priester und Immanuel, das neugeborene Zicklein, mit der Weihnachtsgeschichte zu tun? Und warum beginnt das alles mit einem zerbrochenen Krug? Finde es heraus und begleite die junge Maria, wenn sie viele Schwierigkeiten \u00fcberwinden muss, in welchen sie jedoch immer wieder erfahren darf, dass Gott f\u00fcr sie sorgt und einen Plan hat. Vor allem mit dem Kind, das sie erwartet. Das ist n\u00e4mlich ein ganz besonderes.<\/p>\n<p>Was Maria alles erlebt, kannst du als Adventskalender lesen, an jedem Tag im Advent ein Kapitel, und dabei die bekannte Geschichte vom Baby in der Futterkrippe ganz neu entdecken. \u2013 Wie es wirklich gewesen sein k\u00f6nnte, vor langer, langer Zeit, vor 2.000 Jahren im fernen Israel &#8230;<\/p>\n","protected":false},"excerpt":{"rendered":"<p>Was haben ein junger Zimmermann, ein stummer Priester und Immanuel, das neugeborene Zicklein, mit der Weihnachtsgeschichte zu tun? Und warum beginnt das alles mit einem zerbrochenen Krug? Finde es heraus und begleite die junge Maria, wenn sie viele Schwierigkeiten \u00fcberwinden muss, in welchen sie jedoch immer wieder erfahren darf, dass Gott f\u00fcr sie sorgt und einen Plan hat. Vor allem mit dem Kind, das sie erwartet. Das ist n\u00e4mlich ein ganz besonderes. Was Maria alles erlebt, kannst du als Adventskalender lesen, an jedem Tag im Advent ein Kapitel, und dabei die bekannte Geschichte vom Baby in der Futterkrippe ganz neu entdecken. \u2013 Wie es wirklich gewesen sein k\u00f6nnte, vor langer, langer Zeit, vor 2.000 Jahren im fernen Israel &#8230;<\/p>\n","protected":false},"featured_media":6315,"template":"","meta":[],"product_brand":[],"product_cat":[15,21],"product_tag":[],"class_list":{"0":"post-9847","1":"product","2":"type-product","3":"status-publish","4":"has-post-thumbnail","6":"product_cat-concepcion-seidel-ohg","7":"product_cat-kinderundjuegendliteratur","8":"product_shipping_class-buecher-bis-2kg","10":"first","11":"instock","12":"shipping-taxable","13":"purchasable","14":"product-type-simple"},"acf":[],"_links":{"self":[{"href":"https:\/\/concepcion.de\/index.php\/wp-json\/wp\/v2\/product\/9847","targetHints":{"allow":["GET"]}}],"collection":[{"href":"https:\/\/concepcion.de\/index.php\/wp-json\/wp\/v2\/product"}],"about":[{"href":"https:\/\/concepcion.de\/index.php\/wp-json\/wp\/v2\/types\/product"}],"wp:featuredmedia":[{"embeddable":true,"href":"https:\/\/concepcion.de\/index.php\/wp-json\/wp\/v2\/media\/6315"}],"wp:attachment":[{"href":"https:\/\/concepcion.de\/index.php\/wp-json\/wp\/v2\/media?parent=9847"}],"wp:term":[{"taxonomy":"product_brand","embeddable":true,"href":"https:\/\/concepcion.de\/index.php\/wp-json\/wp\/v2\/product_brand?post=9847"},{"taxonomy":"product_cat","embeddable":true,"href":"https:\/\/concepcion.de\/index.php\/wp-json\/wp\/v2\/product_cat?post=9847"},{"taxonomy":"product_tag","embeddable":true,"href":"https:\/\/concepcion.de\/index.php\/wp-json\/wp\/v2\/product_tag?post=9847"}],"curies":[{"name":"wp","href":"https:\/\/api.w.org\/{rel}","templated":true}]}}

<p>Was haben ein junger Zimmermann, ein stummer Priester und Immanuel, das neugeborene Zicklein, mit der Weihnachtsgeschichte zu tun? Und warum beginnt das alles mit einem zerbrochenen Krug? Finde es heraus und begleite die junge Maria, wenn sie viele Schwierigkeiten überwinden muss, in welchen sie jedoch immer wieder erfahren darf, dass Gott für sie sorgt und einen Plan hat. Vor allem mit dem Kind, das sie erwartet. Das ist nämlich ein ganz besonderes.</p>
<p>Was Maria alles erlebt, kannst du als Adventskalender lesen, an jedem Tag im Advent ein Kapitel, und dabei die bekannte Geschichte vom Baby in der Futterkrippe ganz neu entdecken. – Wie es wirklich gewesen sein könnte, vor langer, langer Zeit, vor 2.000 Jahren im fernen Israel &#8230;</p>

<p>Was haben ein junger Zimmermann, ein stummer Priester und Immanuel, das neugeborene Zicklein, mit der Weihnachtsgeschichte zu tun? Und warum beginnt das alles mit einem zerbrochenen Krug? Finde es heraus und begleite die junge Maria, wenn sie viele Schwierigkeiten überwinden muss, in welchen sie jedoch immer wieder erfahren darf, dass Gott für sie sorgt und einen Plan hat. Vor allem mit dem Kind, das sie erwartet. Das ist nämlich ein ganz besonderes. Was Maria alles erlebt, kannst du als Adventskalender lesen, an jedem Tag im Advent ein Kapitel, und dabei die bekannte Geschichte vom Baby in der Futterkrippe ganz neu entdecken. – Wie es wirklich gewesen sein könnte, vor langer, langer Zeit, vor 2.000 Jahren im fernen Israel &#8230;</p>
