{"id":9722,"date":"2025-02-08T19:41:08","date_gmt":"2025-02-08T19:41:08","guid":{"rendered":"https:\/\/concepcion.de\/?post_type=product&#038;p=9722"},"modified":"2025-03-19T16:38:25","modified_gmt":"2025-03-19T16:38:25","slug":"schanzengeschichten","status":"publish","type":"product","link":"https:\/\/concepcion.de\/index.php\/produkt\/schanzengeschichten\/","title":{"rendered":"Schanzengeschichte(n)"},"content":{"rendered":"<p>Rund 70.000 Zuschauer dr\u00e4ngten sich am 1. Februar 1959 im Klingenthaler Steinbachtal, um die Weihe der Gro\u00dfen Aschbergschanze zu erleben.<br \/>\nEs war die gr\u00f6\u00dfte Kulisse bei einer Sportveranstaltung, die das Vogtland jemals erlebte. Die Geschichte um die Schanze begann freilich viel fr\u00fcher.<br \/>\nDrei Jahrzehnte war die Schanze Austragungsort hochkar\u00e4tiger Skisprungveranstaltungen, der H\u00f6hepunkt dabei die Weltcup-Premiere 1986.<br \/>\nDas Buch erinnert an eine zur Legende gewordenen Sportanlage und erz\u00e4hlt Geschichten rund um die Klingenthaler Schanzenfamilie.<\/p>\n","protected":false},"excerpt":{"rendered":"<p>Rund 70.000 Zuschauer dr\u00e4ngten sich am 1. Februar 1959 im Klingenthaler Steinbachtal, um die Weihe der Gro\u00dfen Aschbergschanze zu erleben. Es war die gr\u00f6\u00dfte Kulisse bei einer Sportveranstaltung, die das Vogtland jemals erlebte. Die Geschichte um die Schanze begann freilich viel fr\u00fcher. Drei Jahrzehnte war die Schanze Austragungsort hochkar\u00e4tiger Skisprungveranstaltungen, der H\u00f6hepunkt dabei die Weltcup-Premiere 1986. Das Buch erinnert an eine zur Legende gewordenen Sportanlage und erz\u00e4hlt Geschichten rund um die Klingenthaler Schanzenfamilie.<\/p>\n","protected":false},"featured_media":6344,"template":"","meta":[],"product_brand":[],"product_cat":[15,24],"product_tag":[],"class_list":{"0":"post-9722","1":"product","2":"type-product","3":"status-publish","4":"has-post-thumbnail","6":"product_cat-concepcion-seidel-ohg","7":"product_cat-vogtlandverlag","8":"product_shipping_class-buecher-bis-2kg","10":"first","11":"instock","12":"shipping-taxable","13":"purchasable","14":"product-type-simple"},"acf":[],"_links":{"self":[{"href":"https:\/\/concepcion.de\/index.php\/wp-json\/wp\/v2\/product\/9722","targetHints":{"allow":["GET"]}}],"collection":[{"href":"https:\/\/concepcion.de\/index.php\/wp-json\/wp\/v2\/product"}],"about":[{"href":"https:\/\/concepcion.de\/index.php\/wp-json\/wp\/v2\/types\/product"}],"wp:featuredmedia":[{"embeddable":true,"href":"https:\/\/concepcion.de\/index.php\/wp-json\/wp\/v2\/media\/6344"}],"wp:attachment":[{"href":"https:\/\/concepcion.de\/index.php\/wp-json\/wp\/v2\/media?parent=9722"}],"wp:term":[{"taxonomy":"product_brand","embeddable":true,"href":"https:\/\/concepcion.de\/index.php\/wp-json\/wp\/v2\/product_brand?post=9722"},{"taxonomy":"product_cat","embeddable":true,"href":"https:\/\/concepcion.de\/index.php\/wp-json\/wp\/v2\/product_cat?post=9722"},{"taxonomy":"product_tag","embeddable":true,"href":"https:\/\/concepcion.de\/index.php\/wp-json\/wp\/v2\/product_tag?post=9722"}],"curies":[{"name":"wp","href":"https:\/\/api.w.org\/{rel}","templated":true}]}}

<p>Rund 70.000 Zuschauer drängten sich am 1. Februar 1959 im Klingenthaler Steinbachtal, um die Weihe der Großen Aschbergschanze zu erleben.<br />
Es war die größte Kulisse bei einer Sportveranstaltung, die das Vogtland jemals erlebte. Die Geschichte um die Schanze begann freilich viel früher.<br />
Drei Jahrzehnte war die Schanze Austragungsort hochkarätiger Skisprungveranstaltungen, der Höhepunkt dabei die Weltcup-Premiere 1986.<br />
Das Buch erinnert an eine zur Legende gewordenen Sportanlage und erzählt Geschichten rund um die Klingenthaler Schanzenfamilie.</p>

<p>Rund 70.000 Zuschauer drängten sich am 1. Februar 1959 im Klingenthaler Steinbachtal, um die Weihe der Großen Aschbergschanze zu erleben. Es war die größte Kulisse bei einer Sportveranstaltung, die das Vogtland jemals erlebte. Die Geschichte um die Schanze begann freilich viel früher. Drei Jahrzehnte war die Schanze Austragungsort hochkarätiger Skisprungveranstaltungen, der Höhepunkt dabei die Weltcup-Premiere 1986. Das Buch erinnert an eine zur Legende gewordenen Sportanlage und erzählt Geschichten rund um die Klingenthaler Schanzenfamilie.</p>
