{"id":9657,"date":"2025-02-08T19:40:45","date_gmt":"2025-02-08T19:40:45","guid":{"rendered":"https:\/\/concepcion.de\/?post_type=product&#038;p=9657"},"modified":"2025-09-09T09:24:31","modified_gmt":"2025-09-09T09:24:31","slug":"evangelikales-schriftverstaendnis-2","status":"publish","type":"product","link":"https:\/\/concepcion.de\/index.php\/produkt\/evangelikales-schriftverstaendnis-2\/","title":{"rendered":"Evangelikales Schriftverst\u00e4ndnis"},"content":{"rendered":"<p>Das fremde Joch der Bibelkritik macht den Kirchen der Reformation im Land Luthers seit 250 Jahren zu schaffen. Inzwischen ist diese Philisterherrschaft l\u00e4ngst zu einem globalen Faktor geworden, vor der keine Kirche \u2013 gleich welcher Konfession \u2013 mehr sicher sein kann. Dieses Buch will nicht nur die Hintergr\u00fcnde dieser Fremdherrschaft \u00fcber die Kirche aufzeigen.<br \/>\nEs will vor allem Mut machen zu dem, was den Kirchen gut tut: n\u00e4mlich nah am Wort Gottes zu bleiben, mutig zu bekennen und das Bekannte in die Praxis umzusetzen.<\/p>\n<p><strong>Um aktuelle Kapitel erg\u00e4nzte Neuauflage<\/strong><\/p>\n<p><em>Prof. Dr. Helge Stadelmann, Jahrgang 1952, verheiratet, vier erwachsene Kinder, ist Altrektor der Freien Theologischen Hochschule Gie\u00dfen und ebenda Seniorprofessor f\u00fcr Praktische Theologie. Von 1997-2020 wirkte er zudem als Professor (Hoogleraar) im Doktoralprogramm der Evangelischen Theologischen Faculteit Leuven\/Belgien mit. Als Autor zahlreicher Ver\u00f6ffentlichungen ist er bekannt als Vertreter einer dem Literalsinn verpflichteten heilsgeschichtlichen Schriftauslegung und ihrer Umsetzung auf den verschiedenen Praxisfeldern der Gemeinde, insbesondere der kommunikativen Auslegungspredigt. Er ist beheimatet im Bund Evangelisch-Freikirchlicher Gemeinden und in der Theologie des Pietismus.<\/em><\/p>\n","protected":false},"excerpt":{"rendered":"<p>Das fremde Joch der Bibelkritik macht den Kirchen der Reformation im Land Luthers seit 250 Jahren zu schaffen. Inzwischen ist diese Philisterherrschaft l\u00e4ngst zu einem globalen Faktor geworden, vor der keine Kirche \u2013 gleich welcher Konfession \u2013 mehr sicher sein kann. Dieses Buch will nicht nur die Hintergr\u00fcnde dieser Fremdherrschaft \u00fcber die Kirche aufzeigen. Es will vor allem Mut machen zu dem, was den Kirchen gut tut: n\u00e4mlich nah am Wort Gottes zu bleiben, mutig zu bekennen und das Bekannte in die Praxis umzusetzen. Um aktuelle Kapitel erg\u00e4nzte Neuauflage Prof. Dr. Helge Stadelmann, Jahrgang 1952, verheiratet, vier erwachsene Kinder, ist Altrektor der Freien Theologischen Hochschule Gie\u00dfen und ebenda Seniorprofessor f\u00fcr Praktische Theologie. Von 1997-2020 wirkte er zudem als Professor (Hoogleraar) im Doktoralprogramm der Evangelischen Theologischen Faculteit Leuven\/Belgien mit. Als Autor zahlreicher Ver\u00f6ffentlichungen ist er bekannt als Vertreter einer dem Literalsinn verpflichteten heilsgeschichtlichen Schriftauslegung und ihrer Umsetzung auf den verschiedenen Praxisfeldern der Gemeinde, insbesondere der kommunikativen Auslegungspredigt. Er ist beheimatet im Bund Evangelisch-Freikirchlicher Gemeinden und in der Theologie des Pietismus.<\/p>\n","protected":false},"featured_media":6771,"template":"","meta":[],"product_brand":[],"product_cat":[32],"product_tag":[],"class_list":{"0":"post-9657","1":"product","2":"type-product","3":"status-publish","4":"has-post-thumbnail","6":"product_cat-grundlagen","7":"product_shipping_class-buecher-bis-2kg","9":"first","10":"instock","11":"shipping-taxable","12":"purchasable","13":"product-type-simple"},"acf":[],"_links":{"self":[{"href":"https:\/\/concepcion.de\/index.php\/wp-json\/wp\/v2\/product\/9657","targetHints":{"allow":["GET"]}}],"collection":[{"href":"https:\/\/concepcion.de\/index.php\/wp-json\/wp\/v2\/product"}],"about":[{"href":"https:\/\/concepcion.de\/index.php\/wp-json\/wp\/v2\/types\/product"}],"wp:featuredmedia":[{"embeddable":true,"href":"https:\/\/concepcion.de\/index.php\/wp-json\/wp\/v2\/media\/6771"}],"wp:attachment":[{"href":"https:\/\/concepcion.de\/index.php\/wp-json\/wp\/v2\/media?parent=9657"}],"wp:term":[{"taxonomy":"product_brand","embeddable":true,"href":"https:\/\/concepcion.de\/index.php\/wp-json\/wp\/v2\/product_brand?post=9657"},{"taxonomy":"product_cat","embeddable":true,"href":"https:\/\/concepcion.de\/index.php\/wp-json\/wp\/v2\/product_cat?post=9657"},{"taxonomy":"product_tag","embeddable":true,"href":"https:\/\/concepcion.de\/index.php\/wp-json\/wp\/v2\/product_tag?post=9657"}],"curies":[{"name":"wp","href":"https:\/\/api.w.org\/{rel}","templated":true}]}}