{"id":9637,"date":"2025-02-08T19:40:44","date_gmt":"2025-02-08T19:40:44","guid":{"rendered":"https:\/\/concepcion.de\/?post_type=product&#038;p=9637"},"modified":"2025-03-25T16:08:42","modified_gmt":"2025-03-25T16:08:42","slug":"erich-ohser-und-der-krieg-1940-1941","status":"publish","type":"product","link":"https:\/\/concepcion.de\/index.php\/produkt\/erich-ohser-und-der-krieg-1940-1941\/","title":{"rendered":"Erich Ohser und der Krieg 1940-1941"},"content":{"rendered":"<p>Die ausgew\u00e4hlten Karikaturen Ohsers aus dem REICH, die im Zeitraum von der Niederlage Frankreichs bis zum \u201eFall Barbarossa\u201c, dem \u00dcberfall der deutschen Wehrmacht auf die Sowjetunion, und dem Eintritt der USA in den Krieg, ein halbes Jahr sp\u00e4ter in der Zeitschrift erschienen, werden exakt datiert in zeitlicher Abfolge pr\u00e4sentiert, jeweils inhaltlich beschrieben, ihre Texte transkribiert und zeitgeschichtlich erl\u00e4utert und kommentiert.<\/p>\n","protected":false},"excerpt":{"rendered":"<p>Die ausgew\u00e4hlten Karikaturen Ohsers aus dem REICH, die im Zeitraum von der Niederlage Frankreichs bis zum \u201eFall Barbarossa\u201c, dem \u00dcberfall der deutschen Wehrmacht auf die Sowjetunion, und dem Eintritt der USA in den Krieg, ein halbes Jahr sp\u00e4ter in der Zeitschrift erschienen, werden exakt datiert in zeitlicher Abfolge pr\u00e4sentiert, jeweils inhaltlich beschrieben, ihre Texte transkribiert und zeitgeschichtlich erl\u00e4utert und kommentiert.<\/p>\n","protected":false},"featured_media":6296,"template":"","meta":[],"product_brand":[],"product_cat":[15,25],"product_tag":[],"class_list":{"0":"post-9637","1":"product","2":"type-product","3":"status-publish","4":"has-post-thumbnail","6":"product_cat-concepcion-seidel-ohg","7":"product_cat-individuelles-geschichte-und-gegenwart","8":"product_shipping_class-buecher-bis-2kg","10":"first","11":"instock","12":"shipping-taxable","13":"purchasable","14":"product-type-simple"},"acf":[],"_links":{"self":[{"href":"https:\/\/concepcion.de\/index.php\/wp-json\/wp\/v2\/product\/9637","targetHints":{"allow":["GET"]}}],"collection":[{"href":"https:\/\/concepcion.de\/index.php\/wp-json\/wp\/v2\/product"}],"about":[{"href":"https:\/\/concepcion.de\/index.php\/wp-json\/wp\/v2\/types\/product"}],"wp:featuredmedia":[{"embeddable":true,"href":"https:\/\/concepcion.de\/index.php\/wp-json\/wp\/v2\/media\/6296"}],"wp:attachment":[{"href":"https:\/\/concepcion.de\/index.php\/wp-json\/wp\/v2\/media?parent=9637"}],"wp:term":[{"taxonomy":"product_brand","embeddable":true,"href":"https:\/\/concepcion.de\/index.php\/wp-json\/wp\/v2\/product_brand?post=9637"},{"taxonomy":"product_cat","embeddable":true,"href":"https:\/\/concepcion.de\/index.php\/wp-json\/wp\/v2\/product_cat?post=9637"},{"taxonomy":"product_tag","embeddable":true,"href":"https:\/\/concepcion.de\/index.php\/wp-json\/wp\/v2\/product_tag?post=9637"}],"curies":[{"name":"wp","href":"https:\/\/api.w.org\/{rel}","templated":true}]}}

<p>Die ausgewählten Karikaturen Ohsers aus dem REICH, die im Zeitraum von der Niederlage Frankreichs bis zum „Fall Barbarossa“, dem Überfall der deutschen Wehrmacht auf die Sowjetunion, und dem Eintritt der USA in den Krieg, ein halbes Jahr später in der Zeitschrift erschienen, werden exakt datiert in zeitlicher Abfolge präsentiert, jeweils inhaltlich beschrieben, ihre Texte transkribiert und zeitgeschichtlich erläutert und kommentiert.</p>
