{"id":9628,"date":"2025-02-08T19:40:34","date_gmt":"2025-02-08T19:40:34","guid":{"rendered":"https:\/\/concepcion.de\/?post_type=product&#038;p=9628"},"modified":"2025-03-25T13:57:34","modified_gmt":"2025-03-25T13:57:34","slug":"wieviel-wasser-hat-die-sintflut","status":"publish","type":"product","link":"https:\/\/concepcion.de\/index.php\/produkt\/wieviel-wasser-hat-die-sintflut\/","title":{"rendered":"Wieviel Wasser hat die Sintflut"},"content":{"rendered":"<p>Die Hochwasserkatastrophe des Sommers 2002 ist Inhalt der Auseinandersetzung dieser Brosch\u00fcre, die Frieder Seidel als Herausgeber zusammen mit anderen Autoren beleuchtet. Sie stellen Bez\u00fcge zu fr\u00fcheren, \u00e4hnlichen Ereignissen im Elbtal und zur Sintflutgeschichte der Bibel her. Sie m\u00f6chten Mut machen, das Erlebte bewusst zu verarbeiten und das pers\u00f6nliche Leben auf Gott auszurichten.<\/p>\n","protected":false},"excerpt":{"rendered":"<p>Die Hochwasserkatastrophe des Sommers 2002 ist Inhalt der Auseinandersetzung dieser Brosch\u00fcre, die Frieder Seidel als Herausgeber zusammen mit anderen Autoren beleuchtet. Sie stellen Bez\u00fcge zu fr\u00fcheren, \u00e4hnlichen Ereignissen im Elbtal und zur Sintflutgeschichte der Bibel her. Sie m\u00f6chten Mut machen, das Erlebte bewusst zu verarbeiten und das pers\u00f6nliche Leben auf Gott auszurichten.<\/p>\n","protected":false},"featured_media":6744,"template":"","meta":[],"product_brand":[],"product_cat":[34],"product_tag":[],"class_list":{"0":"post-9628","1":"product","2":"type-product","3":"status-publish","4":"has-post-thumbnail","6":"product_cat-sonstiges","7":"product_shipping_class-buecher-bis-2kg","9":"first","10":"instock","11":"shipping-taxable","12":"purchasable","13":"product-type-simple"},"acf":[],"_links":{"self":[{"href":"https:\/\/concepcion.de\/index.php\/wp-json\/wp\/v2\/product\/9628","targetHints":{"allow":["GET"]}}],"collection":[{"href":"https:\/\/concepcion.de\/index.php\/wp-json\/wp\/v2\/product"}],"about":[{"href":"https:\/\/concepcion.de\/index.php\/wp-json\/wp\/v2\/types\/product"}],"wp:featuredmedia":[{"embeddable":true,"href":"https:\/\/concepcion.de\/index.php\/wp-json\/wp\/v2\/media\/6744"}],"wp:attachment":[{"href":"https:\/\/concepcion.de\/index.php\/wp-json\/wp\/v2\/media?parent=9628"}],"wp:term":[{"taxonomy":"product_brand","embeddable":true,"href":"https:\/\/concepcion.de\/index.php\/wp-json\/wp\/v2\/product_brand?post=9628"},{"taxonomy":"product_cat","embeddable":true,"href":"https:\/\/concepcion.de\/index.php\/wp-json\/wp\/v2\/product_cat?post=9628"},{"taxonomy":"product_tag","embeddable":true,"href":"https:\/\/concepcion.de\/index.php\/wp-json\/wp\/v2\/product_tag?post=9628"}],"curies":[{"name":"wp","href":"https:\/\/api.w.org\/{rel}","templated":true}]}}

<p>Die Hochwasserkatastrophe des Sommers 2002 ist Inhalt der Auseinandersetzung dieser Broschüre, die Frieder Seidel als Herausgeber zusammen mit anderen Autoren beleuchtet. Sie stellen Bezüge zu früheren, ähnlichen Ereignissen im Elbtal und zur Sintflutgeschichte der Bibel her. Sie möchten Mut machen, das Erlebte bewusst zu verarbeiten und das persönliche Leben auf Gott auszurichten.</p>
