{"id":9622,"date":"2025-02-08T19:40:34","date_gmt":"2025-02-08T19:40:34","guid":{"rendered":"https:\/\/concepcion.de\/?post_type=product&#038;p=9622"},"modified":"2025-03-25T13:30:23","modified_gmt":"2025-03-25T13:30:23","slug":"evangelikales-schriftverstaendnis","status":"publish","type":"product","link":"https:\/\/concepcion.de\/index.php\/produkt\/evangelikales-schriftverstaendnis\/","title":{"rendered":"Evangelikales Schriftverst\u00e4ndnis"},"content":{"rendered":"<p>Das fremde Joch der Bibelkritik macht den Kirchen der Reformation im Land Luthers seit 250 Jahren zu schaffen. Inzwischen ist diese Philisterherrschaft l\u00e4ngst zu einem globalen Faktor geworden, vor der keine Kirche \u2013 gleich welcher Konfession \u2013 mehr sicher sein kann. Dieses Buch will nicht nur die Hintergr\u00fcnde dieser Fremdherrschaft \u00fcber die Kirche aufzeigen. Es will vor allem Mut machen zu dem, was den Kirchen gut tut: n\u00e4mlich nah am Wort Gottes zu bleiben, mutig zu bekennen und das Bekannte in die Praxis umzusetzen.<\/p>\n","protected":false},"excerpt":{"rendered":"<p>Das fremde Joch der Bibelkritik macht den Kirchen der Reformation im Land Luthers seit 250 Jahren zu schaffen. Inzwischen ist diese Philisterherrschaft l\u00e4ngst zu einem globalen Faktor geworden, vor der keine Kirche \u2013 gleich welcher Konfession \u2013 mehr sicher sein kann. Dieses Buch will nicht nur die Hintergr\u00fcnde dieser Fremdherrschaft \u00fcber die Kirche aufzeigen. Es will vor allem Mut machen zu dem, was den Kirchen gut tut: n\u00e4mlich nah am Wort Gottes zu bleiben, mutig zu bekennen und das Bekannte in die Praxis umzusetzen.<\/p>\n","protected":false},"featured_media":6739,"template":"","meta":[],"product_brand":[],"product_cat":[32],"product_tag":[],"class_list":{"0":"post-9622","1":"product","2":"type-product","3":"status-publish","4":"has-post-thumbnail","6":"product_cat-grundlagen","7":"product_shipping_class-buecher-bis-2kg","9":"first","10":"instock","11":"shipping-taxable","12":"purchasable","13":"product-type-simple"},"acf":[],"_links":{"self":[{"href":"https:\/\/concepcion.de\/index.php\/wp-json\/wp\/v2\/product\/9622","targetHints":{"allow":["GET"]}}],"collection":[{"href":"https:\/\/concepcion.de\/index.php\/wp-json\/wp\/v2\/product"}],"about":[{"href":"https:\/\/concepcion.de\/index.php\/wp-json\/wp\/v2\/types\/product"}],"wp:featuredmedia":[{"embeddable":true,"href":"https:\/\/concepcion.de\/index.php\/wp-json\/wp\/v2\/media\/6739"}],"wp:attachment":[{"href":"https:\/\/concepcion.de\/index.php\/wp-json\/wp\/v2\/media?parent=9622"}],"wp:term":[{"taxonomy":"product_brand","embeddable":true,"href":"https:\/\/concepcion.de\/index.php\/wp-json\/wp\/v2\/product_brand?post=9622"},{"taxonomy":"product_cat","embeddable":true,"href":"https:\/\/concepcion.de\/index.php\/wp-json\/wp\/v2\/product_cat?post=9622"},{"taxonomy":"product_tag","embeddable":true,"href":"https:\/\/concepcion.de\/index.php\/wp-json\/wp\/v2\/product_tag?post=9622"}],"curies":[{"name":"wp","href":"https:\/\/api.w.org\/{rel}","templated":true}]}}