{"id":9619,"date":"2025-02-08T19:40:33","date_gmt":"2025-02-08T19:40:33","guid":{"rendered":"https:\/\/concepcion.de\/?post_type=product&#038;p=9619"},"modified":"2025-03-25T15:55:48","modified_gmt":"2025-03-25T15:55:48","slug":"dynamische-gemeindeentwicklung","status":"publish","type":"product","link":"https:\/\/concepcion.de\/index.php\/produkt\/dynamische-gemeindeentwicklung\/","title":{"rendered":"Dynamische Gemeindeentwicklung"},"content":{"rendered":"<p>Die \u201eNairobi Chapel\u201c, die Gemeinde, in der Oscar Muriu Verantwortung tr\u00e4gt, hat in ca. 15 Jahren bis 2005 eine Gr\u00f6\u00dfe von 2.500 Erwachsenen erreicht, und das aus einer alten Gemeinde heraus, die auf 30 Mitglieder geschrumpft war. Ein Geheimnis des Wachstums ist ein intensives Leiterschaftstraining. Nach-wachsende Leiter werden in neuen Gemeinden eingesetzt. Dazu geh\u00f6rt auch, den entsprechenden Raum zum Entdecken und Entfalten von Gaben zu schaffen. Oscar Muriu ist ein Mann mit Vision und starker Leidenschaft f\u00fcr die Entwicklung der Gemeinde. Das vorliegende Buch ist eine Zusammenfassung seiner motivierenden Vortr\u00e4ge auf der Wiedenester Arbeitstagung 2005. Sein Glaube, seine Erfahrung und sein Wissen machen dieses Buch wertvoll f\u00fcr jeden, der den Wunsch hat, dass seine Gemeinde vorankommt.<\/p>\n","protected":false},"excerpt":{"rendered":"<p>Die \u201eNairobi Chapel\u201c, die Gemeinde, in der Oscar Muriu Verantwortung tr\u00e4gt, hat in ca. 15 Jahren bis 2005 eine Gr\u00f6\u00dfe von 2.500 Erwachsenen erreicht, und das aus einer alten Gemeinde heraus, die auf 30 Mitglieder geschrumpft war. Ein Geheimnis des Wachstums ist ein intensives Leiterschaftstraining. Nach-wachsende Leiter werden in neuen Gemeinden eingesetzt. Dazu geh\u00f6rt auch, den entsprechenden Raum zum Entdecken und Entfalten von Gaben zu schaffen. Oscar Muriu ist ein Mann mit Vision und starker Leidenschaft f\u00fcr die Entwicklung der Gemeinde. Das vorliegende Buch ist eine Zusammenfassung seiner motivierenden Vortr\u00e4ge auf der Wiedenester Arbeitstagung 2005. Sein Glaube, seine Erfahrung und sein Wissen machen dieses Buch wertvoll f\u00fcr jeden, der den Wunsch hat, dass seine Gemeinde vorankommt.<\/p>\n","protected":false},"featured_media":6736,"template":"","meta":[],"product_brand":[],"product_cat":[30],"product_tag":[],"class_list":{"0":"post-9619","1":"product","2":"type-product","3":"status-publish","4":"has-post-thumbnail","6":"product_cat-gemeindeforum","7":"product_shipping_class-buecher-bis-2kg","9":"first","10":"instock","11":"shipping-taxable","12":"purchasable","13":"product-type-simple"},"acf":[],"_links":{"self":[{"href":"https:\/\/concepcion.de\/index.php\/wp-json\/wp\/v2\/product\/9619","targetHints":{"allow":["GET"]}}],"collection":[{"href":"https:\/\/concepcion.de\/index.php\/wp-json\/wp\/v2\/product"}],"about":[{"href":"https:\/\/concepcion.de\/index.php\/wp-json\/wp\/v2\/types\/product"}],"wp:featuredmedia":[{"embeddable":true,"href":"https:\/\/concepcion.de\/index.php\/wp-json\/wp\/v2\/media\/6736"}],"wp:attachment":[{"href":"https:\/\/concepcion.de\/index.php\/wp-json\/wp\/v2\/media?parent=9619"}],"wp:term":[{"taxonomy":"product_brand","embeddable":true,"href":"https:\/\/concepcion.de\/index.php\/wp-json\/wp\/v2\/product_brand?post=9619"},{"taxonomy":"product_cat","embeddable":true,"href":"https:\/\/concepcion.de\/index.php\/wp-json\/wp\/v2\/product_cat?post=9619"},{"taxonomy":"product_tag","embeddable":true,"href":"https:\/\/concepcion.de\/index.php\/wp-json\/wp\/v2\/product_tag?post=9619"}],"curies":[{"name":"wp","href":"https:\/\/api.w.org\/{rel}","templated":true}]}}