{"id":9615,"date":"2025-02-08T19:40:33","date_gmt":"2025-02-08T19:40:33","guid":{"rendered":"https:\/\/concepcion.de\/?post_type=product&#038;p=9615"},"modified":"2025-03-19T16:34:02","modified_gmt":"2025-03-19T16:34:02","slug":"psalm-90-gott-gibt-dir-hoffnung","status":"publish","type":"product","link":"https:\/\/concepcion.de\/index.php\/produkt\/psalm-90-gott-gibt-dir-hoffnung\/","title":{"rendered":"Psalm 90: Gott gibt Dir Hoffnung!"},"content":{"rendered":"<p>Die Zeit ist eine Einbahnstra\u00dfe. Jede Minute, jede Stunde,<br \/>\njeder Tag unseres Lebens ist einmalig. Es gibt kein Zur\u00fcck,<br \/>\nauch die sch\u00f6nsten Augenblicke unseres Lebens<br \/>\nsind Vergangenheit \u2013 es bleiben nur Erinnerungen.<br \/>\nEiner steht \u00fcber der Zeit, Gott ist Herr der Zeit.<br \/>\nEr allein ist unsere Zuflucht und Hoffnung!<\/p>\n","protected":false},"excerpt":{"rendered":"<p>Die Zeit ist eine Einbahnstra\u00dfe. Jede Minute, jede Stunde, jeder Tag unseres Lebens ist einmalig. Es gibt kein Zur\u00fcck, auch die sch\u00f6nsten Augenblicke unseres Lebens sind Vergangenheit \u2013 es bleiben nur Erinnerungen. Einer steht \u00fcber der Zeit, Gott ist Herr der Zeit. Er allein ist unsere Zuflucht und Hoffnung!<\/p>\n","protected":false},"featured_media":6294,"template":"","meta":[],"product_brand":[],"product_cat":[42,15],"product_tag":[],"class_list":{"0":"post-9615","1":"product","2":"type-product","3":"status-publish","4":"has-post-thumbnail","6":"product_cat-allgemeines","7":"product_cat-concepcion-seidel-ohg","8":"product_shipping_class-buecher-bis-2kg","10":"first","11":"instock","12":"shipping-taxable","13":"purchasable","14":"product-type-simple"},"acf":[],"_links":{"self":[{"href":"https:\/\/concepcion.de\/index.php\/wp-json\/wp\/v2\/product\/9615","targetHints":{"allow":["GET"]}}],"collection":[{"href":"https:\/\/concepcion.de\/index.php\/wp-json\/wp\/v2\/product"}],"about":[{"href":"https:\/\/concepcion.de\/index.php\/wp-json\/wp\/v2\/types\/product"}],"wp:featuredmedia":[{"embeddable":true,"href":"https:\/\/concepcion.de\/index.php\/wp-json\/wp\/v2\/media\/6294"}],"wp:attachment":[{"href":"https:\/\/concepcion.de\/index.php\/wp-json\/wp\/v2\/media?parent=9615"}],"wp:term":[{"taxonomy":"product_brand","embeddable":true,"href":"https:\/\/concepcion.de\/index.php\/wp-json\/wp\/v2\/product_brand?post=9615"},{"taxonomy":"product_cat","embeddable":true,"href":"https:\/\/concepcion.de\/index.php\/wp-json\/wp\/v2\/product_cat?post=9615"},{"taxonomy":"product_tag","embeddable":true,"href":"https:\/\/concepcion.de\/index.php\/wp-json\/wp\/v2\/product_tag?post=9615"}],"curies":[{"name":"wp","href":"https:\/\/api.w.org\/{rel}","templated":true}]}}