{"id":9601,"date":"2025-02-08T19:40:22","date_gmt":"2025-02-08T19:40:22","guid":{"rendered":"https:\/\/concepcion.de\/?post_type=product&#038;p=9601"},"modified":"2025-05-23T09:06:50","modified_gmt":"2025-05-23T09:06:50","slug":"erinnerungen","status":"publish","type":"product","link":"https:\/\/concepcion.de\/index.php\/produkt\/erinnerungen\/","title":{"rendered":"Erinnerungen"},"content":{"rendered":"<p>\u201eManche Erlebnisse habe ich immer so empfunden, dass sie mich am besten begleiten, wenn sie im Verborgenen bleiben.\u201c (Der Autor) \u201eDu sollst an den ganzen Weg denken, den der HERR, dein Gott, dich \u2026 hat wandern lassen.\u201c (5Mo 8,2) \u2013 wird f\u00fcr Michael Zimmermann zur Motivation, seine individuelle Lebensgeschichte und entsprechende F\u00fchrungen doch zu ver\u00f6ffentlichen. Sie stellen, gerade im zweiten Teil, eine wesentliche Dokumentation der Geschichte der Br\u00fcderbewegung in der DDR dar.<\/p>\n<p><em>Michael Zimmermann, geb. 12.06.1938; seit 1964 verheiratet, vier Kinder; ab 1967 im pastoralen \u00f6rtlichen und \u00fcbergemeindlichen Dienst; Mitarbeiter in verschiedenen Leitungsgremien, z. B. im Vorstand der Deutschen Evangelischen Allianz und im Missionshaus Bibelschule Wiedenest; Vorsitzender des Bruderrates der Br\u00fcdergemeinden im Bund Evangelisch-Freikirchlicher Gemeinden in Deutschland, K. d. \u00f6. R.; seit 01.01.2003 i. R.<\/em><\/p>\n","protected":false},"excerpt":{"rendered":"<p>\u201eManche Erlebnisse habe ich immer so empfunden, dass sie mich am besten begleiten, wenn sie im Verborgenen bleiben.\u201c (Der Autor) \u201eDu sollst an den ganzen Weg denken, den der HERR, dein Gott, dich \u2026 hat wandern lassen.\u201c (5Mo 8,2) \u2013 wird f\u00fcr Michael Zimmermann zur Motivation, seine individuelle Lebensgeschichte und entsprechende F\u00fchrungen doch zu ver\u00f6ffentlichen. Sie stellen, gerade im zweiten Teil, eine wesentliche Dokumentation der Geschichte der Br\u00fcderbewegung in der DDR dar. Michael Zimmermann, geb. 12.06.1938; seit 1964 verheiratet, vier Kinder; ab 1967 im pastoralen \u00f6rtlichen und \u00fcbergemeindlichen Dienst; Mitarbeiter in verschiedenen Leitungsgremien, z. B. im Vorstand der Deutschen Evangelischen Allianz und im Missionshaus Bibelschule Wiedenest; Vorsitzender des Bruderrates der Br\u00fcdergemeinden im Bund Evangelisch-Freikirchlicher Gemeinden in Deutschland, K. d. \u00f6. R.; seit 01.01.2003 i. R.<\/p>\n","protected":false},"featured_media":6717,"template":"","meta":[],"product_brand":[],"product_cat":[34],"product_tag":[],"class_list":{"0":"post-9601","1":"product","2":"type-product","3":"status-publish","4":"has-post-thumbnail","6":"product_cat-sonstiges","7":"product_shipping_class-buecher-bis-2kg","9":"first","10":"instock","11":"shipping-taxable","12":"purchasable","13":"product-type-simple"},"acf":[],"_links":{"self":[{"href":"https:\/\/concepcion.de\/index.php\/wp-json\/wp\/v2\/product\/9601","targetHints":{"allow":["GET"]}}],"collection":[{"href":"https:\/\/concepcion.de\/index.php\/wp-json\/wp\/v2\/product"}],"about":[{"href":"https:\/\/concepcion.de\/index.php\/wp-json\/wp\/v2\/types\/product"}],"wp:featuredmedia":[{"embeddable":true,"href":"https:\/\/concepcion.de\/index.php\/wp-json\/wp\/v2\/media\/6717"}],"wp:attachment":[{"href":"https:\/\/concepcion.de\/index.php\/wp-json\/wp\/v2\/media?parent=9601"}],"wp:term":[{"taxonomy":"product_brand","embeddable":true,"href":"https:\/\/concepcion.de\/index.php\/wp-json\/wp\/v2\/product_brand?post=9601"},{"taxonomy":"product_cat","embeddable":true,"href":"https:\/\/concepcion.de\/index.php\/wp-json\/wp\/v2\/product_cat?post=9601"},{"taxonomy":"product_tag","embeddable":true,"href":"https:\/\/concepcion.de\/index.php\/wp-json\/wp\/v2\/product_tag?post=9601"}],"curies":[{"name":"wp","href":"https:\/\/api.w.org\/{rel}","templated":true}]}}

<p>„Manche Erlebnisse habe ich immer so empfunden, dass sie mich am besten begleiten, wenn sie im Verborgenen bleiben.“ (Der Autor) „Du sollst an den ganzen Weg denken, den der HERR, dein Gott, dich … hat wandern lassen.“ (5Mo 8,2) – wird für Michael Zimmermann zur Motivation, seine individuelle Lebensgeschichte und entsprechende Führungen doch zu veröffentlichen. Sie stellen, gerade im zweiten Teil, eine wesentliche Dokumentation der Geschichte der Brüderbewegung in der DDR dar.</p>
<p><em>Michael Zimmermann, geb. 12.06.1938; seit 1964 verheiratet, vier Kinder; ab 1967 im pastoralen örtlichen und übergemeindlichen Dienst; Mitarbeiter in verschiedenen Leitungsgremien, z. B. im Vorstand der Deutschen Evangelischen Allianz und im Missionshaus Bibelschule Wiedenest; Vorsitzender des Bruderrates der Brüdergemeinden im Bund Evangelisch-Freikirchlicher Gemeinden in Deutschland, K. d. ö. R.; seit 01.01.2003 i. R.</em></p>

<p>„Manche Erlebnisse habe ich immer so empfunden, dass sie mich am besten begleiten, wenn sie im Verborgenen bleiben.“ (Der Autor) „Du sollst an den ganzen Weg denken, den der HERR, dein Gott, dich … hat wandern lassen.“ (5Mo 8,2) – wird für Michael Zimmermann zur Motivation, seine individuelle Lebensgeschichte und entsprechende Führungen doch zu veröffentlichen. Sie stellen, gerade im zweiten Teil, eine wesentliche Dokumentation der Geschichte der Brüderbewegung in der DDR dar. Michael Zimmermann, geb. 12.06.1938; seit 1964 verheiratet, vier Kinder; ab 1967 im pastoralen örtlichen und übergemeindlichen Dienst; Mitarbeiter in verschiedenen Leitungsgremien, z. B. im Vorstand der Deutschen Evangelischen Allianz und im Missionshaus Bibelschule Wiedenest; Vorsitzender des Bruderrates der Brüdergemeinden im Bund Evangelisch-Freikirchlicher Gemeinden in Deutschland, K. d. ö. R.; seit 01.01.2003 i. R.</p>
