{"id":9573,"date":"2025-02-08T19:40:11","date_gmt":"2025-02-08T19:40:11","guid":{"rendered":"https:\/\/concepcion.de\/?post_type=product&#038;p=9573"},"modified":"2025-05-23T09:36:54","modified_gmt":"2025-05-23T09:36:54","slug":"wer-hat-den-staerksten-gott","status":"publish","type":"product","link":"https:\/\/concepcion.de\/index.php\/produkt\/wer-hat-den-staerksten-gott\/","title":{"rendered":"Wer hat den st\u00e4rksten Gott?"},"content":{"rendered":"<p>Wie m\u00e4chtig ist Gott? Allm\u00e4chtig? Kann ein allm\u00e4chtiger Gott zugleich ohnm\u00e4chtig sein? Und wie m\u00e4chtig muss er sein, dass ich an ihn glauben kann? Wir sind nicht die Ersten, die solche Fragen haben. Schon vor 2600 Jahren wird der Prophet Jeremia mit ihnen konfrontiert, gibt provozierende Antworten und wird zum Feind der Heilspropheten.<\/p>\n<p>&#8211; Im Zentrum des Buches steht Jeremia 27. Es fragt, ob die Frommen in Juda Gott wirklich so haben wollen, wie er sich ihnen pr\u00e4sentiert.<br \/>\n&#8211; Auch im NT begegnet dieser Gott &#8211; aber wie?<br \/>\n&#8211; Und heute &#8230;? Kann Jeremias altes Wort uns modernen Europ\u00e4ern gelten?<br \/>\n&#8211; Was eigentlich macht Heilspropheten zu L\u00fcgnern?<br \/>\n&#8211; Bernd Brockhaus, Mag. theol., Jahrgang 1946. Seit 1981 Dozent f\u00fcr Altes Testament und Hebr\u00e4isch an der Biblisch Theologischen Akademie Wiedenest. Mitarbeit an der Revision der Elberfelder Bibel. Co-Autor.<\/p>\n","protected":false},"excerpt":{"rendered":"<p>Wie m\u00e4chtig ist Gott? Allm\u00e4chtig? Kann ein allm\u00e4chtiger Gott zugleich ohnm\u00e4chtig sein? Und wie m\u00e4chtig muss er sein, dass ich an ihn glauben kann? Wir sind nicht die Ersten, die solche Fragen haben. Schon vor 2600 Jahren wird der Prophet Jeremia mit ihnen konfrontiert, gibt provozierende Antworten und wird zum Feind der Heilspropheten. &#8211; Im Zentrum des Buches steht Jeremia 27. Es fragt, ob die Frommen in Juda Gott wirklich so haben wollen, wie er sich ihnen pr\u00e4sentiert. &#8211; Auch im NT begegnet dieser Gott &#8211; aber wie? &#8211; Und heute &#8230;? Kann Jeremias altes Wort uns modernen Europ\u00e4ern gelten? &#8211; Was eigentlich macht Heilspropheten zu L\u00fcgnern? &#8211; Bernd Brockhaus, Mag. theol., Jahrgang 1946. Seit 1981 Dozent f\u00fcr Altes Testament und Hebr\u00e4isch an der Biblisch Theologischen Akademie Wiedenest. Mitarbeit an der Revision der Elberfelder Bibel. Co-Autor.<\/p>\n","protected":false},"featured_media":6691,"template":"","meta":[],"product_brand":[],"product_cat":[32],"product_tag":[],"class_list":{"0":"post-9573","1":"product","2":"type-product","3":"status-publish","4":"has-post-thumbnail","6":"product_cat-grundlagen","7":"product_shipping_class-buecher-bis-2kg","9":"first","10":"instock","11":"shipping-taxable","12":"purchasable","13":"product-type-simple"},"acf":[],"_links":{"self":[{"href":"https:\/\/concepcion.de\/index.php\/wp-json\/wp\/v2\/product\/9573","targetHints":{"allow":["GET"]}}],"collection":[{"href":"https:\/\/concepcion.de\/index.php\/wp-json\/wp\/v2\/product"}],"about":[{"href":"https:\/\/concepcion.de\/index.php\/wp-json\/wp\/v2\/types\/product"}],"wp:featuredmedia":[{"embeddable":true,"href":"https:\/\/concepcion.de\/index.php\/wp-json\/wp\/v2\/media\/6691"}],"wp:attachment":[{"href":"https:\/\/concepcion.de\/index.php\/wp-json\/wp\/v2\/media?parent=9573"}],"wp:term":[{"taxonomy":"product_brand","embeddable":true,"href":"https:\/\/concepcion.de\/index.php\/wp-json\/wp\/v2\/product_brand?post=9573"},{"taxonomy":"product_cat","embeddable":true,"href":"https:\/\/concepcion.de\/index.php\/wp-json\/wp\/v2\/product_cat?post=9573"},{"taxonomy":"product_tag","embeddable":true,"href":"https:\/\/concepcion.de\/index.php\/wp-json\/wp\/v2\/product_tag?post=9573"}],"curies":[{"name":"wp","href":"https:\/\/api.w.org\/{rel}","templated":true}]}}