{"id":9565,"date":"2025-02-08T19:40:10","date_gmt":"2025-02-08T19:40:10","guid":{"rendered":"https:\/\/concepcion.de\/?post_type=product&#038;p=9565"},"modified":"2025-05-23T10:12:59","modified_gmt":"2025-05-23T10:12:59","slug":"die-christliche-taufe","status":"publish","type":"product","link":"https:\/\/concepcion.de\/index.php\/produkt\/die-christliche-taufe\/","title":{"rendered":"Die christliche Taufe"},"content":{"rendered":"<p>\u201eJohannes Traichel hat in diesem Buch eine ganze F\u00fclle von Perspektiven zur Taufe zusammen und ins Gespr\u00e4ch gebracht. Der ausf\u00fchrliche exegetische Teil bohrt in die Tiefe. Die Darstellung kirchlicher Perspektiven f\u00fchrt in die Weite. Die evangelischen Freikirchen in Deutschland haben kein einheitliches Verst\u00e4ndnis der Taufe, aber Traichels Perspektive ist sicherlich in der Mitte freikirchlicher Tauftheologien anzusiedeln und bietet daher eine hilfreiche theologische Orientierung f\u00fcr Gemeinden und Pastoren.\u201c<br \/>\nAnsgar H\u00f6rsting, Pr\u00e4ses des Bundes Freier evangelischer Gemeinden Deutschland<\/p>\n<p><em>Johannes Traichel, Jahrgang 1991, ist seit 2017 mit Tanja verheiratet. Er studierte Theologie in der Schweiz, in Stuttgart und in Chemnitz. Er ist Pastor einer Freien evangelischen Gemeinde.<\/em><\/p>\n","protected":false},"excerpt":{"rendered":"<p>\u201eJohannes Traichel hat in diesem Buch eine ganze F\u00fclle von Perspektiven zur Taufe zusammen und ins Gespr\u00e4ch gebracht. Der ausf\u00fchrliche exegetische Teil bohrt in die Tiefe. Die Darstellung kirchlicher Perspektiven f\u00fchrt in die Weite. Die evangelischen Freikirchen in Deutschland haben kein einheitliches Verst\u00e4ndnis der Taufe, aber Traichels Perspektive ist sicherlich in der Mitte freikirchlicher Tauftheologien anzusiedeln und bietet daher eine hilfreiche theologische Orientierung f\u00fcr Gemeinden und Pastoren.\u201c Ansgar H\u00f6rsting, Pr\u00e4ses des Bundes Freier evangelischer Gemeinden Deutschland Johannes Traichel, Jahrgang 1991, ist seit 2017 mit Tanja verheiratet. Er studierte Theologie in der Schweiz, in Stuttgart und in Chemnitz. Er ist Pastor einer Freien evangelischen Gemeinde.<\/p>\n","protected":false},"featured_media":6684,"template":"","meta":[],"product_brand":[],"product_cat":[32],"product_tag":[],"class_list":{"0":"post-9565","1":"product","2":"type-product","3":"status-publish","4":"has-post-thumbnail","6":"product_cat-grundlagen","7":"product_shipping_class-buecher-bis-2kg","9":"first","10":"instock","11":"shipping-taxable","12":"purchasable","13":"product-type-simple"},"acf":[],"_links":{"self":[{"href":"https:\/\/concepcion.de\/index.php\/wp-json\/wp\/v2\/product\/9565","targetHints":{"allow":["GET"]}}],"collection":[{"href":"https:\/\/concepcion.de\/index.php\/wp-json\/wp\/v2\/product"}],"about":[{"href":"https:\/\/concepcion.de\/index.php\/wp-json\/wp\/v2\/types\/product"}],"wp:featuredmedia":[{"embeddable":true,"href":"https:\/\/concepcion.de\/index.php\/wp-json\/wp\/v2\/media\/6684"}],"wp:attachment":[{"href":"https:\/\/concepcion.de\/index.php\/wp-json\/wp\/v2\/media?parent=9565"}],"wp:term":[{"taxonomy":"product_brand","embeddable":true,"href":"https:\/\/concepcion.de\/index.php\/wp-json\/wp\/v2\/product_brand?post=9565"},{"taxonomy":"product_cat","embeddable":true,"href":"https:\/\/concepcion.de\/index.php\/wp-json\/wp\/v2\/product_cat?post=9565"},{"taxonomy":"product_tag","embeddable":true,"href":"https:\/\/concepcion.de\/index.php\/wp-json\/wp\/v2\/product_tag?post=9565"}],"curies":[{"name":"wp","href":"https:\/\/api.w.org\/{rel}","templated":true}]}}

<p>„Johannes Traichel hat in diesem Buch eine ganze Fülle von Perspektiven zur Taufe zusammen und ins Gespräch gebracht. Der ausführliche exegetische Teil bohrt in die Tiefe. Die Darstellung kirchlicher Perspektiven führt in die Weite. Die evangelischen Freikirchen in Deutschland haben kein einheitliches Verständnis der Taufe, aber Traichels Perspektive ist sicherlich in der Mitte freikirchlicher Tauftheologien anzusiedeln und bietet daher eine hilfreiche theologische Orientierung für Gemeinden und Pastoren.“<br />
Ansgar Hörsting, Präses des Bundes Freier evangelischer Gemeinden Deutschland</p>
<p><em>Johannes Traichel, Jahrgang 1991, ist seit 2017 mit Tanja verheiratet. Er studierte Theologie in der Schweiz, in Stuttgart und in Chemnitz. Er ist Pastor einer Freien evangelischen Gemeinde.</em></p>

<p>„Johannes Traichel hat in diesem Buch eine ganze Fülle von Perspektiven zur Taufe zusammen und ins Gespräch gebracht. Der ausführliche exegetische Teil bohrt in die Tiefe. Die Darstellung kirchlicher Perspektiven führt in die Weite. Die evangelischen Freikirchen in Deutschland haben kein einheitliches Verständnis der Taufe, aber Traichels Perspektive ist sicherlich in der Mitte freikirchlicher Tauftheologien anzusiedeln und bietet daher eine hilfreiche theologische Orientierung für Gemeinden und Pastoren.“ Ansgar Hörsting, Präses des Bundes Freier evangelischer Gemeinden Deutschland Johannes Traichel, Jahrgang 1991, ist seit 2017 mit Tanja verheiratet. Er studierte Theologie in der Schweiz, in Stuttgart und in Chemnitz. Er ist Pastor einer Freien evangelischen Gemeinde.</p>
