{"id":9554,"date":"2025-02-08T19:40:10","date_gmt":"2025-02-08T19:40:10","guid":{"rendered":"https:\/\/concepcion.de\/?post_type=product&#038;p=9554"},"modified":"2025-05-23T12:44:54","modified_gmt":"2025-05-23T12:44:54","slug":"aufzeichnungen-und-erinnerungen-von-johannes-warns-band-1-1874-1918","status":"publish","type":"product","link":"https:\/\/concepcion.de\/index.php\/produkt\/aufzeichnungen-und-erinnerungen-von-johannes-warns-band-1-1874-1918\/","title":{"rendered":"Aufzeichnungen und Erinnerungen von Johannes Warns | Band 1: 1874-1918"},"content":{"rendered":"<p>Johannes Warns hatte in den letzten Jahren vor seinem pl\u00f6tzlichen Tod begonnen, seine Erinnerungen festzuhalten. Aus ihnen erf\u00e4hrt man, dass er ein viel gereister Mann war, der gesch\u00e4tzt wurde und viele weltweite Kontakte pflegte. Er war ein Streiter f\u00fcr christliche Gemeinden nach dem Neuen Testament, ein gebildeter Autor etlicher B\u00fccher und christlicher Zeitschriften, ein engagierter Evangelist und begabter Prediger, ein Lehrer und Motivator f\u00fcr viele Missionare auf allen Kontinenten unserer Erde und ein Ermutiger f\u00fcr Gemeindegr\u00fcnder \u2013 besonders in Osteuropa. Und er war ganz und gar ein Nachfolger Christi und zugleich ein Mann seiner Zeit.<\/p>\n","protected":false},"excerpt":{"rendered":"<p>Johannes Warns hatte in den letzten Jahren vor seinem pl\u00f6tzlichen Tod begonnen, seine Erinnerungen festzuhalten. Aus ihnen erf\u00e4hrt man, dass er ein viel gereister Mann war, der gesch\u00e4tzt wurde und viele weltweite Kontakte pflegte. Er war ein Streiter f\u00fcr christliche Gemeinden nach dem Neuen Testament, ein gebildeter Autor etlicher B\u00fccher und christlicher Zeitschriften, ein engagierter Evangelist und begabter Prediger, ein Lehrer und Motivator f\u00fcr viele Missionare auf allen Kontinenten unserer Erde und ein Ermutiger f\u00fcr Gemeindegr\u00fcnder \u2013 besonders in Osteuropa. Und er war ganz und gar ein Nachfolger Christi und zugleich ein Mann seiner Zeit.<\/p>\n","protected":false},"featured_media":6674,"template":"","meta":[],"product_brand":[],"product_cat":[84],"product_tag":[],"class_list":{"0":"post-9554","1":"product","2":"type-product","3":"status-publish","4":"has-post-thumbnail","6":"product_cat-bruederbewegung","7":"product_shipping_class-buecher-bis-2kg","9":"first","10":"instock","11":"shipping-taxable","12":"purchasable","13":"product-type-simple"},"acf":[],"_links":{"self":[{"href":"https:\/\/concepcion.de\/index.php\/wp-json\/wp\/v2\/product\/9554","targetHints":{"allow":["GET"]}}],"collection":[{"href":"https:\/\/concepcion.de\/index.php\/wp-json\/wp\/v2\/product"}],"about":[{"href":"https:\/\/concepcion.de\/index.php\/wp-json\/wp\/v2\/types\/product"}],"wp:featuredmedia":[{"embeddable":true,"href":"https:\/\/concepcion.de\/index.php\/wp-json\/wp\/v2\/media\/6674"}],"wp:attachment":[{"href":"https:\/\/concepcion.de\/index.php\/wp-json\/wp\/v2\/media?parent=9554"}],"wp:term":[{"taxonomy":"product_brand","embeddable":true,"href":"https:\/\/concepcion.de\/index.php\/wp-json\/wp\/v2\/product_brand?post=9554"},{"taxonomy":"product_cat","embeddable":true,"href":"https:\/\/concepcion.de\/index.php\/wp-json\/wp\/v2\/product_cat?post=9554"},{"taxonomy":"product_tag","embeddable":true,"href":"https:\/\/concepcion.de\/index.php\/wp-json\/wp\/v2\/product_tag?post=9554"}],"curies":[{"name":"wp","href":"https:\/\/api.w.org\/{rel}","templated":true}]}}