{"id":9550,"date":"2025-02-08T19:40:10","date_gmt":"2025-02-08T19:40:10","guid":{"rendered":"https:\/\/concepcion.de\/?post_type=product&#038;p=9550"},"modified":"2025-05-23T10:35:54","modified_gmt":"2025-05-23T10:35:54","slug":"gemeinde-nach-dem-neuen-testament-neue-schriften-zur-gemeindefrage","status":"publish","type":"product","link":"https:\/\/concepcion.de\/index.php\/produkt\/gemeinde-nach-dem-neuen-testament-neue-schriften-zur-gemeindefrage\/","title":{"rendered":"Gemeinde nach dem Neuen Testament &#8211; neue Schriften zur Gemeindefrage"},"content":{"rendered":"<p>Johannes Warns war f\u00fcr das 20. Jahrhundert der sicher wichtigste Theologe der \u201eOffenen Br\u00fcder\u201c im deutschsprachigen Raum, was die Lehre von der Gemeinde angeht. Seine Werke \u00fcber Taufe, Abendmahl und Gemeindeverst\u00e4ndnis waren f\u00fcr viele richtungweisend. Lange Jahre war er Leiter des Wiedenester Werks und durch seine zahlreichen Missionsreisen auch in Osteuropa bekannt.<\/p>\n<p>Vor einigen Jahren tauchten acht unver\u00f6ffentlichte Manuskripte auf, die hier von Hartwig Schnurr, Gymnasiallehrer aus Bonn und langj\u00e4hrigem Dozenten und Leiter der Biblisch-Theologischen Akademie (damals Bibelschule) des Forum Wiedenest, transkribiert und der \u00d6ffentlichkeit zug\u00e4nglich gemacht werden.<\/p>\n<p>Darin setzt sich Warns mit dem Gemeindeverst\u00e4ndnis der von John Nelson Darby gepr\u00e4gten exklusiven Richtung und der von Georg M\u00fcller beeinflussten offenen Richtung der Br\u00fcderbewegung auseinander. Durch eine pr\u00e4zise Exegese mit Augenma\u00df und erfahrenem biblischem Blick gelingt es, die Unterschiede beider Richtungen herauszustellen, verst\u00e4ndnisvoll und in klarer Sprache. Im zweiten Teil finden sich bereits ver\u00f6ffentlichte Schriften zur Gemeindefrage, die wegen ihrer bleibenden Bedeutung wieder zur Verf\u00fcgung gestellt werden.<\/p>\n","protected":false},"excerpt":{"rendered":"<p>Johannes Warns war f\u00fcr das 20. Jahrhundert der sicher wichtigste Theologe der \u201eOffenen Br\u00fcder\u201c im deutschsprachigen Raum, was die Lehre von der Gemeinde angeht. Seine Werke \u00fcber Taufe, Abendmahl und Gemeindeverst\u00e4ndnis waren f\u00fcr viele richtungweisend. Lange Jahre war er Leiter des Wiedenester Werks und durch seine zahlreichen Missionsreisen auch in Osteuropa bekannt. Vor einigen Jahren tauchten acht unver\u00f6ffentlichte Manuskripte auf, die hier von Hartwig Schnurr, Gymnasiallehrer aus Bonn und langj\u00e4hrigem Dozenten und Leiter der Biblisch-Theologischen Akademie (damals Bibelschule) des Forum Wiedenest, transkribiert und der \u00d6ffentlichkeit zug\u00e4nglich gemacht werden. Darin setzt sich Warns mit dem Gemeindeverst\u00e4ndnis der von John Nelson Darby gepr\u00e4gten exklusiven Richtung und der von Georg M\u00fcller beeinflussten offenen Richtung der Br\u00fcderbewegung auseinander. Durch eine pr\u00e4zise Exegese mit Augenma\u00df und erfahrenem biblischem Blick gelingt es, die Unterschiede beider Richtungen herauszustellen, verst\u00e4ndnisvoll und in klarer Sprache. Im zweiten Teil finden sich bereits ver\u00f6ffentlichte Schriften zur Gemeindefrage, die wegen ihrer bleibenden Bedeutung wieder zur Verf\u00fcgung gestellt werden.<\/p>\n","protected":false},"featured_media":6670,"template":"","meta":[],"product_brand":[],"product_cat":[84],"product_tag":[],"class_list":{"0":"post-9550","1":"product","2":"type-product","3":"status-publish","4":"has-post-thumbnail","6":"product_cat-bruederbewegung","7":"product_shipping_class-buecher-bis-2kg","9":"first","10":"instock","11":"shipping-taxable","12":"purchasable","13":"product-type-simple"},"acf":[],"_links":{"self":[{"href":"https:\/\/concepcion.de\/index.php\/wp-json\/wp\/v2\/product\/9550","targetHints":{"allow":["GET"]}}],"collection":[{"href":"https:\/\/concepcion.de\/index.php\/wp-json\/wp\/v2\/product"}],"about":[{"href":"https:\/\/concepcion.de\/index.php\/wp-json\/wp\/v2\/types\/product"}],"wp:featuredmedia":[{"embeddable":true,"href":"https:\/\/concepcion.de\/index.php\/wp-json\/wp\/v2\/media\/6670"}],"wp:attachment":[{"href":"https:\/\/concepcion.de\/index.php\/wp-json\/wp\/v2\/media?parent=9550"}],"wp:term":[{"taxonomy":"product_brand","embeddable":true,"href":"https:\/\/concepcion.de\/index.php\/wp-json\/wp\/v2\/product_brand?post=9550"},{"taxonomy":"product_cat","embeddable":true,"href":"https:\/\/concepcion.de\/index.php\/wp-json\/wp\/v2\/product_cat?post=9550"},{"taxonomy":"product_tag","embeddable":true,"href":"https:\/\/concepcion.de\/index.php\/wp-json\/wp\/v2\/product_tag?post=9550"}],"curies":[{"name":"wp","href":"https:\/\/api.w.org\/{rel}","templated":true}]}}