{"id":9547,"date":"2025-02-08T19:40:09","date_gmt":"2025-02-08T19:40:09","guid":{"rendered":"https:\/\/concepcion.de\/?post_type=product&#038;p=9547"},"modified":"2025-05-23T13:14:32","modified_gmt":"2025-05-23T13:14:32","slug":"aufzeichnungen-und-erinnerungen-von-johannes-warns-band-2-1919-1937","status":"publish","type":"product","link":"https:\/\/concepcion.de\/index.php\/produkt\/aufzeichnungen-und-erinnerungen-von-johannes-warns-band-2-1919-1937\/","title":{"rendered":"Aufzeichnungen und Erinnerungen von Johannes Warns | Band 2: 1919-1937"},"content":{"rendered":"<p>Die Aufzeichnungen von Johannes Warns aus seinen letzten Lebensjahren zeigen ihn als Leiter der Bibelschule in Wiedenest und in der Leitung der Offenen Br\u00fcdergemeinden in Deutschland. Der hochbegabte Lehrer und Autor wird gesch\u00e4tzt, zu Konferenzen und Tagungen eingeladen und engagiert sich f\u00fcr den Aufbau und Erhalt der Offenen Br\u00fcdergemeinden in Deutschland, in Europa und vor allem in Russland. Er stellt sich auch hier mit seiner ganzen Person in den Dienst f\u00fcr seine christlichen Br\u00fcder und Schwestern, erlebt die Grenzen seines K\u00f6nnens durch immer h\u00e4ufiger auftretende gesundheitliche Probleme und durchschaut letztlich nicht die Gefahren, die allen Christen durch den Nationalsozialismus drohten. Es gibt kein authentischeres Werk, das Einblick in diese schwierige Geschichtsepoche der Offenen Br\u00fcdergemeinden gew\u00e4hrt. Die Tageb\u00fccher von Johannes Warns lassen uns offen und ehrlich teilhaben an seinem Denken und Handeln. Der Leser erlebt einen \u00e4u\u00dferst engagierten Christen am \u00dcbergang zu einer Diktatur und kann aus dem heutigen Abstand und Wissen die Fallstricke und Gefahren erahnen und erkennen. Darum endet dieser zweite Band auch mit einem Nachwort aus der Feder des heutigen Leiters des Wiedenester Werkes.<\/p>\n","protected":false},"excerpt":{"rendered":"<p>Die Aufzeichnungen von Johannes Warns aus seinen letzten Lebensjahren zeigen ihn als Leiter der Bibelschule in Wiedenest und in der Leitung der Offenen Br\u00fcdergemeinden in Deutschland. Der hochbegabte Lehrer und Autor wird gesch\u00e4tzt, zu Konferenzen und Tagungen eingeladen und engagiert sich f\u00fcr den Aufbau und Erhalt der Offenen Br\u00fcdergemeinden in Deutschland, in Europa und vor allem in Russland. Er stellt sich auch hier mit seiner ganzen Person in den Dienst f\u00fcr seine christlichen Br\u00fcder und Schwestern, erlebt die Grenzen seines K\u00f6nnens durch immer h\u00e4ufiger auftretende gesundheitliche Probleme und durchschaut letztlich nicht die Gefahren, die allen Christen durch den Nationalsozialismus drohten. Es gibt kein authentischeres Werk, das Einblick in diese schwierige Geschichtsepoche der Offenen Br\u00fcdergemeinden gew\u00e4hrt. Die Tageb\u00fccher von Johannes Warns lassen uns offen und ehrlich teilhaben an seinem Denken und Handeln. Der Leser erlebt einen \u00e4u\u00dferst engagierten Christen am \u00dcbergang zu einer Diktatur und kann aus dem heutigen Abstand und Wissen die Fallstricke und Gefahren erahnen und erkennen. Darum endet dieser zweite Band auch mit einem Nachwort aus der Feder des heutigen Leiters des Wiedenester Werkes.<\/p>\n","protected":false},"featured_media":6668,"template":"","meta":[],"product_brand":[],"product_cat":[84],"product_tag":[],"class_list":{"0":"post-9547","1":"product","2":"type-product","3":"status-publish","4":"has-post-thumbnail","6":"product_cat-bruederbewegung","7":"product_shipping_class-buecher-bis-2kg","9":"first","10":"instock","11":"shipping-taxable","12":"purchasable","13":"product-type-simple"},"acf":[],"_links":{"self":[{"href":"https:\/\/concepcion.de\/index.php\/wp-json\/wp\/v2\/product\/9547","targetHints":{"allow":["GET"]}}],"collection":[{"href":"https:\/\/concepcion.de\/index.php\/wp-json\/wp\/v2\/product"}],"about":[{"href":"https:\/\/concepcion.de\/index.php\/wp-json\/wp\/v2\/types\/product"}],"wp:featuredmedia":[{"embeddable":true,"href":"https:\/\/concepcion.de\/index.php\/wp-json\/wp\/v2\/media\/6668"}],"wp:attachment":[{"href":"https:\/\/concepcion.de\/index.php\/wp-json\/wp\/v2\/media?parent=9547"}],"wp:term":[{"taxonomy":"product_brand","embeddable":true,"href":"https:\/\/concepcion.de\/index.php\/wp-json\/wp\/v2\/product_brand?post=9547"},{"taxonomy":"product_cat","embeddable":true,"href":"https:\/\/concepcion.de\/index.php\/wp-json\/wp\/v2\/product_cat?post=9547"},{"taxonomy":"product_tag","embeddable":true,"href":"https:\/\/concepcion.de\/index.php\/wp-json\/wp\/v2\/product_tag?post=9547"}],"curies":[{"name":"wp","href":"https:\/\/api.w.org\/{rel}","templated":true}]}}

<p>Die Aufzeichnungen von Johannes Warns aus seinen letzten Lebensjahren zeigen ihn als Leiter der Bibelschule in Wiedenest und in der Leitung der Offenen Brüdergemeinden in Deutschland. Der hochbegabte Lehrer und Autor wird geschätzt, zu Konferenzen und Tagungen eingeladen und engagiert sich für den Aufbau und Erhalt der Offenen Brüdergemeinden in Deutschland, in Europa und vor allem in Russland. Er stellt sich auch hier mit seiner ganzen Person in den Dienst für seine christlichen Brüder und Schwestern, erlebt die Grenzen seines Könnens durch immer häufiger auftretende gesundheitliche Probleme und durchschaut letztlich nicht die Gefahren, die allen Christen durch den Nationalsozialismus drohten. Es gibt kein authentischeres Werk, das Einblick in diese schwierige Geschichtsepoche der Offenen Brüdergemeinden gewährt. Die Tagebücher von Johannes Warns lassen uns offen und ehrlich teilhaben an seinem Denken und Handeln. Der Leser erlebt einen äußerst engagierten Christen am Übergang zu einer Diktatur und kann aus dem heutigen Abstand und Wissen die Fallstricke und Gefahren erahnen und erkennen. Darum endet dieser zweite Band auch mit einem Nachwort aus der Feder des heutigen Leiters des Wiedenester Werkes.</p>
