{"id":9534,"date":"2025-02-08T19:39:59","date_gmt":"2025-02-08T19:39:59","guid":{"rendered":"https:\/\/concepcion.de\/?post_type=product&#038;p=9534"},"modified":"2025-03-19T16:27:38","modified_gmt":"2025-03-19T16:27:38","slug":"timo-geht-in-den-ostergarten","status":"publish","type":"product","link":"https:\/\/concepcion.de\/index.php\/produkt\/timo-geht-in-den-ostergarten\/","title":{"rendered":"Timo geht in den Ostergarten"},"content":{"rendered":"<p>Als Timos Kindergartengruppe in den Ostergarten f\u00e4hrt, will er am liebsten zu Hause bleiben.<\/p>\n<p>Nicht, weil er nicht mitm\u00f6chte bei diesem Ausflug, sondern weil er dann Mia nicht sehen muss.<\/p>\n<p>Gestern ist n\u00e4mlich etwas passiert, das er am liebsten vergessen will \u2026<\/p>\n<p>Eine liebevoll illustrierte Geschichte f\u00fcr Kinder ab 4 Jahren zur Passions- und Osterzeit.<\/p>\n<p>Mit Kreativanleitung f\u00fcr ein eigenes kleines Ostererlebnis.<\/p>\n","protected":false},"excerpt":{"rendered":"<p>Als Timos Kindergartengruppe in den Ostergarten f\u00e4hrt, will er am liebsten zu Hause bleiben. Nicht, weil er nicht mitm\u00f6chte bei diesem Ausflug, sondern weil er dann Mia nicht sehen muss. Gestern ist n\u00e4mlich etwas passiert, das er am liebsten vergessen will \u2026 Eine liebevoll illustrierte Geschichte f\u00fcr Kinder ab 4 Jahren zur Passions- und Osterzeit. Mit Kreativanleitung f\u00fcr ein eigenes kleines Ostererlebnis.<\/p>\n","protected":false},"featured_media":6289,"template":"","meta":[],"product_brand":[],"product_cat":[15,21],"product_tag":[],"class_list":{"0":"post-9534","1":"product","2":"type-product","3":"status-publish","4":"has-post-thumbnail","6":"product_cat-concepcion-seidel-ohg","7":"product_cat-kinderundjuegendliteratur","8":"product_shipping_class-buecher-bis-2kg","10":"first","11":"instock","12":"shipping-taxable","13":"purchasable","14":"product-type-simple"},"acf":[],"_links":{"self":[{"href":"https:\/\/concepcion.de\/index.php\/wp-json\/wp\/v2\/product\/9534","targetHints":{"allow":["GET"]}}],"collection":[{"href":"https:\/\/concepcion.de\/index.php\/wp-json\/wp\/v2\/product"}],"about":[{"href":"https:\/\/concepcion.de\/index.php\/wp-json\/wp\/v2\/types\/product"}],"wp:featuredmedia":[{"embeddable":true,"href":"https:\/\/concepcion.de\/index.php\/wp-json\/wp\/v2\/media\/6289"}],"wp:attachment":[{"href":"https:\/\/concepcion.de\/index.php\/wp-json\/wp\/v2\/media?parent=9534"}],"wp:term":[{"taxonomy":"product_brand","embeddable":true,"href":"https:\/\/concepcion.de\/index.php\/wp-json\/wp\/v2\/product_brand?post=9534"},{"taxonomy":"product_cat","embeddable":true,"href":"https:\/\/concepcion.de\/index.php\/wp-json\/wp\/v2\/product_cat?post=9534"},{"taxonomy":"product_tag","embeddable":true,"href":"https:\/\/concepcion.de\/index.php\/wp-json\/wp\/v2\/product_tag?post=9534"}],"curies":[{"name":"wp","href":"https:\/\/api.w.org\/{rel}","templated":true}]}}

<p>Als Timos Kindergartengruppe in den Ostergarten fährt, will er am liebsten zu Hause bleiben.</p>
<p>Nicht, weil er nicht mitmöchte bei diesem Ausflug, sondern weil er dann Mia nicht sehen muss.</p>
<p>Gestern ist nämlich etwas passiert, das er am liebsten vergessen will …</p>
<p>Eine liebevoll illustrierte Geschichte für Kinder ab 4 Jahren zur Passions- und Osterzeit.</p>
<p>Mit Kreativanleitung für ein eigenes kleines Ostererlebnis.</p>

<p>Als Timos Kindergartengruppe in den Ostergarten fährt, will er am liebsten zu Hause bleiben. Nicht, weil er nicht mitmöchte bei diesem Ausflug, sondern weil er dann Mia nicht sehen muss. Gestern ist nämlich etwas passiert, das er am liebsten vergessen will … Eine liebevoll illustrierte Geschichte für Kinder ab 4 Jahren zur Passions- und Osterzeit. Mit Kreativanleitung für ein eigenes kleines Ostererlebnis.</p>
