{"id":9511,"date":"2025-02-08T19:39:48","date_gmt":"2025-02-08T19:39:48","guid":{"rendered":"https:\/\/concepcion.de\/?post_type=product&#038;p=9511"},"modified":"2025-03-20T10:35:11","modified_gmt":"2025-03-20T10:35:11","slug":"anna-und-der-bettler-2","status":"publish","type":"product","link":"https:\/\/concepcion.de\/index.php\/produkt\/anna-und-der-bettler-2\/","title":{"rendered":"Anna und der Bettler"},"content":{"rendered":"<p>Beim Samstagseinkauf sieht die kleine Anna einen Alten, der mit zerrissener Hose, alter Jacke und einem dichten Bart am Stra\u00dfenrand kauert. Anna erschrickt nicht nur, sondern wird sogar richtig w\u00fctend, als sie diesen eigenartigen, m\u00fcrrisch dreinblickenden Mann sieht.<br \/>\nImmer wieder begegnen wir auf Stra\u00dfen, vor allem in St\u00e4dten bettelnden oder obdachlosen Menschen. Unsere Kinder fordern uns in dieser Situation mit ihren meist kurzen und direkten Fragen, wie: &#8222;Was macht der Mann da?&#8220; oder &#8222;Warum sitzt die Frau da?&#8220;.<br \/>\nDieses Buch kann eine Hilfestellung geben, leichter diese Fragen zu beantworten und bietet die M\u00f6glichkeit, sich konkret mit dieser Thematik auseinander zu setzen.<\/p>\n","protected":false},"excerpt":{"rendered":"<p>Beim Samstagseinkauf sieht die kleine Anna einen Alten, der mit zerrissener Hose, alter Jacke und einem dichten Bart am Stra\u00dfenrand kauert. Anna erschrickt nicht nur, sondern wird sogar richtig w\u00fctend, als sie diesen eigenartigen, m\u00fcrrisch dreinblickenden Mann sieht. Immer wieder begegnen wir auf Stra\u00dfen, vor allem in St\u00e4dten bettelnden oder obdachlosen Menschen. Unsere Kinder fordern uns in dieser Situation mit ihren meist kurzen und direkten Fragen, wie: &#8222;Was macht der Mann da?&#8220; oder &#8222;Warum sitzt die Frau da?&#8220;. Dieses Buch kann eine Hilfestellung geben, leichter diese Fragen zu beantworten und bietet die M\u00f6glichkeit, sich konkret mit dieser Thematik auseinander zu setzen.<\/p>\n","protected":false},"featured_media":6637,"template":"","meta":[],"product_brand":[],"product_cat":[15,21],"product_tag":[],"class_list":{"0":"post-9511","1":"product","2":"type-product","3":"status-publish","4":"has-post-thumbnail","6":"product_cat-concepcion-seidel-ohg","7":"product_cat-kinderundjuegendliteratur","8":"product_shipping_class-buecher-bis-2kg","10":"first","11":"instock","12":"shipping-taxable","13":"purchasable","14":"product-type-simple"},"acf":[],"_links":{"self":[{"href":"https:\/\/concepcion.de\/index.php\/wp-json\/wp\/v2\/product\/9511","targetHints":{"allow":["GET"]}}],"collection":[{"href":"https:\/\/concepcion.de\/index.php\/wp-json\/wp\/v2\/product"}],"about":[{"href":"https:\/\/concepcion.de\/index.php\/wp-json\/wp\/v2\/types\/product"}],"wp:featuredmedia":[{"embeddable":true,"href":"https:\/\/concepcion.de\/index.php\/wp-json\/wp\/v2\/media\/6637"}],"wp:attachment":[{"href":"https:\/\/concepcion.de\/index.php\/wp-json\/wp\/v2\/media?parent=9511"}],"wp:term":[{"taxonomy":"product_brand","embeddable":true,"href":"https:\/\/concepcion.de\/index.php\/wp-json\/wp\/v2\/product_brand?post=9511"},{"taxonomy":"product_cat","embeddable":true,"href":"https:\/\/concepcion.de\/index.php\/wp-json\/wp\/v2\/product_cat?post=9511"},{"taxonomy":"product_tag","embeddable":true,"href":"https:\/\/concepcion.de\/index.php\/wp-json\/wp\/v2\/product_tag?post=9511"}],"curies":[{"name":"wp","href":"https:\/\/api.w.org\/{rel}","templated":true}]}}

<p>Beim Samstagseinkauf sieht die kleine Anna einen Alten, der mit zerrissener Hose, alter Jacke und einem dichten Bart am Straßenrand kauert. Anna erschrickt nicht nur, sondern wird sogar richtig wütend, als sie diesen eigenartigen, mürrisch dreinblickenden Mann sieht.<br />
Immer wieder begegnen wir auf Straßen, vor allem in Städten bettelnden oder obdachlosen Menschen. Unsere Kinder fordern uns in dieser Situation mit ihren meist kurzen und direkten Fragen, wie: &#8222;Was macht der Mann da?&#8220; oder &#8222;Warum sitzt die Frau da?&#8220;.<br />
Dieses Buch kann eine Hilfestellung geben, leichter diese Fragen zu beantworten und bietet die Möglichkeit, sich konkret mit dieser Thematik auseinander zu setzen.</p>

<p>Beim Samstagseinkauf sieht die kleine Anna einen Alten, der mit zerrissener Hose, alter Jacke und einem dichten Bart am Straßenrand kauert. Anna erschrickt nicht nur, sondern wird sogar richtig wütend, als sie diesen eigenartigen, mürrisch dreinblickenden Mann sieht. Immer wieder begegnen wir auf Straßen, vor allem in Städten bettelnden oder obdachlosen Menschen. Unsere Kinder fordern uns in dieser Situation mit ihren meist kurzen und direkten Fragen, wie: &#8222;Was macht der Mann da?&#8220; oder &#8222;Warum sitzt die Frau da?&#8220;. Dieses Buch kann eine Hilfestellung geben, leichter diese Fragen zu beantworten und bietet die Möglichkeit, sich konkret mit dieser Thematik auseinander zu setzen.</p>
