{"id":9506,"date":"2025-02-08T19:39:48","date_gmt":"2025-02-08T19:39:48","guid":{"rendered":"https:\/\/concepcion.de\/?post_type=product&#038;p=9506"},"modified":"2025-03-20T09:59:56","modified_gmt":"2025-03-20T09:59:56","slug":"der-ruf-erging-du-kannst-jetzt-kommen","status":"publish","type":"product","link":"https:\/\/concepcion.de\/index.php\/produkt\/der-ruf-erging-du-kannst-jetzt-kommen\/","title":{"rendered":"Der Ruf erging &#8211; Du kannst jetzt kommen"},"content":{"rendered":"<p>Bereits seit einem viertel Jahrhundert als Evangelist im In- und Ausland unterwegs, hat Johannes Reimer Hunderttausenden das Evangelium gepredigt; viele Menschen haben dabei ihr Leben mit Gott geordnet.<br \/>\n&#8222;Das Wort eines Evangelisten muss einem Gedicht gleichen, es geht in die Tiefe, spielt mit Worten und bringt auf engstem Raum das Wichtigste im Leben zusammen. Deshalb ist Poesie auch das geeigneteste Mittel, Gottes Wort zu predigen&#8220;, sagt der Evangelist und verweist dabei auf die Psalmen der Bibel.<br \/>\nMit dem vorliegenden Lyrik-Band bringt Reimer das Wort in gereimter Gestalt zum Leser und H\u00f6rer.<br \/>\nDie hier ver\u00f6ffentlichten Gedichte sind in evangelistischen Veranstaltungen entstanden und spiegeln Begegnungen mit Menschen wider, die ihr Leben mit Jesus neu gestaltet haben.<\/p>\n<p><em>Johannes Reimer sagt \u00fcber sich selbst:<br \/>\n&#8222;Mein Leben gleicht einem bunten Teppich, wundervoll gekn\u00fcpft vom \u00fcberaus kreativen Meister.&#8220; Der Evangelist, Gemeindegr\u00fcnder, Professor f\u00fcr Missionswissenschaften und Autor vieler B\u00fccher hat viel erlebt und dieser reiche Erfahrungsschatz schwingt in seiner Poesie mit.<\/em><\/p>\n","protected":false},"excerpt":{"rendered":"<p>Bereits seit einem viertel Jahrhundert als Evangelist im In- und Ausland unterwegs, hat Johannes Reimer Hunderttausenden das Evangelium gepredigt; viele Menschen haben dabei ihr Leben mit Gott geordnet. &#8222;Das Wort eines Evangelisten muss einem Gedicht gleichen, es geht in die Tiefe, spielt mit Worten und bringt auf engstem Raum das Wichtigste im Leben zusammen. Deshalb ist Poesie auch das geeigneteste Mittel, Gottes Wort zu predigen&#8220;, sagt der Evangelist und verweist dabei auf die Psalmen der Bibel. Mit dem vorliegenden Lyrik-Band bringt Reimer das Wort in gereimter Gestalt zum Leser und H\u00f6rer. Die hier ver\u00f6ffentlichten Gedichte sind in evangelistischen Veranstaltungen entstanden und spiegeln Begegnungen mit Menschen wider, die ihr Leben mit Jesus neu gestaltet haben. Johannes Reimer sagt \u00fcber sich selbst: &#8222;Mein Leben gleicht einem bunten Teppich, wundervoll gekn\u00fcpft vom \u00fcberaus kreativen Meister.&#8220; Der Evangelist, Gemeindegr\u00fcnder, Professor f\u00fcr Missionswissenschaften und Autor vieler B\u00fccher hat viel erlebt und dieser reiche Erfahrungsschatz schwingt in seiner Poesie mit.<\/p>\n","protected":false},"featured_media":6632,"template":"","meta":[],"product_brand":[],"product_cat":[42,15],"product_tag":[],"class_list":{"0":"post-9506","1":"product","2":"type-product","3":"status-publish","4":"has-post-thumbnail","6":"product_cat-allgemeines","7":"product_cat-concepcion-seidel-ohg","8":"product_shipping_class-buecher-bis-2kg","10":"first","11":"instock","12":"shipping-taxable","13":"purchasable","14":"product-type-simple"},"acf":[],"_links":{"self":[{"href":"https:\/\/concepcion.de\/index.php\/wp-json\/wp\/v2\/product\/9506","targetHints":{"allow":["GET"]}}],"collection":[{"href":"https:\/\/concepcion.de\/index.php\/wp-json\/wp\/v2\/product"}],"about":[{"href":"https:\/\/concepcion.de\/index.php\/wp-json\/wp\/v2\/types\/product"}],"wp:featuredmedia":[{"embeddable":true,"href":"https:\/\/concepcion.de\/index.php\/wp-json\/wp\/v2\/media\/6632"}],"wp:attachment":[{"href":"https:\/\/concepcion.de\/index.php\/wp-json\/wp\/v2\/media?parent=9506"}],"wp:term":[{"taxonomy":"product_brand","embeddable":true,"href":"https:\/\/concepcion.de\/index.php\/wp-json\/wp\/v2\/product_brand?post=9506"},{"taxonomy":"product_cat","embeddable":true,"href":"https:\/\/concepcion.de\/index.php\/wp-json\/wp\/v2\/product_cat?post=9506"},{"taxonomy":"product_tag","embeddable":true,"href":"https:\/\/concepcion.de\/index.php\/wp-json\/wp\/v2\/product_tag?post=9506"}],"curies":[{"name":"wp","href":"https:\/\/api.w.org\/{rel}","templated":true}]}}

<p>Bereits seit einem viertel Jahrhundert als Evangelist im In- und Ausland unterwegs, hat Johannes Reimer Hunderttausenden das Evangelium gepredigt; viele Menschen haben dabei ihr Leben mit Gott geordnet.<br />
&#8222;Das Wort eines Evangelisten muss einem Gedicht gleichen, es geht in die Tiefe, spielt mit Worten und bringt auf engstem Raum das Wichtigste im Leben zusammen. Deshalb ist Poesie auch das geeigneteste Mittel, Gottes Wort zu predigen&#8220;, sagt der Evangelist und verweist dabei auf die Psalmen der Bibel.<br />
Mit dem vorliegenden Lyrik-Band bringt Reimer das Wort in gereimter Gestalt zum Leser und Hörer.<br />
Die hier veröffentlichten Gedichte sind in evangelistischen Veranstaltungen entstanden und spiegeln Begegnungen mit Menschen wider, die ihr Leben mit Jesus neu gestaltet haben.</p>
<p><em>Johannes Reimer sagt über sich selbst:<br />
&#8222;Mein Leben gleicht einem bunten Teppich, wundervoll geknüpft vom überaus kreativen Meister.&#8220; Der Evangelist, Gemeindegründer, Professor für Missionswissenschaften und Autor vieler Bücher hat viel erlebt und dieser reiche Erfahrungsschatz schwingt in seiner Poesie mit.</em></p>

<p>Bereits seit einem viertel Jahrhundert als Evangelist im In- und Ausland unterwegs, hat Johannes Reimer Hunderttausenden das Evangelium gepredigt; viele Menschen haben dabei ihr Leben mit Gott geordnet. &#8222;Das Wort eines Evangelisten muss einem Gedicht gleichen, es geht in die Tiefe, spielt mit Worten und bringt auf engstem Raum das Wichtigste im Leben zusammen. Deshalb ist Poesie auch das geeigneteste Mittel, Gottes Wort zu predigen&#8220;, sagt der Evangelist und verweist dabei auf die Psalmen der Bibel. Mit dem vorliegenden Lyrik-Band bringt Reimer das Wort in gereimter Gestalt zum Leser und Hörer. Die hier veröffentlichten Gedichte sind in evangelistischen Veranstaltungen entstanden und spiegeln Begegnungen mit Menschen wider, die ihr Leben mit Jesus neu gestaltet haben. Johannes Reimer sagt über sich selbst: &#8222;Mein Leben gleicht einem bunten Teppich, wundervoll geknüpft vom überaus kreativen Meister.&#8220; Der Evangelist, Gemeindegründer, Professor für Missionswissenschaften und Autor vieler Bücher hat viel erlebt und dieser reiche Erfahrungsschatz schwingt in seiner Poesie mit.</p>
