{"id":9502,"date":"2025-02-08T19:39:48","date_gmt":"2025-02-08T19:39:48","guid":{"rendered":"https:\/\/concepcion.de\/?post_type=product&#038;p=9502"},"modified":"2025-03-20T09:53:37","modified_gmt":"2025-03-20T09:53:37","slug":"du-sollst-leben","status":"publish","type":"product","link":"https:\/\/concepcion.de\/index.php\/produkt\/du-sollst-leben\/","title":{"rendered":"Du sollst leben"},"content":{"rendered":"<p>&#8222;&#8230; das Bef\u00fcrchtete ist eingetreten. Ihre Tochter hat eine Gehirnblutung.In ihrem Zustand ist das der sichere Tod &#8230;&#8220; Die \u00c4rzte m\u00fcssen die zehnj\u00e4hrige Elisabeth aufgeben. Ihre Eltern legen ihr sterbendes Kind in Gottes H\u00e4nde. &#8222;Vater tu mit dem Kind, was du willst &#8230;&#8220; Sie sind am Ende &#8211; doch dann greift Gott ein. Das todgeweihte M\u00e4dchen \u00f6ffnet die Augen &#8230;<\/p>\n<p>Dieses Buch berichtet von unglaublichen Tatsachen, Sie werden sie nie mehr vergessen &#8230;<\/p>\n","protected":false},"excerpt":{"rendered":"<p>&#8222;&#8230; das Bef\u00fcrchtete ist eingetreten. Ihre Tochter hat eine Gehirnblutung.In ihrem Zustand ist das der sichere Tod &#8230;&#8220; Die \u00c4rzte m\u00fcssen die zehnj\u00e4hrige Elisabeth aufgeben. Ihre Eltern legen ihr sterbendes Kind in Gottes H\u00e4nde. &#8222;Vater tu mit dem Kind, was du willst &#8230;&#8220; Sie sind am Ende &#8211; doch dann greift Gott ein. Das todgeweihte M\u00e4dchen \u00f6ffnet die Augen &#8230; Dieses Buch berichtet von unglaublichen Tatsachen, Sie werden sie nie mehr vergessen &#8230;<\/p>\n","protected":false},"featured_media":6628,"template":"","meta":[],"product_brand":[],"product_cat":[15,25],"product_tag":[],"class_list":{"0":"post-9502","1":"product","2":"type-product","3":"status-publish","4":"has-post-thumbnail","6":"product_cat-concepcion-seidel-ohg","7":"product_cat-individuelles-geschichte-und-gegenwart","8":"product_shipping_class-buecher-bis-2kg","10":"first","11":"instock","12":"shipping-taxable","13":"purchasable","14":"product-type-simple"},"acf":[],"_links":{"self":[{"href":"https:\/\/concepcion.de\/index.php\/wp-json\/wp\/v2\/product\/9502","targetHints":{"allow":["GET"]}}],"collection":[{"href":"https:\/\/concepcion.de\/index.php\/wp-json\/wp\/v2\/product"}],"about":[{"href":"https:\/\/concepcion.de\/index.php\/wp-json\/wp\/v2\/types\/product"}],"wp:featuredmedia":[{"embeddable":true,"href":"https:\/\/concepcion.de\/index.php\/wp-json\/wp\/v2\/media\/6628"}],"wp:attachment":[{"href":"https:\/\/concepcion.de\/index.php\/wp-json\/wp\/v2\/media?parent=9502"}],"wp:term":[{"taxonomy":"product_brand","embeddable":true,"href":"https:\/\/concepcion.de\/index.php\/wp-json\/wp\/v2\/product_brand?post=9502"},{"taxonomy":"product_cat","embeddable":true,"href":"https:\/\/concepcion.de\/index.php\/wp-json\/wp\/v2\/product_cat?post=9502"},{"taxonomy":"product_tag","embeddable":true,"href":"https:\/\/concepcion.de\/index.php\/wp-json\/wp\/v2\/product_tag?post=9502"}],"curies":[{"name":"wp","href":"https:\/\/api.w.org\/{rel}","templated":true}]}}