{"id":9499,"date":"2025-02-08T19:39:48","date_gmt":"2025-02-08T19:39:48","guid":{"rendered":"https:\/\/concepcion.de\/?post_type=product&#038;p=9499"},"modified":"2025-03-20T09:47:35","modified_gmt":"2025-03-20T09:47:35","slug":"im-hellen-lichte-des-verstandes","status":"publish","type":"product","link":"https:\/\/concepcion.de\/index.php\/produkt\/im-hellen-lichte-des-verstandes\/","title":{"rendered":"Im hellen Lichte des Verstandes"},"content":{"rendered":"<p>Dr. Fritz H\u00e4hle, Vorsitzender der CDU-Fraktion des S\u00e4chsischen Landtages, ist der Herausgeber der Sammlung von Vortr\u00e4gen des Johann-Amos-Comenius-Clubs Sachsen. Er hat 1996 den Johann-Amos-Comenius-Club als Veranstaltungsreihe der CDU-Landtagsfraktion ins Leben gerufen. Pers\u00f6nlichkeiten von herausgehobenem Rang aus Wissenschaft und Politik kommen zu Wort und er\u00f6rtern Fragen des gesellschaftlichen Lebens zu Beginn des 21. Jahrhunderts, mit denen sich auch der S\u00e4chsische Landtag auseinander setzen muss.<\/p>\n","protected":false},"excerpt":{"rendered":"<p>Dr. Fritz H\u00e4hle, Vorsitzender der CDU-Fraktion des S\u00e4chsischen Landtages, ist der Herausgeber der Sammlung von Vortr\u00e4gen des Johann-Amos-Comenius-Clubs Sachsen. Er hat 1996 den Johann-Amos-Comenius-Club als Veranstaltungsreihe der CDU-Landtagsfraktion ins Leben gerufen. Pers\u00f6nlichkeiten von herausgehobenem Rang aus Wissenschaft und Politik kommen zu Wort und er\u00f6rtern Fragen des gesellschaftlichen Lebens zu Beginn des 21. Jahrhunderts, mit denen sich auch der S\u00e4chsische Landtag auseinander setzen muss.<\/p>\n","protected":false},"featured_media":6625,"template":"","meta":[],"product_brand":[],"product_cat":[15,25],"product_tag":[],"class_list":{"0":"post-9499","1":"product","2":"type-product","3":"status-publish","4":"has-post-thumbnail","6":"product_cat-concepcion-seidel-ohg","7":"product_cat-individuelles-geschichte-und-gegenwart","8":"product_shipping_class-buecher-bis-2kg","10":"first","11":"instock","12":"shipping-taxable","13":"purchasable","14":"product-type-simple"},"acf":[],"_links":{"self":[{"href":"https:\/\/concepcion.de\/index.php\/wp-json\/wp\/v2\/product\/9499","targetHints":{"allow":["GET"]}}],"collection":[{"href":"https:\/\/concepcion.de\/index.php\/wp-json\/wp\/v2\/product"}],"about":[{"href":"https:\/\/concepcion.de\/index.php\/wp-json\/wp\/v2\/types\/product"}],"wp:featuredmedia":[{"embeddable":true,"href":"https:\/\/concepcion.de\/index.php\/wp-json\/wp\/v2\/media\/6625"}],"wp:attachment":[{"href":"https:\/\/concepcion.de\/index.php\/wp-json\/wp\/v2\/media?parent=9499"}],"wp:term":[{"taxonomy":"product_brand","embeddable":true,"href":"https:\/\/concepcion.de\/index.php\/wp-json\/wp\/v2\/product_brand?post=9499"},{"taxonomy":"product_cat","embeddable":true,"href":"https:\/\/concepcion.de\/index.php\/wp-json\/wp\/v2\/product_cat?post=9499"},{"taxonomy":"product_tag","embeddable":true,"href":"https:\/\/concepcion.de\/index.php\/wp-json\/wp\/v2\/product_tag?post=9499"}],"curies":[{"name":"wp","href":"https:\/\/api.w.org\/{rel}","templated":true}]}}

<p>Dr. Fritz Hähle, Vorsitzender der CDU-Fraktion des Sächsischen Landtages, ist der Herausgeber der Sammlung von Vorträgen des Johann-Amos-Comenius-Clubs Sachsen. Er hat 1996 den Johann-Amos-Comenius-Club als Veranstaltungsreihe der CDU-Landtagsfraktion ins Leben gerufen. Persönlichkeiten von herausgehobenem Rang aus Wissenschaft und Politik kommen zu Wort und erörtern Fragen des gesellschaftlichen Lebens zu Beginn des 21. Jahrhunderts, mit denen sich auch der Sächsische Landtag auseinander setzen muss.</p>
