{"id":9495,"date":"2025-02-08T19:39:47","date_gmt":"2025-02-08T19:39:47","guid":{"rendered":"https:\/\/concepcion.de\/?post_type=product&#038;p=9495"},"modified":"2025-03-20T10:50:52","modified_gmt":"2025-03-20T10:50:52","slug":"herzlich-willkommen-in-der-musik-und-wintersportstadt-klingenthal","status":"publish","type":"product","link":"https:\/\/concepcion.de\/index.php\/produkt\/herzlich-willkommen-in-der-musik-und-wintersportstadt-klingenthal\/","title":{"rendered":"Herzlich willkommen in der Musik- und Wintersportstadt Klingenthal"},"content":{"rendered":"<p>Dichte W\u00e4lder, tief eingeschnittene T\u00e4ler, herrliche Bergwiesen und auch der Name l\u00e4sst erkennen, es handelt sich um die \u201eKlingenden T\u00e4ler&#8220;. Hier schl\u00e4gt das musikalische Herz des Vogtlandes.<br \/>\nUnsere G\u00e4ste aus nah und fern sollen darauf hingewiesen werden, dass der Ort weltweit einen ebenso guten Ruf als Wintersportzentrum genie\u00dft. Mit der Vogtland Arena, dem Bau einer Gro\u00dfschanze, konnte Klingenthal an seine alte Tradition als Wintersportort eindrucksvoll ankn\u00fcpfen.<br \/>\nDen Autoren kommt es darauf an &#8211; in \u00fcbersichtlichen, kurzen Zusammenfassungen &#8211; \u00fcber Lage und Geschichte der Stadt, Sehensw\u00fcrdigkeiten, Freizeiteinrichtungen, sowie Hotel- und \u00dcbernachtungsm\u00f6glichkeiten dem Touristen, Besucher, aber auch dem Vogtl\u00e4nder selbst einen wertvollen Wegweiser in die Hand zu geben.<\/p>\n","protected":false},"excerpt":{"rendered":"<p>Dichte W\u00e4lder, tief eingeschnittene T\u00e4ler, herrliche Bergwiesen und auch der Name l\u00e4sst erkennen, es handelt sich um die \u201eKlingenden T\u00e4ler&#8220;. Hier schl\u00e4gt das musikalische Herz des Vogtlandes. Unsere G\u00e4ste aus nah und fern sollen darauf hingewiesen werden, dass der Ort weltweit einen ebenso guten Ruf als Wintersportzentrum genie\u00dft. Mit der Vogtland Arena, dem Bau einer Gro\u00dfschanze, konnte Klingenthal an seine alte Tradition als Wintersportort eindrucksvoll ankn\u00fcpfen. Den Autoren kommt es darauf an &#8211; in \u00fcbersichtlichen, kurzen Zusammenfassungen &#8211; \u00fcber Lage und Geschichte der Stadt, Sehensw\u00fcrdigkeiten, Freizeiteinrichtungen, sowie Hotel- und \u00dcbernachtungsm\u00f6glichkeiten dem Touristen, Besucher, aber auch dem Vogtl\u00e4nder selbst einen wertvollen Wegweiser in die Hand zu geben.<\/p>\n","protected":false},"featured_media":6621,"template":"","meta":[],"product_brand":[],"product_cat":[15,24],"product_tag":[],"class_list":{"0":"post-9495","1":"product","2":"type-product","3":"status-publish","4":"has-post-thumbnail","6":"product_cat-concepcion-seidel-ohg","7":"product_cat-vogtlandverlag","8":"product_shipping_class-buecher-bis-2kg","10":"first","11":"instock","12":"shipping-taxable","13":"purchasable","14":"product-type-simple"},"acf":[],"_links":{"self":[{"href":"https:\/\/concepcion.de\/index.php\/wp-json\/wp\/v2\/product\/9495","targetHints":{"allow":["GET"]}}],"collection":[{"href":"https:\/\/concepcion.de\/index.php\/wp-json\/wp\/v2\/product"}],"about":[{"href":"https:\/\/concepcion.de\/index.php\/wp-json\/wp\/v2\/types\/product"}],"wp:featuredmedia":[{"embeddable":true,"href":"https:\/\/concepcion.de\/index.php\/wp-json\/wp\/v2\/media\/6621"}],"wp:attachment":[{"href":"https:\/\/concepcion.de\/index.php\/wp-json\/wp\/v2\/media?parent=9495"}],"wp:term":[{"taxonomy":"product_brand","embeddable":true,"href":"https:\/\/concepcion.de\/index.php\/wp-json\/wp\/v2\/product_brand?post=9495"},{"taxonomy":"product_cat","embeddable":true,"href":"https:\/\/concepcion.de\/index.php\/wp-json\/wp\/v2\/product_cat?post=9495"},{"taxonomy":"product_tag","embeddable":true,"href":"https:\/\/concepcion.de\/index.php\/wp-json\/wp\/v2\/product_tag?post=9495"}],"curies":[{"name":"wp","href":"https:\/\/api.w.org\/{rel}","templated":true}]}}