{"id":9487,"date":"2025-02-08T19:39:47","date_gmt":"2025-02-08T19:39:47","guid":{"rendered":"https:\/\/concepcion.de\/?post_type=product&#038;p=9487"},"modified":"2025-03-20T10:41:12","modified_gmt":"2025-03-20T10:41:12","slug":"gaben-warum-nicht","status":"publish","type":"product","link":"https:\/\/concepcion.de\/index.php\/produkt\/gaben-warum-nicht\/","title":{"rendered":"Gaben warum nicht?"},"content":{"rendered":"<p>Gibt es auch heute noch alle in der Bibel aufgef\u00fchrten Gaben des Heiligen Geistes? Nein, sagen die einen &#8211; Ja, die anderen. Kein anderes Thema hat im Laufe der letzten 50 Jahre st\u00e4rker die Gem\u00fcter der Evangelikalen erhitzt als die Frage nach dem rechten Gebrauch der Charismen. W\u00e4hrend die einen die Existenz bestimmter Gaben vehement ablehnen, preisen die anderen ihr nach der Erfahrung dieser Gaben erneuertes geistliches Leben. Wer hat da recht? In diesem Buch hinterfragt Prof. Dr. Johannes Reimer die Lehre vom \u201eAufh\u00f6ren der Geistesgaben&#8220;, genannt Cessationismus. Seine Ausf\u00fchrungen wollen zum Nachdenken anregen und zur R\u00fcckkehr zur biblischen Praxis ermutigen.<\/p>\n","protected":false},"excerpt":{"rendered":"<p>Gibt es auch heute noch alle in der Bibel aufgef\u00fchrten Gaben des Heiligen Geistes? Nein, sagen die einen &#8211; Ja, die anderen. Kein anderes Thema hat im Laufe der letzten 50 Jahre st\u00e4rker die Gem\u00fcter der Evangelikalen erhitzt als die Frage nach dem rechten Gebrauch der Charismen. W\u00e4hrend die einen die Existenz bestimmter Gaben vehement ablehnen, preisen die anderen ihr nach der Erfahrung dieser Gaben erneuertes geistliches Leben. Wer hat da recht? In diesem Buch hinterfragt Prof. Dr. Johannes Reimer die Lehre vom \u201eAufh\u00f6ren der Geistesgaben&#8220;, genannt Cessationismus. Seine Ausf\u00fchrungen wollen zum Nachdenken anregen und zur R\u00fcckkehr zur biblischen Praxis ermutigen.<\/p>\n","protected":false},"featured_media":6614,"template":"","meta":[],"product_brand":[],"product_cat":[82,15],"product_tag":[],"class_list":{"0":"post-9487","1":"product","2":"type-product","3":"status-publish","4":"has-post-thumbnail","6":"product_cat-bibel-grundsaetzliches","7":"product_cat-concepcion-seidel-ohg","8":"product_shipping_class-buecher-bis-2kg","10":"first","11":"instock","12":"shipping-taxable","13":"purchasable","14":"product-type-simple"},"acf":[],"_links":{"self":[{"href":"https:\/\/concepcion.de\/index.php\/wp-json\/wp\/v2\/product\/9487","targetHints":{"allow":["GET"]}}],"collection":[{"href":"https:\/\/concepcion.de\/index.php\/wp-json\/wp\/v2\/product"}],"about":[{"href":"https:\/\/concepcion.de\/index.php\/wp-json\/wp\/v2\/types\/product"}],"wp:featuredmedia":[{"embeddable":true,"href":"https:\/\/concepcion.de\/index.php\/wp-json\/wp\/v2\/media\/6614"}],"wp:attachment":[{"href":"https:\/\/concepcion.de\/index.php\/wp-json\/wp\/v2\/media?parent=9487"}],"wp:term":[{"taxonomy":"product_brand","embeddable":true,"href":"https:\/\/concepcion.de\/index.php\/wp-json\/wp\/v2\/product_brand?post=9487"},{"taxonomy":"product_cat","embeddable":true,"href":"https:\/\/concepcion.de\/index.php\/wp-json\/wp\/v2\/product_cat?post=9487"},{"taxonomy":"product_tag","embeddable":true,"href":"https:\/\/concepcion.de\/index.php\/wp-json\/wp\/v2\/product_tag?post=9487"}],"curies":[{"name":"wp","href":"https:\/\/api.w.org\/{rel}","templated":true}]}}

<p>Gibt es auch heute noch alle in der Bibel aufgeführten Gaben des Heiligen Geistes? Nein, sagen die einen &#8211; Ja, die anderen. Kein anderes Thema hat im Laufe der letzten 50 Jahre stärker die Gemüter der Evangelikalen erhitzt als die Frage nach dem rechten Gebrauch der Charismen. Während die einen die Existenz bestimmter Gaben vehement ablehnen, preisen die anderen ihr nach der Erfahrung dieser Gaben erneuertes geistliches Leben. Wer hat da recht? In diesem Buch hinterfragt Prof. Dr. Johannes Reimer die Lehre vom „Aufhören der Geistesgaben&#8220;, genannt Cessationismus. Seine Ausführungen wollen zum Nachdenken anregen und zur Rückkehr zur biblischen Praxis ermutigen.</p>
