{"id":9483,"date":"2025-02-08T19:39:37","date_gmt":"2025-02-08T19:39:37","guid":{"rendered":"https:\/\/concepcion.de\/?post_type=product&#038;p=9483"},"modified":"2025-03-20T11:02:00","modified_gmt":"2025-03-20T11:02:00","slug":"fluegel-der-freude-statt-kraftlos-blues","status":"publish","type":"product","link":"https:\/\/concepcion.de\/index.php\/produkt\/fluegel-der-freude-statt-kraftlos-blues\/","title":{"rendered":"Fl\u00fcgel der Freude statt Kraftlos-Blues"},"content":{"rendered":"<p>Theo Lehmann und J\u00f6rg Swoboda \u2013 zwei Liedermacher im Doppelpack.<\/p>\n<p>Sie haben mit ihrem gemeinsamen Wirken <strong><em>Allianz-Geschichte<\/em><\/strong> geschrieben:<br \/>\nTheo, der schwarze Lutheraner, und J\u00f6rg, der freikirchliche Baptist.<br \/>\nIn diesem Buch dokumentieren sie ihren Beitrag, den sie zur christlichen Hymnologie geliefert und so die christliche Gemeindekultur bereichert haben. Die Bibel, ihre Predigten und das Leben sind ihre Ideen-Quellen. Das Spektrum ihrer Themen belegt, dass ihre Lieder weit \u00fcber christliche Befindlichkeitslyrik und Unterhaltung hinausgehen. Immer geht es um etwas, was ihnen den entscheidenden Sitz im Leben gibt. Wer \u201edem Volk aufs Maul schauen\u201c will, der lese diese Texte! Zudem sind ihre Lieder wegen ihrer eing\u00e4ngigen Melodien leicht erlernbar und singbar. So wundert es nicht, dass sie auch von anderen christlichen K\u00fcnstlern gesungen werden und in zahlreichen christlichen Liederb\u00fcchern stehen, so u. a. \u201eDass dein Wort in meinem Herzen starke Wurzeln schl\u00e4gt\u201c, \u201eWer Gott folgt, riskiert seine Tr\u00e4ume\u201c oder \u201eLasst uns von Jesus lernen, was er mit Frieden meint\u201c. Sie schreiben ihre Texte nur auf Deutsch, weil sie dem Maler, Zeichner und Dichter Wilhelm Busch beipflichten, der sagte: \u201eWer zum Herzen dringen will, der schreibt\u201c \u2013 und die beiden Autoren erg\u00e4nzen: der singt \u2013 \u201ein seiner Muttersprache\u201c. Unbeirrbar haben sie mit ihren Liedern den Jesus-Namen an die gro\u00dfe Glocke geh\u00e4ngt, weil ihre zentrale Botschaft lautet: \u201e&#8230; in keinem andern ist das Heil, auch ist kein andrer Name unter dem Himmel den Menschen gegeben, durch den wir sollen selig werden\u201c (Apostelgeschichte 4,12; LUT 2017).<\/p>\n","protected":false},"excerpt":{"rendered":"<p>Theo Lehmann und J\u00f6rg Swoboda \u2013 zwei Liedermacher im Doppelpack. Sie haben mit ihrem gemeinsamen Wirken Allianz-Geschichte geschrieben: Theo, der schwarze Lutheraner, und J\u00f6rg, der freikirchliche Baptist. In diesem Buch dokumentieren sie ihren Beitrag, den sie zur christlichen Hymnologie geliefert und so die christliche Gemeindekultur bereichert haben. Die Bibel, ihre Predigten und das Leben sind ihre Ideen-Quellen. Das Spektrum ihrer Themen belegt, dass ihre Lieder weit \u00fcber christliche Befindlichkeitslyrik und Unterhaltung hinausgehen. Immer geht es um etwas, was ihnen den entscheidenden Sitz im Leben gibt. Wer \u201edem Volk aufs Maul schauen\u201c will, der lese diese Texte! Zudem sind ihre Lieder wegen ihrer eing\u00e4ngigen Melodien leicht erlernbar und singbar. So wundert es nicht, dass sie auch von anderen christlichen K\u00fcnstlern gesungen werden und in zahlreichen christlichen Liederb\u00fcchern stehen, so u. a. \u201eDass dein Wort in meinem Herzen starke Wurzeln schl\u00e4gt\u201c, \u201eWer Gott folgt, riskiert seine Tr\u00e4ume\u201c oder \u201eLasst uns von Jesus lernen, was er mit Frieden meint\u201c. Sie schreiben ihre Texte nur auf Deutsch, weil sie dem Maler, Zeichner und Dichter Wilhelm Busch beipflichten, der sagte: \u201eWer zum Herzen dringen will, der schreibt\u201c \u2013 und die beiden Autoren erg\u00e4nzen: der singt \u2013 \u201ein seiner Muttersprache\u201c. Unbeirrbar haben sie mit ihren Liedern den Jesus-Namen an die gro\u00dfe Glocke geh\u00e4ngt, weil ihre zentrale Botschaft lautet: \u201e&#8230; in keinem andern ist das Heil, auch ist kein andrer Name unter dem Himmel den Menschen gegeben, durch den wir sollen selig werden\u201c (Apostelgeschichte 4,12; LUT 2017).<\/p>\n","protected":false},"featured_media":6281,"template":"","meta":[],"product_brand":[],"product_cat":[15,25],"product_tag":[],"class_list":{"0":"post-9483","1":"product","2":"type-product","3":"status-publish","4":"has-post-thumbnail","6":"product_cat-concepcion-seidel-ohg","7":"product_cat-individuelles-geschichte-und-gegenwart","8":"product_shipping_class-buecher-bis-2kg","10":"first","11":"instock","12":"shipping-taxable","13":"purchasable","14":"product-type-simple"},"acf":[],"_links":{"self":[{"href":"https:\/\/concepcion.de\/index.php\/wp-json\/wp\/v2\/product\/9483","targetHints":{"allow":["GET"]}}],"collection":[{"href":"https:\/\/concepcion.de\/index.php\/wp-json\/wp\/v2\/product"}],"about":[{"href":"https:\/\/concepcion.de\/index.php\/wp-json\/wp\/v2\/types\/product"}],"wp:featuredmedia":[{"embeddable":true,"href":"https:\/\/concepcion.de\/index.php\/wp-json\/wp\/v2\/media\/6281"}],"wp:attachment":[{"href":"https:\/\/concepcion.de\/index.php\/wp-json\/wp\/v2\/media?parent=9483"}],"wp:term":[{"taxonomy":"product_brand","embeddable":true,"href":"https:\/\/concepcion.de\/index.php\/wp-json\/wp\/v2\/product_brand?post=9483"},{"taxonomy":"product_cat","embeddable":true,"href":"https:\/\/concepcion.de\/index.php\/wp-json\/wp\/v2\/product_cat?post=9483"},{"taxonomy":"product_tag","embeddable":true,"href":"https:\/\/concepcion.de\/index.php\/wp-json\/wp\/v2\/product_tag?post=9483"}],"curies":[{"name":"wp","href":"https:\/\/api.w.org\/{rel}","templated":true}]}}

Flügel der Freude statt Kraftlos-Blues

<p>Theo Lehmann und Jörg Swoboda – zwei Liedermacher im Doppelpack.</p>
<p>Sie haben mit ihrem gemeinsamen Wirken <strong><em>Allianz-Geschichte</em></strong> geschrieben:<br />
Theo, der schwarze Lutheraner, und Jörg, der freikirchliche Baptist.<br />
In diesem Buch dokumentieren sie ihren Beitrag, den sie zur christlichen Hymnologie geliefert und so die christliche Gemeindekultur bereichert haben. Die Bibel, ihre Predigten und das Leben sind ihre Ideen-Quellen. Das Spektrum ihrer Themen belegt, dass ihre Lieder weit über christliche Befindlichkeitslyrik und Unterhaltung hinausgehen. Immer geht es um etwas, was ihnen den entscheidenden Sitz im Leben gibt. Wer „dem Volk aufs Maul schauen“ will, der lese diese Texte! Zudem sind ihre Lieder wegen ihrer eingängigen Melodien leicht erlernbar und singbar. So wundert es nicht, dass sie auch von anderen christlichen Künstlern gesungen werden und in zahlreichen christlichen Liederbüchern stehen, so u. a. „Dass dein Wort in meinem Herzen starke Wurzeln schlägt“, „Wer Gott folgt, riskiert seine Träume“ oder „Lasst uns von Jesus lernen, was er mit Frieden meint“. Sie schreiben ihre Texte nur auf Deutsch, weil sie dem Maler, Zeichner und Dichter Wilhelm Busch beipflichten, der sagte: „Wer zum Herzen dringen will, der schreibt“ – und die beiden Autoren ergänzen: der singt – „in seiner Muttersprache“. Unbeirrbar haben sie mit ihren Liedern den Jesus-Namen an die große Glocke gehängt, weil ihre zentrale Botschaft lautet: „&#8230; in keinem andern ist das Heil, auch ist kein andrer Name unter dem Himmel den Menschen gegeben, durch den wir sollen selig werden“ (Apostelgeschichte 4,12; LUT 2017).</p>

<p>Theo Lehmann und Jörg Swoboda – zwei Liedermacher im Doppelpack. Sie haben mit ihrem gemeinsamen Wirken Allianz-Geschichte geschrieben: Theo, der schwarze Lutheraner, und Jörg, der freikirchliche Baptist. In diesem Buch dokumentieren sie ihren Beitrag, den sie zur christlichen Hymnologie geliefert und so die christliche Gemeindekultur bereichert haben. Die Bibel, ihre Predigten und das Leben sind ihre Ideen-Quellen. Das Spektrum ihrer Themen belegt, dass ihre Lieder weit über christliche Befindlichkeitslyrik und Unterhaltung hinausgehen. Immer geht es um etwas, was ihnen den entscheidenden Sitz im Leben gibt. Wer „dem Volk aufs Maul schauen“ will, der lese diese Texte! Zudem sind ihre Lieder wegen ihrer eingängigen Melodien leicht erlernbar und singbar. So wundert es nicht, dass sie auch von anderen christlichen Künstlern gesungen werden und in zahlreichen christlichen Liederbüchern stehen, so u. a. „Dass dein Wort in meinem Herzen starke Wurzeln schlägt“, „Wer Gott folgt, riskiert seine Träume“ oder „Lasst uns von Jesus lernen, was er mit Frieden meint“. Sie schreiben ihre Texte nur auf Deutsch, weil sie dem Maler, Zeichner und Dichter Wilhelm Busch beipflichten, der sagte: „Wer zum Herzen dringen will, der schreibt“ – und die beiden Autoren ergänzen: der singt – „in seiner Muttersprache“. Unbeirrbar haben sie mit ihren Liedern den Jesus-Namen an die große Glocke gehängt, weil ihre zentrale Botschaft lautet: „&#8230; in keinem andern ist das Heil, auch ist kein andrer Name unter dem Himmel den Menschen gegeben, durch den wir sollen selig werden“ (Apostelgeschichte 4,12; LUT 2017).</p>
