{"id":9470,"date":"2025-02-08T19:39:36","date_gmt":"2025-02-08T19:39:36","guid":{"rendered":"https:\/\/concepcion.de\/?post_type=product&#038;p=9470"},"modified":"2025-03-20T11:22:12","modified_gmt":"2025-03-20T11:22:12","slug":"auerbachs-vergangenheit","status":"publish","type":"product","link":"https:\/\/concepcion.de\/index.php\/produkt\/auerbachs-vergangenheit\/","title":{"rendered":"Auerbachs Vergangenheit"},"content":{"rendered":"<p>Herausgegeben anl\u00e4sslich 725 Jahre Auerbach &#8230; unter Ber\u00fccksichtigung einiger Urkunden \u00fcber die Burg, das Schloss und die Stadt, sowie deren Herrscher. Zum besseren Verst\u00e4ndnis bearbeitet von Helmut Martin.<\/p>\n","protected":false},"excerpt":{"rendered":"<p>Herausgegeben anl\u00e4sslich 725 Jahre Auerbach &#8230; unter Ber\u00fccksichtigung einiger Urkunden \u00fcber die Burg, das Schloss und die Stadt, sowie deren Herrscher. Zum besseren Verst\u00e4ndnis bearbeitet von Helmut Martin.<\/p>\n","protected":false},"featured_media":6592,"template":"","meta":[],"product_brand":[],"product_cat":[15,24],"product_tag":[],"class_list":{"0":"post-9470","1":"product","2":"type-product","3":"status-publish","4":"has-post-thumbnail","6":"product_cat-concepcion-seidel-ohg","7":"product_cat-vogtlandverlag","8":"product_shipping_class-buecher-bis-2kg","10":"first","11":"instock","12":"shipping-taxable","13":"purchasable","14":"product-type-simple"},"acf":[],"_links":{"self":[{"href":"https:\/\/concepcion.de\/index.php\/wp-json\/wp\/v2\/product\/9470","targetHints":{"allow":["GET"]}}],"collection":[{"href":"https:\/\/concepcion.de\/index.php\/wp-json\/wp\/v2\/product"}],"about":[{"href":"https:\/\/concepcion.de\/index.php\/wp-json\/wp\/v2\/types\/product"}],"wp:featuredmedia":[{"embeddable":true,"href":"https:\/\/concepcion.de\/index.php\/wp-json\/wp\/v2\/media\/6592"}],"wp:attachment":[{"href":"https:\/\/concepcion.de\/index.php\/wp-json\/wp\/v2\/media?parent=9470"}],"wp:term":[{"taxonomy":"product_brand","embeddable":true,"href":"https:\/\/concepcion.de\/index.php\/wp-json\/wp\/v2\/product_brand?post=9470"},{"taxonomy":"product_cat","embeddable":true,"href":"https:\/\/concepcion.de\/index.php\/wp-json\/wp\/v2\/product_cat?post=9470"},{"taxonomy":"product_tag","embeddable":true,"href":"https:\/\/concepcion.de\/index.php\/wp-json\/wp\/v2\/product_tag?post=9470"}],"curies":[{"name":"wp","href":"https:\/\/api.w.org\/{rel}","templated":true}]}}

<p>Herausgegeben anlässlich 725 Jahre Auerbach &#8230; unter Berücksichtigung einiger Urkunden über die Burg, das Schloss und die Stadt, sowie deren Herrscher. Zum besseren Verständnis bearbeitet von Helmut Martin.</p>
