{"id":9467,"date":"2025-02-08T19:39:36","date_gmt":"2025-02-08T19:39:36","guid":{"rendered":"https:\/\/concepcion.de\/?post_type=product&#038;p=9467"},"modified":"2025-03-20T11:15:37","modified_gmt":"2025-03-20T11:15:37","slug":"der-glaubende-kann-warten","status":"publish","type":"product","link":"https:\/\/concepcion.de\/index.php\/produkt\/der-glaubende-kann-warten\/","title":{"rendered":"Der Glaubende kann warten"},"content":{"rendered":"<p>Der Autor erlebte in seiner Jugend das schnell aufsteigende \u201eDritte Reich&#8220; von 1933 bis zum totalen Zusammenbruch. 1947 musste er die Verhaftung seines Vaters und die Enteignung des von ihm aufgebauten Betriebes durch die Sowjets hinnehmen. &#8211; Er meint, dass es keinen Gott geben k\u00f6nne, der so viel Unrecht zul\u00e4sst. Dann begegnet er jungen Menschen, die ihn auf die Bibel verweisen. Beim Lesen entscheidet er sich zum Glauben an Jesus Christus. &#8211; Er erlebt 1949 die Entstehung zweier deutscher Staaten mit unter-schiedlicher politischer Pr\u00e4gung. &#8211; Beruflich engagiert er sich in der sozialistischen Wirtschaft. 1972 erlebt er die 2. Enteignung des von seinem Schwiegervater \u00fcbernommenen Betriebes. &#8211; Zusammen mit seiner Frau begleiten sie als Christen ihre 5 Kinder in einem antig\u00f6ttlichen Staat in Schule und Ausbildung. &#8211; Der Einsatz in der christlichen Gemeinde vor Ort und der Bau eines Gemeindehauses in der DDR-Zeit waren auch Ursache f\u00fcr seine umfangreiche Stasi-Akte. &#8211; Krankheit und Tod der Ehefrau und die sp\u00e4tere 2. Partnerschaft pr\u00e4gten weiter sein Leben.<\/p>\n<p><strong>Christoph K\u00f6hler, Borsdorf (Zweenfurth)<\/strong> \u201eSehr gefreut habe ich mich \u00fcber die Bilanzsendungen des Evangeliumsrundfunks: \u201aDer Glaubende kann warten&#8216;. Einfach herrlich, wie seine Glaubenserfahrungen her\u00fcber kamen mit H\u00f6hen und Tiefen inmitten des DDR-Sozialismus \u2013 tief, ehrlich und offen.&#8220;<\/p>\n<p><strong>Dr. Roland Klemm, Leipzig<\/strong> \u201eIch finde es sehr gut, dass dies alles so authentisch aufgeschrieben wurde. Es ist doch ein St\u00fcck erlebter Zeitgeschichte, was den folgenden Generationen erhalten bleiben sollte, auch oder gerade zur Ehre des HERRN.&#8220;<\/p>\n<p><strong>Horst Marquardt, ERF-Medien, Wetzlar<\/strong> \u201eDas Buch ist es wert, ver\u00f6ffentlich zu werden.&#8220;<\/p>\n","protected":false},"excerpt":{"rendered":"<p>Der Autor erlebte in seiner Jugend das schnell aufsteigende \u201eDritte Reich&#8220; von 1933 bis zum totalen Zusammenbruch. 1947 musste er die Verhaftung seines Vaters und die Enteignung des von ihm aufgebauten Betriebes durch die Sowjets hinnehmen. &#8211; Er meint, dass es keinen Gott geben k\u00f6nne, der so viel Unrecht zul\u00e4sst. Dann begegnet er jungen Menschen, die ihn auf die Bibel verweisen. Beim Lesen entscheidet er sich zum Glauben an Jesus Christus. &#8211; Er erlebt 1949 die Entstehung zweier deutscher Staaten mit unter-schiedlicher politischer Pr\u00e4gung. &#8211; Beruflich engagiert er sich in der sozialistischen Wirtschaft. 1972 erlebt er die 2. Enteignung des von seinem Schwiegervater \u00fcbernommenen Betriebes. &#8211; Zusammen mit seiner Frau begleiten sie als Christen ihre 5 Kinder in einem antig\u00f6ttlichen Staat in Schule und Ausbildung. &#8211; Der Einsatz in der christlichen Gemeinde vor Ort und der Bau eines Gemeindehauses in der DDR-Zeit waren auch Ursache f\u00fcr seine umfangreiche Stasi-Akte. &#8211; Krankheit und Tod der Ehefrau und die sp\u00e4tere 2. Partnerschaft pr\u00e4gten weiter sein Leben. Christoph K\u00f6hler, Borsdorf (Zweenfurth) \u201eSehr gefreut habe ich mich \u00fcber die Bilanzsendungen des Evangeliumsrundfunks: \u201aDer Glaubende kann warten&#8216;. Einfach herrlich, wie seine Glaubenserfahrungen her\u00fcber kamen mit H\u00f6hen und Tiefen inmitten des DDR-Sozialismus \u2013 tief, ehrlich und offen.&#8220; Dr. Roland Klemm, Leipzig \u201eIch finde es sehr gut, dass dies alles so authentisch aufgeschrieben wurde. Es ist doch ein St\u00fcck erlebter Zeitgeschichte, was den folgenden Generationen erhalten bleiben sollte, auch oder gerade zur Ehre des HERRN.&#8220; Horst Marquardt, ERF-Medien, Wetzlar \u201eDas Buch ist es wert, ver\u00f6ffentlich zu werden.&#8220;<\/p>\n","protected":false},"featured_media":6589,"template":"","meta":[],"product_brand":[],"product_cat":[15,25],"product_tag":[],"class_list":{"0":"post-9467","1":"product","2":"type-product","3":"status-publish","4":"has-post-thumbnail","6":"product_cat-concepcion-seidel-ohg","7":"product_cat-individuelles-geschichte-und-gegenwart","8":"product_shipping_class-buecher-bis-2kg","10":"first","11":"instock","12":"shipping-taxable","13":"purchasable","14":"product-type-simple"},"acf":[],"_links":{"self":[{"href":"https:\/\/concepcion.de\/index.php\/wp-json\/wp\/v2\/product\/9467","targetHints":{"allow":["GET"]}}],"collection":[{"href":"https:\/\/concepcion.de\/index.php\/wp-json\/wp\/v2\/product"}],"about":[{"href":"https:\/\/concepcion.de\/index.php\/wp-json\/wp\/v2\/types\/product"}],"wp:featuredmedia":[{"embeddable":true,"href":"https:\/\/concepcion.de\/index.php\/wp-json\/wp\/v2\/media\/6589"}],"wp:attachment":[{"href":"https:\/\/concepcion.de\/index.php\/wp-json\/wp\/v2\/media?parent=9467"}],"wp:term":[{"taxonomy":"product_brand","embeddable":true,"href":"https:\/\/concepcion.de\/index.php\/wp-json\/wp\/v2\/product_brand?post=9467"},{"taxonomy":"product_cat","embeddable":true,"href":"https:\/\/concepcion.de\/index.php\/wp-json\/wp\/v2\/product_cat?post=9467"},{"taxonomy":"product_tag","embeddable":true,"href":"https:\/\/concepcion.de\/index.php\/wp-json\/wp\/v2\/product_tag?post=9467"}],"curies":[{"name":"wp","href":"https:\/\/api.w.org\/{rel}","templated":true}]}}

<p>Der Autor erlebte in seiner Jugend das schnell aufsteigende „Dritte Reich&#8220; von 1933 bis zum totalen Zusammenbruch. 1947 musste er die Verhaftung seines Vaters und die Enteignung des von ihm aufgebauten Betriebes durch die Sowjets hinnehmen. &#8211; Er meint, dass es keinen Gott geben könne, der so viel Unrecht zulässt. Dann begegnet er jungen Menschen, die ihn auf die Bibel verweisen. Beim Lesen entscheidet er sich zum Glauben an Jesus Christus. &#8211; Er erlebt 1949 die Entstehung zweier deutscher Staaten mit unter-schiedlicher politischer Prägung. &#8211; Beruflich engagiert er sich in der sozialistischen Wirtschaft. 1972 erlebt er die 2. Enteignung des von seinem Schwiegervater übernommenen Betriebes. &#8211; Zusammen mit seiner Frau begleiten sie als Christen ihre 5 Kinder in einem antigöttlichen Staat in Schule und Ausbildung. &#8211; Der Einsatz in der christlichen Gemeinde vor Ort und der Bau eines Gemeindehauses in der DDR-Zeit waren auch Ursache für seine umfangreiche Stasi-Akte. &#8211; Krankheit und Tod der Ehefrau und die spätere 2. Partnerschaft prägten weiter sein Leben.</p>
<p><strong>Christoph Köhler, Borsdorf (Zweenfurth)</strong> „Sehr gefreut habe ich mich über die Bilanzsendungen des Evangeliumsrundfunks: ‚Der Glaubende kann warten&#8216;. Einfach herrlich, wie seine Glaubenserfahrungen herüber kamen mit Höhen und Tiefen inmitten des DDR-Sozialismus – tief, ehrlich und offen.&#8220;</p>
<p><strong>Dr. Roland Klemm, Leipzig</strong> „Ich finde es sehr gut, dass dies alles so authentisch aufgeschrieben wurde. Es ist doch ein Stück erlebter Zeitgeschichte, was den folgenden Generationen erhalten bleiben sollte, auch oder gerade zur Ehre des HERRN.&#8220;</p>
<p><strong>Horst Marquardt, ERF-Medien, Wetzlar</strong> „Das Buch ist es wert, veröffentlich zu werden.&#8220;</p>

<p>Der Autor erlebte in seiner Jugend das schnell aufsteigende „Dritte Reich&#8220; von 1933 bis zum totalen Zusammenbruch. 1947 musste er die Verhaftung seines Vaters und die Enteignung des von ihm aufgebauten Betriebes durch die Sowjets hinnehmen. &#8211; Er meint, dass es keinen Gott geben könne, der so viel Unrecht zulässt. Dann begegnet er jungen Menschen, die ihn auf die Bibel verweisen. Beim Lesen entscheidet er sich zum Glauben an Jesus Christus. &#8211; Er erlebt 1949 die Entstehung zweier deutscher Staaten mit unter-schiedlicher politischer Prägung. &#8211; Beruflich engagiert er sich in der sozialistischen Wirtschaft. 1972 erlebt er die 2. Enteignung des von seinem Schwiegervater übernommenen Betriebes. &#8211; Zusammen mit seiner Frau begleiten sie als Christen ihre 5 Kinder in einem antigöttlichen Staat in Schule und Ausbildung. &#8211; Der Einsatz in der christlichen Gemeinde vor Ort und der Bau eines Gemeindehauses in der DDR-Zeit waren auch Ursache für seine umfangreiche Stasi-Akte. &#8211; Krankheit und Tod der Ehefrau und die spätere 2. Partnerschaft prägten weiter sein Leben. Christoph Köhler, Borsdorf (Zweenfurth) „Sehr gefreut habe ich mich über die Bilanzsendungen des Evangeliumsrundfunks: ‚Der Glaubende kann warten&#8216;. Einfach herrlich, wie seine Glaubenserfahrungen herüber kamen mit Höhen und Tiefen inmitten des DDR-Sozialismus – tief, ehrlich und offen.&#8220; Dr. Roland Klemm, Leipzig „Ich finde es sehr gut, dass dies alles so authentisch aufgeschrieben wurde. Es ist doch ein Stück erlebter Zeitgeschichte, was den folgenden Generationen erhalten bleiben sollte, auch oder gerade zur Ehre des HERRN.&#8220; Horst Marquardt, ERF-Medien, Wetzlar „Das Buch ist es wert, veröffentlich zu werden.&#8220;</p>
