{"id":9466,"date":"2025-02-08T19:39:36","date_gmt":"2025-02-08T19:39:36","guid":{"rendered":"https:\/\/concepcion.de\/?post_type=product&#038;p=9466"},"modified":"2025-03-20T11:14:09","modified_gmt":"2025-03-20T11:14:09","slug":"predigt-perspektiven-iv","status":"publish","type":"product","link":"https:\/\/concepcion.de\/index.php\/produkt\/predigt-perspektiven-iv\/","title":{"rendered":"Predigt &#8211; Perspektiven IV"},"content":{"rendered":"<p>Einfach und exegetisch klar legt Paul Ohrndorf, Pastor im Ruhestand Gliederungen f\u00fcr die Predigttexte des Kirchenjahres vor. Nachdem er diese Gliederungen in den letzten Jahren ausschlie\u00dflich in seinem Bekanntenkreis zur Verf\u00fcgung stellte, ist vorliegendes Werk als 4. Jahrgang seiner Gliederungen erstmals in Buchform dem gesamten Spektrum bibelorientierter Prediger nutzbar. Mit seiner klaren Disposition am Bibeltext entlang legt P. Ohrndorf die Richtung fest, in der es in der Predigt geht. Die Verk\u00fcndigung selbst bleibt Aufgabe des Redenden und Wirkung des Geistes Gottes.<\/p>\n","protected":false},"excerpt":{"rendered":"<p>Einfach und exegetisch klar legt Paul Ohrndorf, Pastor im Ruhestand Gliederungen f\u00fcr die Predigttexte des Kirchenjahres vor. Nachdem er diese Gliederungen in den letzten Jahren ausschlie\u00dflich in seinem Bekanntenkreis zur Verf\u00fcgung stellte, ist vorliegendes Werk als 4. Jahrgang seiner Gliederungen erstmals in Buchform dem gesamten Spektrum bibelorientierter Prediger nutzbar. Mit seiner klaren Disposition am Bibeltext entlang legt P. Ohrndorf die Richtung fest, in der es in der Predigt geht. Die Verk\u00fcndigung selbst bleibt Aufgabe des Redenden und Wirkung des Geistes Gottes.<\/p>\n","protected":false},"featured_media":6588,"template":"","meta":[],"product_brand":[],"product_cat":[27,15],"product_tag":[],"class_list":{"0":"post-9466","1":"product","2":"type-product","3":"status-publish","4":"has-post-thumbnail","6":"product_cat-bibel-andacht","7":"product_cat-concepcion-seidel-ohg","8":"product_shipping_class-buecher-bis-2kg","10":"first","11":"instock","12":"shipping-taxable","13":"purchasable","14":"product-type-simple"},"acf":[],"_links":{"self":[{"href":"https:\/\/concepcion.de\/index.php\/wp-json\/wp\/v2\/product\/9466","targetHints":{"allow":["GET"]}}],"collection":[{"href":"https:\/\/concepcion.de\/index.php\/wp-json\/wp\/v2\/product"}],"about":[{"href":"https:\/\/concepcion.de\/index.php\/wp-json\/wp\/v2\/types\/product"}],"wp:featuredmedia":[{"embeddable":true,"href":"https:\/\/concepcion.de\/index.php\/wp-json\/wp\/v2\/media\/6588"}],"wp:attachment":[{"href":"https:\/\/concepcion.de\/index.php\/wp-json\/wp\/v2\/media?parent=9466"}],"wp:term":[{"taxonomy":"product_brand","embeddable":true,"href":"https:\/\/concepcion.de\/index.php\/wp-json\/wp\/v2\/product_brand?post=9466"},{"taxonomy":"product_cat","embeddable":true,"href":"https:\/\/concepcion.de\/index.php\/wp-json\/wp\/v2\/product_cat?post=9466"},{"taxonomy":"product_tag","embeddable":true,"href":"https:\/\/concepcion.de\/index.php\/wp-json\/wp\/v2\/product_tag?post=9466"}],"curies":[{"name":"wp","href":"https:\/\/api.w.org\/{rel}","templated":true}]}}

<p>Einfach und exegetisch klar legt Paul Ohrndorf, Pastor im Ruhestand Gliederungen für die Predigttexte des Kirchenjahres vor. Nachdem er diese Gliederungen in den letzten Jahren ausschließlich in seinem Bekanntenkreis zur Verfügung stellte, ist vorliegendes Werk als 4. Jahrgang seiner Gliederungen erstmals in Buchform dem gesamten Spektrum bibelorientierter Prediger nutzbar. Mit seiner klaren Disposition am Bibeltext entlang legt P. Ohrndorf die Richtung fest, in der es in der Predigt geht. Die Verkündigung selbst bleibt Aufgabe des Redenden und Wirkung des Geistes Gottes.</p>
