{"id":9464,"date":"2025-02-08T19:39:36","date_gmt":"2025-02-08T19:39:36","guid":{"rendered":"https:\/\/concepcion.de\/?post_type=product&#038;p=9464"},"modified":"2025-03-20T11:11:43","modified_gmt":"2025-03-20T11:11:43","slug":"das-nenn-ich-leben","status":"publish","type":"product","link":"https:\/\/concepcion.de\/index.php\/produkt\/das-nenn-ich-leben\/","title":{"rendered":"Das nenn&#8216; ich Leben!"},"content":{"rendered":"<p>\u201eDas ist doch kein Leben!&#8220; &#8211; auf diesen oft geh\u00f6rten Sto\u00dfseufzer will diese Brosch\u00fcre Antwort geben. Sie ist entstanden aufgrund ungez\u00e4hlter Begegnungen des Verfassers mit jungen Menschen, die nach dem Sinn des Lebens fragten.<\/p>\n","protected":false},"excerpt":{"rendered":"<p>\u201eDas ist doch kein Leben!&#8220; &#8211; auf diesen oft geh\u00f6rten Sto\u00dfseufzer will diese Brosch\u00fcre Antwort geben. Sie ist entstanden aufgrund ungez\u00e4hlter Begegnungen des Verfassers mit jungen Menschen, die nach dem Sinn des Lebens fragten.<\/p>\n","protected":false},"featured_media":6586,"template":"","meta":[],"product_brand":[],"product_cat":[42,15,22],"product_tag":[],"class_list":{"0":"post-9464","1":"product","2":"type-product","3":"status-publish","4":"has-post-thumbnail","6":"product_cat-allgemeines","7":"product_cat-concepcion-seidel-ohg","8":"product_cat-jungundalt","9":"product_shipping_class-buecher-bis-2kg","11":"first","12":"instock","13":"shipping-taxable","14":"purchasable","15":"product-type-simple"},"acf":[],"_links":{"self":[{"href":"https:\/\/concepcion.de\/index.php\/wp-json\/wp\/v2\/product\/9464","targetHints":{"allow":["GET"]}}],"collection":[{"href":"https:\/\/concepcion.de\/index.php\/wp-json\/wp\/v2\/product"}],"about":[{"href":"https:\/\/concepcion.de\/index.php\/wp-json\/wp\/v2\/types\/product"}],"wp:featuredmedia":[{"embeddable":true,"href":"https:\/\/concepcion.de\/index.php\/wp-json\/wp\/v2\/media\/6586"}],"wp:attachment":[{"href":"https:\/\/concepcion.de\/index.php\/wp-json\/wp\/v2\/media?parent=9464"}],"wp:term":[{"taxonomy":"product_brand","embeddable":true,"href":"https:\/\/concepcion.de\/index.php\/wp-json\/wp\/v2\/product_brand?post=9464"},{"taxonomy":"product_cat","embeddable":true,"href":"https:\/\/concepcion.de\/index.php\/wp-json\/wp\/v2\/product_cat?post=9464"},{"taxonomy":"product_tag","embeddable":true,"href":"https:\/\/concepcion.de\/index.php\/wp-json\/wp\/v2\/product_tag?post=9464"}],"curies":[{"name":"wp","href":"https:\/\/api.w.org\/{rel}","templated":true}]}}

<p>„Das ist doch kein Leben!&#8220; &#8211; auf diesen oft gehörten Stoßseufzer will diese Broschüre Antwort geben. Sie ist entstanden aufgrund ungezählter Begegnungen des Verfassers mit jungen Menschen, die nach dem Sinn des Lebens fragten.</p>
