{"id":9462,"date":"2025-02-08T19:39:36","date_gmt":"2025-02-08T19:39:36","guid":{"rendered":"https:\/\/concepcion.de\/?post_type=product&#038;p=9462"},"modified":"2025-03-20T11:09:49","modified_gmt":"2025-03-20T11:09:49","slug":"wos-wisstn-meh","status":"publish","type":"product","link":"https:\/\/concepcion.de\/index.php\/produkt\/wos-wisstn-meh\/","title":{"rendered":"Wos wi\u00dftn meh"},"content":{"rendered":"<p><em>Eberhard Navratil: <\/em><br \/>\n<em>&#8222;\u00c4nnert siech aah dr Zeitn Lauf,<br \/>\nis Herz mr gieht droan Vuegtland auf,<br \/>\nfr miech e wunnrschienes L\u00e4ndl,<br \/>\ne Auszaanging droan Ordensb\u00e4ndl,<br \/>\n&#8218;wos wi\u00dftn meh&#8216;, frs goanze Lehm,<br \/>\nwenns sueviel Fraad fr diech hot gehm.&#8220;<\/em><\/p>\n","protected":false},"excerpt":{"rendered":"<p>Eberhard Navratil: &#8222;\u00c4nnert siech aah dr Zeitn Lauf, is Herz mr gieht droan Vuegtland auf, fr miech e wunnrschienes L\u00e4ndl, e Auszaanging droan Ordensb\u00e4ndl, &#8218;wos wi\u00dftn meh&#8216;, frs goanze Lehm, wenns sueviel Fraad fr diech hot gehm.&#8220;<\/p>\n","protected":false},"featured_media":6584,"template":"","meta":[],"product_brand":[],"product_cat":[15,24],"product_tag":[],"class_list":{"0":"post-9462","1":"product","2":"type-product","3":"status-publish","4":"has-post-thumbnail","6":"product_cat-concepcion-seidel-ohg","7":"product_cat-vogtlandverlag","8":"product_shipping_class-buecher-bis-2kg","10":"first","11":"instock","12":"shipping-taxable","13":"purchasable","14":"product-type-simple"},"acf":[],"_links":{"self":[{"href":"https:\/\/concepcion.de\/index.php\/wp-json\/wp\/v2\/product\/9462","targetHints":{"allow":["GET"]}}],"collection":[{"href":"https:\/\/concepcion.de\/index.php\/wp-json\/wp\/v2\/product"}],"about":[{"href":"https:\/\/concepcion.de\/index.php\/wp-json\/wp\/v2\/types\/product"}],"wp:featuredmedia":[{"embeddable":true,"href":"https:\/\/concepcion.de\/index.php\/wp-json\/wp\/v2\/media\/6584"}],"wp:attachment":[{"href":"https:\/\/concepcion.de\/index.php\/wp-json\/wp\/v2\/media?parent=9462"}],"wp:term":[{"taxonomy":"product_brand","embeddable":true,"href":"https:\/\/concepcion.de\/index.php\/wp-json\/wp\/v2\/product_brand?post=9462"},{"taxonomy":"product_cat","embeddable":true,"href":"https:\/\/concepcion.de\/index.php\/wp-json\/wp\/v2\/product_cat?post=9462"},{"taxonomy":"product_tag","embeddable":true,"href":"https:\/\/concepcion.de\/index.php\/wp-json\/wp\/v2\/product_tag?post=9462"}],"curies":[{"name":"wp","href":"https:\/\/api.w.org\/{rel}","templated":true}]}}