{"id":9439,"date":"2025-02-08T19:39:25","date_gmt":"2025-02-08T19:39:25","guid":{"rendered":"https:\/\/concepcion.de\/?post_type=product&#038;p=9439"},"modified":"2025-03-20T11:36:33","modified_gmt":"2025-03-20T11:36:33","slug":"plauen-einst-grossstadt-heute-oberzentrum","status":"publish","type":"product","link":"https:\/\/concepcion.de\/index.php\/produkt\/plauen-einst-grossstadt-heute-oberzentrum\/","title":{"rendered":"Plauen einst Gro\u00dfstadt &#8211; heute Oberzentrum"},"content":{"rendered":"<p>1910 gab es im Deutschen Kaiserreich 48 Gro\u00dfst\u00e4dte. Plauen war in diesem Jahr mit 121.272 Einwohnern die 40-gr\u00f6\u00dfte Stadt Deutschlands. Zwei Jahre sp\u00e4ter, 1912, erreichte die Vogtlandmetropole mit 128.014 Einwohnern ihren bisherigen H\u00f6chststand.<br \/>\nSeit 1945 ist Plauen keine Gro\u00dfstadt mehr. 2020 war das heutige Oberzentrum in der Rangfolge der deutschen St\u00e4dte hinsichtlich der Einwohnerentwicklung nur noch die 138-gr\u00f6\u00dfte Stadt der Bundesrepublik Deutschland.<br \/>\nIm Buch wird versucht, den Zusammenhang zwischen sich st\u00e4ndig ver\u00e4ndernden gesellschaftlichen Verh\u00e4ltnissen und der Bev\u00f6lkerungsentwicklung nicht nur aus regionaler Sicht zu beschreiben. So wird die umfassende Geschichte des Vogtlandes mit starkem Bezug zur deutschen Geschichte wiedergegeben. Eine besondere Beachtung finden auch die bis in die Gegenwart andauernden st\u00e4ndigen \u00c4nderungen der Verwaltungsstrukturen.<br \/>\nDie Darstellung der Hochschulstandorte Mitteldeutschlands und ein Vergleich der Aufgaben der benachbarten Oberzentren Zwickau und Hof erfolgt in der Hoffnung, dass Plauen noch lange Oberzentrum bleibt.<\/p>\n","protected":false},"excerpt":{"rendered":"<p>1910 gab es im Deutschen Kaiserreich 48 Gro\u00dfst\u00e4dte. Plauen war in diesem Jahr mit 121.272 Einwohnern die 40-gr\u00f6\u00dfte Stadt Deutschlands. Zwei Jahre sp\u00e4ter, 1912, erreichte die Vogtlandmetropole mit 128.014 Einwohnern ihren bisherigen H\u00f6chststand. Seit 1945 ist Plauen keine Gro\u00dfstadt mehr. 2020 war das heutige Oberzentrum in der Rangfolge der deutschen St\u00e4dte hinsichtlich der Einwohnerentwicklung nur noch die 138-gr\u00f6\u00dfte Stadt der Bundesrepublik Deutschland. Im Buch wird versucht, den Zusammenhang zwischen sich st\u00e4ndig ver\u00e4ndernden gesellschaftlichen Verh\u00e4ltnissen und der Bev\u00f6lkerungsentwicklung nicht nur aus regionaler Sicht zu beschreiben. So wird die umfassende Geschichte des Vogtlandes mit starkem Bezug zur deutschen Geschichte wiedergegeben. Eine besondere Beachtung finden auch die bis in die Gegenwart andauernden st\u00e4ndigen \u00c4nderungen der Verwaltungsstrukturen. Die Darstellung der Hochschulstandorte Mitteldeutschlands und ein Vergleich der Aufgaben der benachbarten Oberzentren Zwickau und Hof erfolgt in der Hoffnung, dass Plauen noch lange Oberzentrum bleibt.<\/p>\n","protected":false},"featured_media":6277,"template":"","meta":[],"product_brand":[],"product_cat":[15,24],"product_tag":[],"class_list":{"0":"post-9439","1":"product","2":"type-product","3":"status-publish","4":"has-post-thumbnail","6":"product_cat-concepcion-seidel-ohg","7":"product_cat-vogtlandverlag","8":"product_shipping_class-buecher-bis-2kg","10":"first","11":"instock","12":"shipping-taxable","13":"purchasable","14":"product-type-simple"},"acf":[],"_links":{"self":[{"href":"https:\/\/concepcion.de\/index.php\/wp-json\/wp\/v2\/product\/9439","targetHints":{"allow":["GET"]}}],"collection":[{"href":"https:\/\/concepcion.de\/index.php\/wp-json\/wp\/v2\/product"}],"about":[{"href":"https:\/\/concepcion.de\/index.php\/wp-json\/wp\/v2\/types\/product"}],"wp:featuredmedia":[{"embeddable":true,"href":"https:\/\/concepcion.de\/index.php\/wp-json\/wp\/v2\/media\/6277"}],"wp:attachment":[{"href":"https:\/\/concepcion.de\/index.php\/wp-json\/wp\/v2\/media?parent=9439"}],"wp:term":[{"taxonomy":"product_brand","embeddable":true,"href":"https:\/\/concepcion.de\/index.php\/wp-json\/wp\/v2\/product_brand?post=9439"},{"taxonomy":"product_cat","embeddable":true,"href":"https:\/\/concepcion.de\/index.php\/wp-json\/wp\/v2\/product_cat?post=9439"},{"taxonomy":"product_tag","embeddable":true,"href":"https:\/\/concepcion.de\/index.php\/wp-json\/wp\/v2\/product_tag?post=9439"}],"curies":[{"name":"wp","href":"https:\/\/api.w.org\/{rel}","templated":true}]}}

Plauen einst Großstadt &#8211; heute Oberzentrum

<p>1910 gab es im Deutschen Kaiserreich 48 Großstädte. Plauen war in diesem Jahr mit 121.272 Einwohnern die 40-größte Stadt Deutschlands. Zwei Jahre später, 1912, erreichte die Vogtlandmetropole mit 128.014 Einwohnern ihren bisherigen Höchststand.<br />
Seit 1945 ist Plauen keine Großstadt mehr. 2020 war das heutige Oberzentrum in der Rangfolge der deutschen Städte hinsichtlich der Einwohnerentwicklung nur noch die 138-größte Stadt der Bundesrepublik Deutschland.<br />
Im Buch wird versucht, den Zusammenhang zwischen sich ständig verändernden gesellschaftlichen Verhältnissen und der Bevölkerungsentwicklung nicht nur aus regionaler Sicht zu beschreiben. So wird die umfassende Geschichte des Vogtlandes mit starkem Bezug zur deutschen Geschichte wiedergegeben. Eine besondere Beachtung finden auch die bis in die Gegenwart andauernden ständigen Änderungen der Verwaltungsstrukturen.<br />
Die Darstellung der Hochschulstandorte Mitteldeutschlands und ein Vergleich der Aufgaben der benachbarten Oberzentren Zwickau und Hof erfolgt in der Hoffnung, dass Plauen noch lange Oberzentrum bleibt.</p>

<p>1910 gab es im Deutschen Kaiserreich 48 Großstädte. Plauen war in diesem Jahr mit 121.272 Einwohnern die 40-größte Stadt Deutschlands. Zwei Jahre später, 1912, erreichte die Vogtlandmetropole mit 128.014 Einwohnern ihren bisherigen Höchststand. Seit 1945 ist Plauen keine Großstadt mehr. 2020 war das heutige Oberzentrum in der Rangfolge der deutschen Städte hinsichtlich der Einwohnerentwicklung nur noch die 138-größte Stadt der Bundesrepublik Deutschland. Im Buch wird versucht, den Zusammenhang zwischen sich ständig verändernden gesellschaftlichen Verhältnissen und der Bevölkerungsentwicklung nicht nur aus regionaler Sicht zu beschreiben. So wird die umfassende Geschichte des Vogtlandes mit starkem Bezug zur deutschen Geschichte wiedergegeben. Eine besondere Beachtung finden auch die bis in die Gegenwart andauernden ständigen Änderungen der Verwaltungsstrukturen. Die Darstellung der Hochschulstandorte Mitteldeutschlands und ein Vergleich der Aufgaben der benachbarten Oberzentren Zwickau und Hof erfolgt in der Hoffnung, dass Plauen noch lange Oberzentrum bleibt.</p>
