{"id":9432,"date":"2025-02-08T19:39:24","date_gmt":"2025-02-08T19:39:24","guid":{"rendered":"https:\/\/concepcion.de\/?post_type=product&#038;p=9432"},"modified":"2025-03-20T12:42:07","modified_gmt":"2025-03-20T12:42:07","slug":"on-des-is-fei-alles-wahr","status":"publish","type":"product","link":"https:\/\/concepcion.de\/index.php\/produkt\/on-des-is-fei-alles-wahr\/","title":{"rendered":"on des is fei alles wahr"},"content":{"rendered":"<p>Anl\u00e4sslich ihrer goldenen Hochzeit gibt Elfriede R\u00f6hlig einen Einblick der gemeinsam erlebten 55 Jahre. Das Buch soll erinnern an die vielen sch\u00f6nen Stunden, die nicht in Vergessenheit geraten sollen.<\/p>\n<p>Lustige Geschichten in Mundart unterstreichen das Originelle der Episoden.<\/p>\n","protected":false},"excerpt":{"rendered":"<p>Anl\u00e4sslich ihrer goldenen Hochzeit gibt Elfriede R\u00f6hlig einen Einblick der gemeinsam erlebten 55 Jahre. Das Buch soll erinnern an die vielen sch\u00f6nen Stunden, die nicht in Vergessenheit geraten sollen. Lustige Geschichten in Mundart unterstreichen das Originelle der Episoden.<\/p>\n","protected":false},"featured_media":6556,"template":"","meta":[],"product_brand":[],"product_cat":[15,24],"product_tag":[],"class_list":{"0":"post-9432","1":"product","2":"type-product","3":"status-publish","4":"has-post-thumbnail","6":"product_cat-concepcion-seidel-ohg","7":"product_cat-vogtlandverlag","8":"product_shipping_class-buecher-bis-2kg","10":"first","11":"instock","12":"shipping-taxable","13":"purchasable","14":"product-type-simple"},"acf":[],"_links":{"self":[{"href":"https:\/\/concepcion.de\/index.php\/wp-json\/wp\/v2\/product\/9432","targetHints":{"allow":["GET"]}}],"collection":[{"href":"https:\/\/concepcion.de\/index.php\/wp-json\/wp\/v2\/product"}],"about":[{"href":"https:\/\/concepcion.de\/index.php\/wp-json\/wp\/v2\/types\/product"}],"wp:featuredmedia":[{"embeddable":true,"href":"https:\/\/concepcion.de\/index.php\/wp-json\/wp\/v2\/media\/6556"}],"wp:attachment":[{"href":"https:\/\/concepcion.de\/index.php\/wp-json\/wp\/v2\/media?parent=9432"}],"wp:term":[{"taxonomy":"product_brand","embeddable":true,"href":"https:\/\/concepcion.de\/index.php\/wp-json\/wp\/v2\/product_brand?post=9432"},{"taxonomy":"product_cat","embeddable":true,"href":"https:\/\/concepcion.de\/index.php\/wp-json\/wp\/v2\/product_cat?post=9432"},{"taxonomy":"product_tag","embeddable":true,"href":"https:\/\/concepcion.de\/index.php\/wp-json\/wp\/v2\/product_tag?post=9432"}],"curies":[{"name":"wp","href":"https:\/\/api.w.org\/{rel}","templated":true}]}}