{"id":9409,"date":"2025-02-08T19:39:13","date_gmt":"2025-02-08T19:39:13","guid":{"rendered":"https:\/\/concepcion.de\/?post_type=product&#038;p=9409"},"modified":"2025-03-20T13:03:33","modified_gmt":"2025-03-20T13:03:33","slug":"der-mann-aus-dem-19-jahrhundert","status":"publish","type":"product","link":"https:\/\/concepcion.de\/index.php\/produkt\/der-mann-aus-dem-19-jahrhundert\/","title":{"rendered":"Der Mann aus dem 19. Jahrhundert"},"content":{"rendered":"<p>Fritz Moser (geboren 1899 in Ammendorf, gestorben 1993 in Oelsnitz \/Erz.) ist in der Reihe: \u201eEine unvollendete Trilogie: Gro\u00dfvater &#8211; Vater &#8211; Sohn&#8220; der Verfasser des 1. Buches: \u201eDer Mann aus dem 19. Jahrhundert&#8220;. Moser erlebte f\u00fcnf verschiedene Regierungssysteme: Kaiserzeit, Weimarer Republik, das \u201eTausendj\u00e4hrige Reich&#8220; die Nationalsozialisten, die SED-Herrschaft sowie die ersten Jahre der neuen Demokratie nach der Wiedervereinigung. In seinen Memoiren berichtet er von der Not einer Arbeiterfamilie, den Leiden w\u00e4hrend des 1. Weltkrieges, von den Jahren der Arbeitslosigkeit, den Sorgen unter der Naziherrschaft und schlie\u00dflich von den Problemen der SED-Zeit. Er legte pers\u00f6nliche und famili\u00e4re Verh\u00e4ltnisse offen, schilderte aber auch die jeweiligen gesellschaftlichen Verh\u00e4ltnisse aus seiner Sicht. Aus allen Schilderungen erkennt der Leser seine positive Haltung und seinen tiefen Glauben. Das zweite Buch der genannten Reihe schrieb sein Sohn Gerhard unter dem Titel: \u201eAus meiner Kreidezeit&#8220;. Wir erfahren von den H\u00f6hen und Tiefen des Lehrerberufes unter DDR-Bedingungen sowie seinen Aufgaben als Schulrat nach der friedlichen Revolution von 1989 und den Erlebnissen nach dem Erreichen des Rentenalters. Auch bei ihm ist Gottes F\u00fchrung durch all die Jahre zu sp\u00fcren. Das dritte Buch (Sohn Michael) liegt teilweise als Manuskript vor, deshalb \u201eEine unvollendete Trilogie&#8220;<\/p>\n","protected":false},"excerpt":{"rendered":"<p>Fritz Moser (geboren 1899 in Ammendorf, gestorben 1993 in Oelsnitz \/Erz.) ist in der Reihe: \u201eEine unvollendete Trilogie: Gro\u00dfvater &#8211; Vater &#8211; Sohn&#8220; der Verfasser des 1. Buches: \u201eDer Mann aus dem 19. Jahrhundert&#8220;. Moser erlebte f\u00fcnf verschiedene Regierungssysteme: Kaiserzeit, Weimarer Republik, das \u201eTausendj\u00e4hrige Reich&#8220; die Nationalsozialisten, die SED-Herrschaft sowie die ersten Jahre der neuen Demokratie nach der Wiedervereinigung. In seinen Memoiren berichtet er von der Not einer Arbeiterfamilie, den Leiden w\u00e4hrend des 1. Weltkrieges, von den Jahren der Arbeitslosigkeit, den Sorgen unter der Naziherrschaft und schlie\u00dflich von den Problemen der SED-Zeit. Er legte pers\u00f6nliche und famili\u00e4re Verh\u00e4ltnisse offen, schilderte aber auch die jeweiligen gesellschaftlichen Verh\u00e4ltnisse aus seiner Sicht. Aus allen Schilderungen erkennt der Leser seine positive Haltung und seinen tiefen Glauben. Das zweite Buch der genannten Reihe schrieb sein Sohn Gerhard unter dem Titel: \u201eAus meiner Kreidezeit&#8220;. Wir erfahren von den H\u00f6hen und Tiefen des Lehrerberufes unter DDR-Bedingungen sowie seinen Aufgaben als Schulrat nach der friedlichen Revolution von 1989 und den Erlebnissen nach dem Erreichen des Rentenalters. Auch bei ihm ist Gottes F\u00fchrung durch all die Jahre zu sp\u00fcren. Das dritte Buch (Sohn Michael) liegt teilweise als Manuskript vor, deshalb \u201eEine unvollendete Trilogie&#8220;<\/p>\n","protected":false},"featured_media":6537,"template":"","meta":[],"product_brand":[],"product_cat":[15,25],"product_tag":[],"class_list":{"0":"post-9409","1":"product","2":"type-product","3":"status-publish","4":"has-post-thumbnail","6":"product_cat-concepcion-seidel-ohg","7":"product_cat-individuelles-geschichte-und-gegenwart","8":"product_shipping_class-buecher-bis-2kg","10":"first","11":"instock","12":"shipping-taxable","13":"purchasable","14":"product-type-simple"},"acf":[],"_links":{"self":[{"href":"https:\/\/concepcion.de\/index.php\/wp-json\/wp\/v2\/product\/9409","targetHints":{"allow":["GET"]}}],"collection":[{"href":"https:\/\/concepcion.de\/index.php\/wp-json\/wp\/v2\/product"}],"about":[{"href":"https:\/\/concepcion.de\/index.php\/wp-json\/wp\/v2\/types\/product"}],"wp:featuredmedia":[{"embeddable":true,"href":"https:\/\/concepcion.de\/index.php\/wp-json\/wp\/v2\/media\/6537"}],"wp:attachment":[{"href":"https:\/\/concepcion.de\/index.php\/wp-json\/wp\/v2\/media?parent=9409"}],"wp:term":[{"taxonomy":"product_brand","embeddable":true,"href":"https:\/\/concepcion.de\/index.php\/wp-json\/wp\/v2\/product_brand?post=9409"},{"taxonomy":"product_cat","embeddable":true,"href":"https:\/\/concepcion.de\/index.php\/wp-json\/wp\/v2\/product_cat?post=9409"},{"taxonomy":"product_tag","embeddable":true,"href":"https:\/\/concepcion.de\/index.php\/wp-json\/wp\/v2\/product_tag?post=9409"}],"curies":[{"name":"wp","href":"https:\/\/api.w.org\/{rel}","templated":true}]}}

<p>Fritz Moser (geboren 1899 in Ammendorf, gestorben 1993 in Oelsnitz /Erz.) ist in der Reihe: „Eine unvollendete Trilogie: Großvater &#8211; Vater &#8211; Sohn&#8220; der Verfasser des 1. Buches: „Der Mann aus dem 19. Jahrhundert&#8220;. Moser erlebte fünf verschiedene Regierungssysteme: Kaiserzeit, Weimarer Republik, das „Tausendjährige Reich&#8220; die Nationalsozialisten, die SED-Herrschaft sowie die ersten Jahre der neuen Demokratie nach der Wiedervereinigung. In seinen Memoiren berichtet er von der Not einer Arbeiterfamilie, den Leiden während des 1. Weltkrieges, von den Jahren der Arbeitslosigkeit, den Sorgen unter der Naziherrschaft und schließlich von den Problemen der SED-Zeit. Er legte persönliche und familiäre Verhältnisse offen, schilderte aber auch die jeweiligen gesellschaftlichen Verhältnisse aus seiner Sicht. Aus allen Schilderungen erkennt der Leser seine positive Haltung und seinen tiefen Glauben. Das zweite Buch der genannten Reihe schrieb sein Sohn Gerhard unter dem Titel: „Aus meiner Kreidezeit&#8220;. Wir erfahren von den Höhen und Tiefen des Lehrerberufes unter DDR-Bedingungen sowie seinen Aufgaben als Schulrat nach der friedlichen Revolution von 1989 und den Erlebnissen nach dem Erreichen des Rentenalters. Auch bei ihm ist Gottes Führung durch all die Jahre zu spüren. Das dritte Buch (Sohn Michael) liegt teilweise als Manuskript vor, deshalb „Eine unvollendete Trilogie&#8220;</p>
