{"id":9399,"date":"2025-02-08T19:39:12","date_gmt":"2025-02-08T19:39:12","guid":{"rendered":"https:\/\/concepcion.de\/?post_type=product&#038;p=9399"},"modified":"2025-03-20T13:47:14","modified_gmt":"2025-03-20T13:47:14","slug":"das-muttermal","status":"publish","type":"product","link":"https:\/\/concepcion.de\/index.php\/produkt\/das-muttermal\/","title":{"rendered":"Das Muttermal"},"content":{"rendered":"<p>G\u00fcnter Stanienda entf\u00fchrt uns in eine Welt zwischen Erinnerung und Reflexion. Seine Balladen in Das Muttermal erz\u00e4hlen von pers\u00f6nlichen Schicksalen, historischen Wendepunkten und spirituellen Erkenntnissen. Mit poetischer Kraft verwebt er Vergangenheit und Gegenwart und stellt die gro\u00dfen Fragen des Lebens. Ein literarisches Werk, das nachhallt \u2013 klug, bewegend und tiefgr\u00fcndig.<\/p>\n<p>\ud83d\udcd6 Jetzt entdecken und in eine Welt voller Poesie eintauchen!<\/p>\n","protected":false},"excerpt":{"rendered":"<p>G\u00fcnter Stanienda entf\u00fchrt uns in eine Welt zwischen Erinnerung und Reflexion. Seine Balladen in Das Muttermal erz\u00e4hlen von pers\u00f6nlichen Schicksalen, historischen Wendepunkten und spirituellen Erkenntnissen. Mit poetischer Kraft verwebt er Vergangenheit und Gegenwart und stellt die gro\u00dfen Fragen des Lebens. Ein literarisches Werk, das nachhallt \u2013 klug, bewegend und tiefgr\u00fcndig. \ud83d\udcd6 Jetzt entdecken und in eine Welt voller Poesie eintauchen!<\/p>\n","protected":false},"featured_media":6528,"template":"","meta":[],"product_brand":[],"product_cat":[42,15],"product_tag":[],"class_list":{"0":"post-9399","1":"product","2":"type-product","3":"status-publish","4":"has-post-thumbnail","6":"product_cat-allgemeines","7":"product_cat-concepcion-seidel-ohg","8":"product_shipping_class-buecher-bis-2kg","10":"first","11":"instock","12":"shipping-taxable","13":"purchasable","14":"product-type-simple"},"acf":[],"_links":{"self":[{"href":"https:\/\/concepcion.de\/index.php\/wp-json\/wp\/v2\/product\/9399","targetHints":{"allow":["GET"]}}],"collection":[{"href":"https:\/\/concepcion.de\/index.php\/wp-json\/wp\/v2\/product"}],"about":[{"href":"https:\/\/concepcion.de\/index.php\/wp-json\/wp\/v2\/types\/product"}],"wp:featuredmedia":[{"embeddable":true,"href":"https:\/\/concepcion.de\/index.php\/wp-json\/wp\/v2\/media\/6528"}],"wp:attachment":[{"href":"https:\/\/concepcion.de\/index.php\/wp-json\/wp\/v2\/media?parent=9399"}],"wp:term":[{"taxonomy":"product_brand","embeddable":true,"href":"https:\/\/concepcion.de\/index.php\/wp-json\/wp\/v2\/product_brand?post=9399"},{"taxonomy":"product_cat","embeddable":true,"href":"https:\/\/concepcion.de\/index.php\/wp-json\/wp\/v2\/product_cat?post=9399"},{"taxonomy":"product_tag","embeddable":true,"href":"https:\/\/concepcion.de\/index.php\/wp-json\/wp\/v2\/product_tag?post=9399"}],"curies":[{"name":"wp","href":"https:\/\/api.w.org\/{rel}","templated":true}]}}

<p>Günter Stanienda entführt uns in eine Welt zwischen Erinnerung und Reflexion. Seine Balladen in Das Muttermal erzählen von persönlichen Schicksalen, historischen Wendepunkten und spirituellen Erkenntnissen. Mit poetischer Kraft verwebt er Vergangenheit und Gegenwart und stellt die großen Fragen des Lebens. Ein literarisches Werk, das nachhallt – klug, bewegend und tiefgründig.</p>
<p>📖 Jetzt entdecken und in eine Welt voller Poesie eintauchen!</p>

<p>Günter Stanienda entführt uns in eine Welt zwischen Erinnerung und Reflexion. Seine Balladen in Das Muttermal erzählen von persönlichen Schicksalen, historischen Wendepunkten und spirituellen Erkenntnissen. Mit poetischer Kraft verwebt er Vergangenheit und Gegenwart und stellt die großen Fragen des Lebens. Ein literarisches Werk, das nachhallt – klug, bewegend und tiefgründig. 📖 Jetzt entdecken und in eine Welt voller Poesie eintauchen!</p>
