{"id":9396,"date":"2025-02-08T19:39:12","date_gmt":"2025-02-08T19:39:12","guid":{"rendered":"https:\/\/concepcion.de\/?post_type=product&#038;p=9396"},"modified":"2025-03-20T13:20:55","modified_gmt":"2025-03-20T13:20:55","slug":"uli-unter-verdacht","status":"publish","type":"product","link":"https:\/\/concepcion.de\/index.php\/produkt\/uli-unter-verdacht\/","title":{"rendered":"Uli unter Verdacht"},"content":{"rendered":"<p>Uli ist der geborene \u201eKommissar&#8220;: Er ist schlau, hartn\u00e4ckig und beliebt. So l\u00f6st er die kniffligsten Detektivf\u00e4lle. &#8211; Spannung pur!<\/p>\n<p>Uli wei\u00df nicht mehr weiter. Ein Lehrer wurde schwer verletzt und alles deutet darauf hin, dass Uli ihn niedergeschlagen hat. Uli hat mit der Sache nichts zu tun, doch keiner will ihm glauben. Die Beweise scheinen eindeutig.<\/p>\n","protected":false},"excerpt":{"rendered":"<p>Uli ist der geborene \u201eKommissar&#8220;: Er ist schlau, hartn\u00e4ckig und beliebt. So l\u00f6st er die kniffligsten Detektivf\u00e4lle. &#8211; Spannung pur! Uli wei\u00df nicht mehr weiter. Ein Lehrer wurde schwer verletzt und alles deutet darauf hin, dass Uli ihn niedergeschlagen hat. Uli hat mit der Sache nichts zu tun, doch keiner will ihm glauben. Die Beweise scheinen eindeutig.<\/p>\n","protected":false},"featured_media":6525,"template":"","meta":[],"product_brand":[],"product_cat":[15,21],"product_tag":[],"class_list":{"0":"post-9396","1":"product","2":"type-product","3":"status-publish","4":"has-post-thumbnail","6":"product_cat-concepcion-seidel-ohg","7":"product_cat-kinderundjuegendliteratur","8":"product_shipping_class-buecher-bis-2kg","10":"first","11":"instock","12":"shipping-taxable","13":"purchasable","14":"product-type-simple"},"acf":[],"_links":{"self":[{"href":"https:\/\/concepcion.de\/index.php\/wp-json\/wp\/v2\/product\/9396","targetHints":{"allow":["GET"]}}],"collection":[{"href":"https:\/\/concepcion.de\/index.php\/wp-json\/wp\/v2\/product"}],"about":[{"href":"https:\/\/concepcion.de\/index.php\/wp-json\/wp\/v2\/types\/product"}],"wp:featuredmedia":[{"embeddable":true,"href":"https:\/\/concepcion.de\/index.php\/wp-json\/wp\/v2\/media\/6525"}],"wp:attachment":[{"href":"https:\/\/concepcion.de\/index.php\/wp-json\/wp\/v2\/media?parent=9396"}],"wp:term":[{"taxonomy":"product_brand","embeddable":true,"href":"https:\/\/concepcion.de\/index.php\/wp-json\/wp\/v2\/product_brand?post=9396"},{"taxonomy":"product_cat","embeddable":true,"href":"https:\/\/concepcion.de\/index.php\/wp-json\/wp\/v2\/product_cat?post=9396"},{"taxonomy":"product_tag","embeddable":true,"href":"https:\/\/concepcion.de\/index.php\/wp-json\/wp\/v2\/product_tag?post=9396"}],"curies":[{"name":"wp","href":"https:\/\/api.w.org\/{rel}","templated":true}]}}

<p>Uli ist der geborene „Kommissar&#8220;: Er ist schlau, hartnäckig und beliebt. So löst er die kniffligsten Detektivfälle. &#8211; Spannung pur!</p>
<p>Uli weiß nicht mehr weiter. Ein Lehrer wurde schwer verletzt und alles deutet darauf hin, dass Uli ihn niedergeschlagen hat. Uli hat mit der Sache nichts zu tun, doch keiner will ihm glauben. Die Beweise scheinen eindeutig.</p>

<p>Uli ist der geborene „Kommissar&#8220;: Er ist schlau, hartnäckig und beliebt. So löst er die kniffligsten Detektivfälle. &#8211; Spannung pur! Uli weiß nicht mehr weiter. Ein Lehrer wurde schwer verletzt und alles deutet darauf hin, dass Uli ihn niedergeschlagen hat. Uli hat mit der Sache nichts zu tun, doch keiner will ihm glauben. Die Beweise scheinen eindeutig.</p>
