{"id":9370,"date":"2025-02-08T19:39:01","date_gmt":"2025-02-08T19:39:01","guid":{"rendered":"https:\/\/concepcion.de\/?post_type=product&#038;p=9370"},"modified":"2025-03-24T13:57:41","modified_gmt":"2025-03-24T13:57:41","slug":"der-jakobiner-und-der-kardinal","status":"publish","type":"product","link":"https:\/\/concepcion.de\/index.php\/produkt\/der-jakobiner-und-der-kardinal\/","title":{"rendered":"Der Jakobiner und der Kardinal"},"content":{"rendered":"<p>Rom im Jahre 1801: In st\u00fcrmisch bewegten Zeiten sind einige franz\u00f6sische Revolutionstruppen bis in die Ewige Stadt vorgedrungen. Es kommt zu Reibereien mit Einheimischen. Der Soldat Bernard Belville nimmt leidenschaftlich Anteil an den Verhandlungen um die Wiederzulassung der katholischen Religion in seiner franz\u00f6sischen Heimat. Da erf\u00e4hrt er, dass Kardinalstaatssekret\u00e4r Ercole Consalvi im Auftrag des Heiligen Stuhls nach Paris reist, um dort mit Napoleons Unterh\u00e4ndlern weiter zu beraten. Der Hei\u00dfsporn und Kirchengegner Bernard Belville will das Konkordat unter allen Umst\u00e4nden verhindern und f\u00e4hrt hinterher. Doch vorher muss er von seiner Freundin, der Grafentochter Elisabetta Tolmezzi, Abschied nehmen &#8230;<\/p>\n","protected":false},"excerpt":{"rendered":"<p>Rom im Jahre 1801: In st\u00fcrmisch bewegten Zeiten sind einige franz\u00f6sische Revolutionstruppen bis in die Ewige Stadt vorgedrungen. Es kommt zu Reibereien mit Einheimischen. Der Soldat Bernard Belville nimmt leidenschaftlich Anteil an den Verhandlungen um die Wiederzulassung der katholischen Religion in seiner franz\u00f6sischen Heimat. Da erf\u00e4hrt er, dass Kardinalstaatssekret\u00e4r Ercole Consalvi im Auftrag des Heiligen Stuhls nach Paris reist, um dort mit Napoleons Unterh\u00e4ndlern weiter zu beraten. Der Hei\u00dfsporn und Kirchengegner Bernard Belville will das Konkordat unter allen Umst\u00e4nden verhindern und f\u00e4hrt hinterher. Doch vorher muss er von seiner Freundin, der Grafentochter Elisabetta Tolmezzi, Abschied nehmen &#8230;<\/p>\n","protected":false},"featured_media":6501,"template":"","meta":[],"product_brand":[],"product_cat":[42,15],"product_tag":[],"class_list":{"0":"post-9370","1":"product","2":"type-product","3":"status-publish","4":"has-post-thumbnail","6":"product_cat-allgemeines","7":"product_cat-concepcion-seidel-ohg","8":"product_shipping_class-buecher-bis-2kg","10":"first","11":"instock","12":"shipping-taxable","13":"purchasable","14":"product-type-simple"},"acf":[],"_links":{"self":[{"href":"https:\/\/concepcion.de\/index.php\/wp-json\/wp\/v2\/product\/9370","targetHints":{"allow":["GET"]}}],"collection":[{"href":"https:\/\/concepcion.de\/index.php\/wp-json\/wp\/v2\/product"}],"about":[{"href":"https:\/\/concepcion.de\/index.php\/wp-json\/wp\/v2\/types\/product"}],"wp:featuredmedia":[{"embeddable":true,"href":"https:\/\/concepcion.de\/index.php\/wp-json\/wp\/v2\/media\/6501"}],"wp:attachment":[{"href":"https:\/\/concepcion.de\/index.php\/wp-json\/wp\/v2\/media?parent=9370"}],"wp:term":[{"taxonomy":"product_brand","embeddable":true,"href":"https:\/\/concepcion.de\/index.php\/wp-json\/wp\/v2\/product_brand?post=9370"},{"taxonomy":"product_cat","embeddable":true,"href":"https:\/\/concepcion.de\/index.php\/wp-json\/wp\/v2\/product_cat?post=9370"},{"taxonomy":"product_tag","embeddable":true,"href":"https:\/\/concepcion.de\/index.php\/wp-json\/wp\/v2\/product_tag?post=9370"}],"curies":[{"name":"wp","href":"https:\/\/api.w.org\/{rel}","templated":true}]}}

<p>Rom im Jahre 1801: In stürmisch bewegten Zeiten sind einige französische Revolutionstruppen bis in die Ewige Stadt vorgedrungen. Es kommt zu Reibereien mit Einheimischen. Der Soldat Bernard Belville nimmt leidenschaftlich Anteil an den Verhandlungen um die Wiederzulassung der katholischen Religion in seiner französischen Heimat. Da erfährt er, dass Kardinalstaatssekretär Ercole Consalvi im Auftrag des Heiligen Stuhls nach Paris reist, um dort mit Napoleons Unterhändlern weiter zu beraten. Der Heißsporn und Kirchengegner Bernard Belville will das Konkordat unter allen Umständen verhindern und fährt hinterher. Doch vorher muss er von seiner Freundin, der Grafentochter Elisabetta Tolmezzi, Abschied nehmen &#8230;</p>
