{"id":9330,"date":"2025-02-08T19:38:40","date_gmt":"2025-02-08T19:38:40","guid":{"rendered":"https:\/\/concepcion.de\/?post_type=product&#038;p=9330"},"modified":"2025-03-24T14:54:35","modified_gmt":"2025-03-24T14:54:35","slug":"was-wuerde-jesus-tun","status":"publish","type":"product","link":"https:\/\/concepcion.de\/index.php\/produkt\/was-wuerde-jesus-tun\/","title":{"rendered":"Was w\u00fcrde Jesus tun?"},"content":{"rendered":"<p>Worauf kommt es Jesus an?<br \/>\nIn 13 praxiserprobten Stundenentw\u00fcrfen wird dieser Frage mit Tiefgang, Kreativit\u00e4t und Humor nachgegangen. Grundlage hierf\u00fcr sind zentrale Aussagen der Bergpredigt.<br \/>\nDurch die erfrischende Gestaltung der Lektionen werden auch \u201ealte Sonntagschul-Hasen&#8220; ohne viel Vorbereitungsaufwand neu f\u00fcr die biblischen Wahrheiten begeistert:<br \/>\n&#8211; Themeneinstiege, die die Kinder \u201eabholen&#8220;,<br \/>\n&#8211; biblische Berichte, die die Worte Jesu erkl\u00e4ren,<br \/>\n&#8211; Fragen, die zum Nachdenken und Austausch anregen,<br \/>\n&#8211; gemeinsame Gebete, um mit dem Herzen auf Gottes Wort zu antworten,<br \/>\n&#8211; ausdrucksstarke, unkomplizierte Kreativvorschl\u00e4ge, die das Geh\u00f6rte aufgreifen,<br \/>\n&#8211; sowie spannende, vertiefende Kurzgeschichten ermutigen dazu, gemeinsam mit 9- bis 12-J\u00e4hrigen Jesus nachzufolgen.<\/p>\n","protected":false},"excerpt":{"rendered":"<p>Worauf kommt es Jesus an? In 13 praxiserprobten Stundenentw\u00fcrfen wird dieser Frage mit Tiefgang, Kreativit\u00e4t und Humor nachgegangen. Grundlage hierf\u00fcr sind zentrale Aussagen der Bergpredigt. Durch die erfrischende Gestaltung der Lektionen werden auch \u201ealte Sonntagschul-Hasen&#8220; ohne viel Vorbereitungsaufwand neu f\u00fcr die biblischen Wahrheiten begeistert: &#8211; Themeneinstiege, die die Kinder \u201eabholen&#8220;, &#8211; biblische Berichte, die die Worte Jesu erkl\u00e4ren, &#8211; Fragen, die zum Nachdenken und Austausch anregen, &#8211; gemeinsame Gebete, um mit dem Herzen auf Gottes Wort zu antworten, &#8211; ausdrucksstarke, unkomplizierte Kreativvorschl\u00e4ge, die das Geh\u00f6rte aufgreifen, &#8211; sowie spannende, vertiefende Kurzgeschichten ermutigen dazu, gemeinsam mit 9- bis 12-J\u00e4hrigen Jesus nachzufolgen.<\/p>\n","protected":false},"featured_media":6464,"template":"","meta":[],"product_brand":[],"product_cat":[42,15],"product_tag":[],"class_list":{"0":"post-9330","1":"product","2":"type-product","3":"status-publish","4":"has-post-thumbnail","6":"product_cat-allgemeines","7":"product_cat-concepcion-seidel-ohg","8":"product_shipping_class-buecher-bis-2kg","10":"first","11":"instock","12":"shipping-taxable","13":"purchasable","14":"product-type-simple"},"acf":[],"_links":{"self":[{"href":"https:\/\/concepcion.de\/index.php\/wp-json\/wp\/v2\/product\/9330","targetHints":{"allow":["GET"]}}],"collection":[{"href":"https:\/\/concepcion.de\/index.php\/wp-json\/wp\/v2\/product"}],"about":[{"href":"https:\/\/concepcion.de\/index.php\/wp-json\/wp\/v2\/types\/product"}],"wp:featuredmedia":[{"embeddable":true,"href":"https:\/\/concepcion.de\/index.php\/wp-json\/wp\/v2\/media\/6464"}],"wp:attachment":[{"href":"https:\/\/concepcion.de\/index.php\/wp-json\/wp\/v2\/media?parent=9330"}],"wp:term":[{"taxonomy":"product_brand","embeddable":true,"href":"https:\/\/concepcion.de\/index.php\/wp-json\/wp\/v2\/product_brand?post=9330"},{"taxonomy":"product_cat","embeddable":true,"href":"https:\/\/concepcion.de\/index.php\/wp-json\/wp\/v2\/product_cat?post=9330"},{"taxonomy":"product_tag","embeddable":true,"href":"https:\/\/concepcion.de\/index.php\/wp-json\/wp\/v2\/product_tag?post=9330"}],"curies":[{"name":"wp","href":"https:\/\/api.w.org\/{rel}","templated":true}]}}