{"id":9308,"date":"2025-02-08T19:38:39","date_gmt":"2025-02-08T19:38:39","guid":{"rendered":"https:\/\/concepcion.de\/?post_type=product&#038;p=9308"},"modified":"2025-03-24T14:59:19","modified_gmt":"2025-03-24T14:59:19","slug":"die-begegnung-in-der-nacht","status":"publish","type":"product","link":"https:\/\/concepcion.de\/index.php\/produkt\/die-begegnung-in-der-nacht\/","title":{"rendered":"Die Begegnung in der Nacht"},"content":{"rendered":"<p>Eine au\u00dfergew\u00f6hnliche Lebensgeschichte!<br \/>\nDie Autorin w\u00e4chst in einem Dorf in Mittelhessen auf. Ihr Leben verl\u00e4uft in den jungen Jahren relativ gew\u00f6hnlich. Des \u00d6fteren macht sie sich Gedanken \u00fcber den Sinn des Lebens, den sie aber nicht finden kann. Auch bringt sie sich in manch eine gef\u00e4hrliche Situation, sei es beim Trampen, im Kaufhaus oder beim Fahren ohne F\u00fchrerschein &#8230; Mit 20 findet sie schlie\u00dflich, durch einige Hindernisse hindurch, ihre gro\u00dfe Liebe. Sie wird schwanger und heiratet. Als sie dann im Alter von 32 Jahren erkrankt und gro\u00dfe Angst versp\u00fcrt, nimmt das Leben eine ungeahnte Wende. Die Begegnung in der Nacht schenkt ihr einen nie zuvor gekannten inneren Frieden.<br \/>\nDoch nur ein halbes Jahr sp\u00e4ter geschieht ein schreckliches Ungl\u00fcck \u2026<\/p>\n","protected":false},"excerpt":{"rendered":"<p>Eine au\u00dfergew\u00f6hnliche Lebensgeschichte! Die Autorin w\u00e4chst in einem Dorf in Mittelhessen auf. Ihr Leben verl\u00e4uft in den jungen Jahren relativ gew\u00f6hnlich. Des \u00d6fteren macht sie sich Gedanken \u00fcber den Sinn des Lebens, den sie aber nicht finden kann. Auch bringt sie sich in manch eine gef\u00e4hrliche Situation, sei es beim Trampen, im Kaufhaus oder beim Fahren ohne F\u00fchrerschein &#8230; Mit 20 findet sie schlie\u00dflich, durch einige Hindernisse hindurch, ihre gro\u00dfe Liebe. Sie wird schwanger und heiratet. Als sie dann im Alter von 32 Jahren erkrankt und gro\u00dfe Angst versp\u00fcrt, nimmt das Leben eine ungeahnte Wende. Die Begegnung in der Nacht schenkt ihr einen nie zuvor gekannten inneren Frieden. Doch nur ein halbes Jahr sp\u00e4ter geschieht ein schreckliches Ungl\u00fcck \u2026<\/p>\n","protected":false},"featured_media":6446,"template":"","meta":[],"product_brand":[],"product_cat":[15,25],"product_tag":[],"class_list":{"0":"post-9308","1":"product","2":"type-product","3":"status-publish","4":"has-post-thumbnail","6":"product_cat-concepcion-seidel-ohg","7":"product_cat-individuelles-geschichte-und-gegenwart","8":"product_shipping_class-buecher-bis-2kg","10":"first","11":"instock","12":"shipping-taxable","13":"purchasable","14":"product-type-simple"},"acf":[],"_links":{"self":[{"href":"https:\/\/concepcion.de\/index.php\/wp-json\/wp\/v2\/product\/9308","targetHints":{"allow":["GET"]}}],"collection":[{"href":"https:\/\/concepcion.de\/index.php\/wp-json\/wp\/v2\/product"}],"about":[{"href":"https:\/\/concepcion.de\/index.php\/wp-json\/wp\/v2\/types\/product"}],"wp:featuredmedia":[{"embeddable":true,"href":"https:\/\/concepcion.de\/index.php\/wp-json\/wp\/v2\/media\/6446"}],"wp:attachment":[{"href":"https:\/\/concepcion.de\/index.php\/wp-json\/wp\/v2\/media?parent=9308"}],"wp:term":[{"taxonomy":"product_brand","embeddable":true,"href":"https:\/\/concepcion.de\/index.php\/wp-json\/wp\/v2\/product_brand?post=9308"},{"taxonomy":"product_cat","embeddable":true,"href":"https:\/\/concepcion.de\/index.php\/wp-json\/wp\/v2\/product_cat?post=9308"},{"taxonomy":"product_tag","embeddable":true,"href":"https:\/\/concepcion.de\/index.php\/wp-json\/wp\/v2\/product_tag?post=9308"}],"curies":[{"name":"wp","href":"https:\/\/api.w.org\/{rel}","templated":true}]}}

<p>Eine außergewöhnliche Lebensgeschichte!<br />
Die Autorin wächst in einem Dorf in Mittelhessen auf. Ihr Leben verläuft in den jungen Jahren relativ gewöhnlich. Des Öfteren macht sie sich Gedanken über den Sinn des Lebens, den sie aber nicht finden kann. Auch bringt sie sich in manch eine gefährliche Situation, sei es beim Trampen, im Kaufhaus oder beim Fahren ohne Führerschein &#8230; Mit 20 findet sie schließlich, durch einige Hindernisse hindurch, ihre große Liebe. Sie wird schwanger und heiratet. Als sie dann im Alter von 32 Jahren erkrankt und große Angst verspürt, nimmt das Leben eine ungeahnte Wende. Die Begegnung in der Nacht schenkt ihr einen nie zuvor gekannten inneren Frieden.<br />
Doch nur ein halbes Jahr später geschieht ein schreckliches Unglück …</p>

<p>Eine außergewöhnliche Lebensgeschichte! Die Autorin wächst in einem Dorf in Mittelhessen auf. Ihr Leben verläuft in den jungen Jahren relativ gewöhnlich. Des Öfteren macht sie sich Gedanken über den Sinn des Lebens, den sie aber nicht finden kann. Auch bringt sie sich in manch eine gefährliche Situation, sei es beim Trampen, im Kaufhaus oder beim Fahren ohne Führerschein &#8230; Mit 20 findet sie schließlich, durch einige Hindernisse hindurch, ihre große Liebe. Sie wird schwanger und heiratet. Als sie dann im Alter von 32 Jahren erkrankt und große Angst verspürt, nimmt das Leben eine ungeahnte Wende. Die Begegnung in der Nacht schenkt ihr einen nie zuvor gekannten inneren Frieden. Doch nur ein halbes Jahr später geschieht ein schreckliches Unglück …</p>
