{"id":9305,"date":"2025-02-08T19:38:30","date_gmt":"2025-02-08T19:38:30","guid":{"rendered":"https:\/\/concepcion.de\/?post_type=product&#038;p=9305"},"modified":"2025-03-24T15:10:21","modified_gmt":"2025-03-24T15:10:21","slug":"sings-miet-is-elstrlied","status":"publish","type":"product","link":"https:\/\/concepcion.de\/index.php\/produkt\/sings-miet-is-elstrlied\/","title":{"rendered":"Sings miet &#8211; is Elstrlied"},"content":{"rendered":"<p>Eberhard Navratil:<br \/>\n<em>&#8222;Wos de Haamet mr giebt,<br \/>\nwall iech bie nei verliebt<br \/>\nun is Lehm mr gebracht<br \/>\nun miet mier hot gemacht,<br \/>\nwill iech dier weng drzeeln<br \/>\nmu\u00dft miet de Wort diech aah qu\u00e4ln;<br \/>\ntue de Stirn n\u00e4r net runzeln,<br \/>\ntue dodriebr weng schmunzln,<br \/>\nalso mach n\u00e4r koa Brie,<br \/>\nostvuegtl\u00e4ndisch is schie.&#8220;<\/em><\/p>\n","protected":false},"excerpt":{"rendered":"<p>Eberhard Navratil: &#8222;Wos de Haamet mr giebt, wall iech bie nei verliebt un is Lehm mr gebracht un miet mier hot gemacht, will iech dier weng drzeeln mu\u00dft miet de Wort diech aah qu\u00e4ln; tue de Stirn n\u00e4r net runzeln, tue dodriebr weng schmunzln, also mach n\u00e4r koa Brie, ostvuegtl\u00e4ndisch is schie.&#8220;<\/p>\n","protected":false},"featured_media":6444,"template":"","meta":[],"product_brand":[],"product_cat":[15,24],"product_tag":[],"class_list":{"0":"post-9305","1":"product","2":"type-product","3":"status-publish","4":"has-post-thumbnail","6":"product_cat-concepcion-seidel-ohg","7":"product_cat-vogtlandverlag","8":"product_shipping_class-buecher-bis-2kg","10":"first","11":"instock","12":"shipping-taxable","13":"purchasable","14":"product-type-simple"},"acf":[],"_links":{"self":[{"href":"https:\/\/concepcion.de\/index.php\/wp-json\/wp\/v2\/product\/9305","targetHints":{"allow":["GET"]}}],"collection":[{"href":"https:\/\/concepcion.de\/index.php\/wp-json\/wp\/v2\/product"}],"about":[{"href":"https:\/\/concepcion.de\/index.php\/wp-json\/wp\/v2\/types\/product"}],"wp:featuredmedia":[{"embeddable":true,"href":"https:\/\/concepcion.de\/index.php\/wp-json\/wp\/v2\/media\/6444"}],"wp:attachment":[{"href":"https:\/\/concepcion.de\/index.php\/wp-json\/wp\/v2\/media?parent=9305"}],"wp:term":[{"taxonomy":"product_brand","embeddable":true,"href":"https:\/\/concepcion.de\/index.php\/wp-json\/wp\/v2\/product_brand?post=9305"},{"taxonomy":"product_cat","embeddable":true,"href":"https:\/\/concepcion.de\/index.php\/wp-json\/wp\/v2\/product_cat?post=9305"},{"taxonomy":"product_tag","embeddable":true,"href":"https:\/\/concepcion.de\/index.php\/wp-json\/wp\/v2\/product_tag?post=9305"}],"curies":[{"name":"wp","href":"https:\/\/api.w.org\/{rel}","templated":true}]}}

<p>Eberhard Navratil:<br />
<em>&#8222;Wos de Haamet mr giebt,<br />
wall iech bie nei verliebt<br />
un is Lehm mr gebracht<br />
un miet mier hot gemacht,<br />
will iech dier weng drzeeln<br />
mußt miet de Wort diech aah quäln;<br />
tue de Stirn när net runzeln,<br />
tue dodriebr weng schmunzln,<br />
also mach när koa Brie,<br />
ostvuegtländisch is schie.&#8220;</em></p>

<p>Eberhard Navratil: &#8222;Wos de Haamet mr giebt, wall iech bie nei verliebt un is Lehm mr gebracht un miet mier hot gemacht, will iech dier weng drzeeln mußt miet de Wort diech aah quäln; tue de Stirn när net runzeln, tue dodriebr weng schmunzln, also mach när koa Brie, ostvuegtländisch is schie.&#8220;</p>
