{"id":9300,"date":"2025-02-08T19:38:30","date_gmt":"2025-02-08T19:38:30","guid":{"rendered":"https:\/\/concepcion.de\/?post_type=product&#038;p=9300"},"modified":"2025-03-24T15:05:20","modified_gmt":"2025-03-24T15:05:20","slug":"schule-und-zeitgeschichte-plauen-1935-1943","status":"publish","type":"product","link":"https:\/\/concepcion.de\/index.php\/produkt\/schule-und-zeitgeschichte-plauen-1935-1943\/","title":{"rendered":"Schule und Zeitgeschichte Plauen 1935-1943"},"content":{"rendered":"<p>Plauen 1935-1943 Dieses Buch ist, wenn man so will, die Fortsetzung des Buches \u201ePlauen-Haselbrunn 1925-1935 Erlebtes und Erfahrenes\u201c. Dr. Rudolf Laser beschreibt nach seinen Kindheitserlebnissen in Haselbrunn nun seine Schulzeit von 1935 bis 1943. Diese fand mit allen Freuden und T\u00fccken in der Zeit des Nationalsozialismus statt und endete, als f\u00fcr denkende Menschen abzusehen war, dass der Krieg nicht gewonnen werden kann. Wie in seinen anderen B\u00fcchern auch l\u00e4sst der Autor trotz der ernsten Zeit seinem Humor in diesem R\u00fcckblick freien Lauf. F\u00fcr alle, die dabeigewesen waren und alle, die es interessiert, wie ihre Eltern und Gro\u00dfeltern als Kind in Plauen gelebt haben, ein sehr lesenswertes Buch.<\/p>\n","protected":false},"excerpt":{"rendered":"<p>Plauen 1935-1943 Dieses Buch ist, wenn man so will, die Fortsetzung des Buches \u201ePlauen-Haselbrunn 1925-1935 Erlebtes und Erfahrenes\u201c. Dr. Rudolf Laser beschreibt nach seinen Kindheitserlebnissen in Haselbrunn nun seine Schulzeit von 1935 bis 1943. Diese fand mit allen Freuden und T\u00fccken in der Zeit des Nationalsozialismus statt und endete, als f\u00fcr denkende Menschen abzusehen war, dass der Krieg nicht gewonnen werden kann. Wie in seinen anderen B\u00fcchern auch l\u00e4sst der Autor trotz der ernsten Zeit seinem Humor in diesem R\u00fcckblick freien Lauf. F\u00fcr alle, die dabeigewesen waren und alle, die es interessiert, wie ihre Eltern und Gro\u00dfeltern als Kind in Plauen gelebt haben, ein sehr lesenswertes Buch.<\/p>\n","protected":false},"featured_media":6439,"template":"","meta":[],"product_brand":[],"product_cat":[15,24],"product_tag":[],"class_list":{"0":"post-9300","1":"product","2":"type-product","3":"status-publish","4":"has-post-thumbnail","6":"product_cat-concepcion-seidel-ohg","7":"product_cat-vogtlandverlag","8":"product_shipping_class-buecher-bis-2kg","10":"first","11":"instock","12":"shipping-taxable","13":"purchasable","14":"product-type-simple"},"acf":[],"_links":{"self":[{"href":"https:\/\/concepcion.de\/index.php\/wp-json\/wp\/v2\/product\/9300","targetHints":{"allow":["GET"]}}],"collection":[{"href":"https:\/\/concepcion.de\/index.php\/wp-json\/wp\/v2\/product"}],"about":[{"href":"https:\/\/concepcion.de\/index.php\/wp-json\/wp\/v2\/types\/product"}],"wp:featuredmedia":[{"embeddable":true,"href":"https:\/\/concepcion.de\/index.php\/wp-json\/wp\/v2\/media\/6439"}],"wp:attachment":[{"href":"https:\/\/concepcion.de\/index.php\/wp-json\/wp\/v2\/media?parent=9300"}],"wp:term":[{"taxonomy":"product_brand","embeddable":true,"href":"https:\/\/concepcion.de\/index.php\/wp-json\/wp\/v2\/product_brand?post=9300"},{"taxonomy":"product_cat","embeddable":true,"href":"https:\/\/concepcion.de\/index.php\/wp-json\/wp\/v2\/product_cat?post=9300"},{"taxonomy":"product_tag","embeddable":true,"href":"https:\/\/concepcion.de\/index.php\/wp-json\/wp\/v2\/product_tag?post=9300"}],"curies":[{"name":"wp","href":"https:\/\/api.w.org\/{rel}","templated":true}]}}

<p>Plauen 1935-1943 Dieses Buch ist, wenn man so will, die Fortsetzung des Buches „Plauen-Haselbrunn 1925-1935 Erlebtes und Erfahrenes“. Dr. Rudolf Laser beschreibt nach seinen Kindheitserlebnissen in Haselbrunn nun seine Schulzeit von 1935 bis 1943. Diese fand mit allen Freuden und Tücken in der Zeit des Nationalsozialismus statt und endete, als für denkende Menschen abzusehen war, dass der Krieg nicht gewonnen werden kann. Wie in seinen anderen Büchern auch lässt der Autor trotz der ernsten Zeit seinem Humor in diesem Rückblick freien Lauf. Für alle, die dabeigewesen waren und alle, die es interessiert, wie ihre Eltern und Großeltern als Kind in Plauen gelebt haben, ein sehr lesenswertes Buch.</p>
