{"id":9288,"date":"2025-02-08T19:38:29","date_gmt":"2025-02-08T19:38:29","guid":{"rendered":"https:\/\/concepcion.de\/?post_type=product&#038;p=9288"},"modified":"2025-03-24T15:19:56","modified_gmt":"2025-03-24T15:19:56","slug":"der-vogtlaendische-maler-albin-enders","status":"publish","type":"product","link":"https:\/\/concepcion.de\/index.php\/produkt\/der-vogtlaendische-maler-albin-enders\/","title":{"rendered":"Der vogtl\u00e4ndische Maler Albin Enders"},"content":{"rendered":"<p>Das Werk des K\u00fcnstlers in vielen farbigen Bildern. Mit einer Einf\u00fchrung von Frank Wei\u00df.<\/p>\n","protected":false},"excerpt":{"rendered":"<p>Das Werk des K\u00fcnstlers in vielen farbigen Bildern. Mit einer Einf\u00fchrung von Frank Wei\u00df.<\/p>\n","protected":false},"featured_media":6428,"template":"","meta":[],"product_brand":[],"product_cat":[15,24],"product_tag":[],"class_list":{"0":"post-9288","1":"product","2":"type-product","3":"status-publish","4":"has-post-thumbnail","6":"product_cat-concepcion-seidel-ohg","7":"product_cat-vogtlandverlag","8":"product_shipping_class-buecher-bis-2kg","10":"first","11":"instock","12":"shipping-taxable","13":"purchasable","14":"product-type-simple"},"acf":[],"_links":{"self":[{"href":"https:\/\/concepcion.de\/index.php\/wp-json\/wp\/v2\/product\/9288","targetHints":{"allow":["GET"]}}],"collection":[{"href":"https:\/\/concepcion.de\/index.php\/wp-json\/wp\/v2\/product"}],"about":[{"href":"https:\/\/concepcion.de\/index.php\/wp-json\/wp\/v2\/types\/product"}],"wp:featuredmedia":[{"embeddable":true,"href":"https:\/\/concepcion.de\/index.php\/wp-json\/wp\/v2\/media\/6428"}],"wp:attachment":[{"href":"https:\/\/concepcion.de\/index.php\/wp-json\/wp\/v2\/media?parent=9288"}],"wp:term":[{"taxonomy":"product_brand","embeddable":true,"href":"https:\/\/concepcion.de\/index.php\/wp-json\/wp\/v2\/product_brand?post=9288"},{"taxonomy":"product_cat","embeddable":true,"href":"https:\/\/concepcion.de\/index.php\/wp-json\/wp\/v2\/product_cat?post=9288"},{"taxonomy":"product_tag","embeddable":true,"href":"https:\/\/concepcion.de\/index.php\/wp-json\/wp\/v2\/product_tag?post=9288"}],"curies":[{"name":"wp","href":"https:\/\/api.w.org\/{rel}","templated":true}]}}

Der vogtländische Maler Albin Enders

<p>Das Werk des Künstlers in vielen farbigen Bildern. Mit einer Einführung von Frank Weiß.</p>
