{"id":9285,"date":"2025-02-08T19:38:29","date_gmt":"2025-02-08T19:38:29","guid":{"rendered":"https:\/\/concepcion.de\/?post_type=product&#038;p=9285"},"modified":"2025-03-24T15:16:56","modified_gmt":"2025-03-24T15:16:56","slug":"stasi-das-schulekel","status":"publish","type":"product","link":"https:\/\/concepcion.de\/index.php\/produkt\/stasi-das-schulekel\/","title":{"rendered":"Stasi, das Schulekel"},"content":{"rendered":"<p>Eigentlich hei\u00dft sie Anastasia, aber alle nennen sie \u201eStasi\u201c, auch bekannt als \u201edas Schulekel\u201c. Selbst die Lehrer wissen nicht, wie sie mit dieser Sch\u00fclerin umgehen sollen. Mia w\u00fcrde wegen ihr sogar die Schule wechseln, wenn nicht Tarek w\u00e4re. Als die Drei auf der Klassenfahrt eine furchtbare Entdeckung machen, kommen Dinge ans Licht, von denen Mia nicht sicher ist, dass sie sie wissen will &#8230;<br \/>\n&#8212;<\/p>\n<p>Eine Geschichte ab 12 J., die leider auf Tatsachen beruht.<\/p>\n","protected":false},"excerpt":{"rendered":"<p>Eigentlich hei\u00dft sie Anastasia, aber alle nennen sie \u201eStasi\u201c, auch bekannt als \u201edas Schulekel\u201c. Selbst die Lehrer wissen nicht, wie sie mit dieser Sch\u00fclerin umgehen sollen. Mia w\u00fcrde wegen ihr sogar die Schule wechseln, wenn nicht Tarek w\u00e4re. Als die Drei auf der Klassenfahrt eine furchtbare Entdeckung machen, kommen Dinge ans Licht, von denen Mia nicht sicher ist, dass sie sie wissen will &#8230; &#8212; Eine Geschichte ab 12 J., die leider auf Tatsachen beruht.<\/p>\n","protected":false},"featured_media":6262,"template":"","meta":[],"product_brand":[],"product_cat":[15,21],"product_tag":[],"class_list":{"0":"post-9285","1":"product","2":"type-product","3":"status-publish","4":"has-post-thumbnail","6":"product_cat-concepcion-seidel-ohg","7":"product_cat-kinderundjuegendliteratur","8":"product_shipping_class-buecher-bis-2kg","10":"first","11":"instock","12":"shipping-taxable","13":"purchasable","14":"product-type-simple"},"acf":[],"_links":{"self":[{"href":"https:\/\/concepcion.de\/index.php\/wp-json\/wp\/v2\/product\/9285","targetHints":{"allow":["GET"]}}],"collection":[{"href":"https:\/\/concepcion.de\/index.php\/wp-json\/wp\/v2\/product"}],"about":[{"href":"https:\/\/concepcion.de\/index.php\/wp-json\/wp\/v2\/types\/product"}],"wp:featuredmedia":[{"embeddable":true,"href":"https:\/\/concepcion.de\/index.php\/wp-json\/wp\/v2\/media\/6262"}],"wp:attachment":[{"href":"https:\/\/concepcion.de\/index.php\/wp-json\/wp\/v2\/media?parent=9285"}],"wp:term":[{"taxonomy":"product_brand","embeddable":true,"href":"https:\/\/concepcion.de\/index.php\/wp-json\/wp\/v2\/product_brand?post=9285"},{"taxonomy":"product_cat","embeddable":true,"href":"https:\/\/concepcion.de\/index.php\/wp-json\/wp\/v2\/product_cat?post=9285"},{"taxonomy":"product_tag","embeddable":true,"href":"https:\/\/concepcion.de\/index.php\/wp-json\/wp\/v2\/product_tag?post=9285"}],"curies":[{"name":"wp","href":"https:\/\/api.w.org\/{rel}","templated":true}]}}

<p>Eigentlich heißt sie Anastasia, aber alle nennen sie „Stasi“, auch bekannt als „das Schulekel“. Selbst die Lehrer wissen nicht, wie sie mit dieser Schülerin umgehen sollen. Mia würde wegen ihr sogar die Schule wechseln, wenn nicht Tarek wäre. Als die Drei auf der Klassenfahrt eine furchtbare Entdeckung machen, kommen Dinge ans Licht, von denen Mia nicht sicher ist, dass sie sie wissen will &#8230;<br />
&#8212;</p>
<p>Eine Geschichte ab 12 J., die leider auf Tatsachen beruht.</p>

<p>Eigentlich heißt sie Anastasia, aber alle nennen sie „Stasi“, auch bekannt als „das Schulekel“. Selbst die Lehrer wissen nicht, wie sie mit dieser Schülerin umgehen sollen. Mia würde wegen ihr sogar die Schule wechseln, wenn nicht Tarek wäre. Als die Drei auf der Klassenfahrt eine furchtbare Entdeckung machen, kommen Dinge ans Licht, von denen Mia nicht sicher ist, dass sie sie wissen will &#8230; &#8212; Eine Geschichte ab 12 J., die leider auf Tatsachen beruht.</p>
