{"id":9274,"date":"2025-02-08T19:38:19","date_gmt":"2025-02-08T19:38:19","guid":{"rendered":"https:\/\/concepcion.de\/?post_type=product&#038;p=9274"},"modified":"2025-03-24T16:17:05","modified_gmt":"2025-03-24T16:17:05","slug":"firestarter-menschen-fuer-jesus-gewinnen-aber-wie","status":"publish","type":"product","link":"https:\/\/concepcion.de\/index.php\/produkt\/firestarter-menschen-fuer-jesus-gewinnen-aber-wie\/","title":{"rendered":"Firestarter &#8211; Menschen f\u00fcr Jesus gewinnen &#8211; aber wie?"},"content":{"rendered":"<p>Jesus sagte wir sollen darum bitten, dass Arbeiter in die gro\u00dfe Seelenernte geschickt werden. Dieses Buch wurde geschrieben, um den notwendigen Schritt weiter zu gehen und wird zum Ruf, zur Ermutigung und zur Anleitung, um den \u201eOtto-Normal-Christen\u201c in die Lage zu versetzen, im n\u00e4heren Umfeld wie Familie, Freundeskreis, Nachbarschaft, Arbeitsplatz, usw. erfolgreich die gute Nachricht von Jesus Christus, dem Messias weiter zu geben. Es enth\u00e4lt Berichte und Tipps, die aus langj\u00e4hriger Erfahrung im pers\u00f6nlichen Zeugendienst f\u00fcr Jesus stammen und zeigt dar\u00fcber hinaus, wie man auch ohne gro\u00dfartige Begabungen, auf kreative und effektive Weise die gute Nachricht von der Erl\u00f6sung durch Jesus Christus seinem N\u00e4chsten weitergeben kann. Nicht jeder von uns kann in die weite Welt hinaus gehen, um das Evangelium zu verk\u00fcndigen, aber jeder sollte an die Hecken und Z\u00e4une gehen, um so viele Menschen wie m\u00f6glich auf Jesus aufmerksam zu machen.<\/p>\n","protected":false},"excerpt":{"rendered":"<p>Jesus sagte wir sollen darum bitten, dass Arbeiter in die gro\u00dfe Seelenernte geschickt werden. Dieses Buch wurde geschrieben, um den notwendigen Schritt weiter zu gehen und wird zum Ruf, zur Ermutigung und zur Anleitung, um den \u201eOtto-Normal-Christen\u201c in die Lage zu versetzen, im n\u00e4heren Umfeld wie Familie, Freundeskreis, Nachbarschaft, Arbeitsplatz, usw. erfolgreich die gute Nachricht von Jesus Christus, dem Messias weiter zu geben. Es enth\u00e4lt Berichte und Tipps, die aus langj\u00e4hriger Erfahrung im pers\u00f6nlichen Zeugendienst f\u00fcr Jesus stammen und zeigt dar\u00fcber hinaus, wie man auch ohne gro\u00dfartige Begabungen, auf kreative und effektive Weise die gute Nachricht von der Erl\u00f6sung durch Jesus Christus seinem N\u00e4chsten weitergeben kann. Nicht jeder von uns kann in die weite Welt hinaus gehen, um das Evangelium zu verk\u00fcndigen, aber jeder sollte an die Hecken und Z\u00e4une gehen, um so viele Menschen wie m\u00f6glich auf Jesus aufmerksam zu machen.<\/p>\n","protected":false},"featured_media":6415,"template":"","meta":[],"product_brand":[],"product_cat":[42,15],"product_tag":[],"class_list":{"0":"post-9274","1":"product","2":"type-product","3":"status-publish","4":"has-post-thumbnail","6":"product_cat-allgemeines","7":"product_cat-concepcion-seidel-ohg","8":"product_shipping_class-buecher-bis-2kg","10":"first","11":"instock","12":"shipping-taxable","13":"purchasable","14":"product-type-simple"},"acf":[],"_links":{"self":[{"href":"https:\/\/concepcion.de\/index.php\/wp-json\/wp\/v2\/product\/9274","targetHints":{"allow":["GET"]}}],"collection":[{"href":"https:\/\/concepcion.de\/index.php\/wp-json\/wp\/v2\/product"}],"about":[{"href":"https:\/\/concepcion.de\/index.php\/wp-json\/wp\/v2\/types\/product"}],"wp:featuredmedia":[{"embeddable":true,"href":"https:\/\/concepcion.de\/index.php\/wp-json\/wp\/v2\/media\/6415"}],"wp:attachment":[{"href":"https:\/\/concepcion.de\/index.php\/wp-json\/wp\/v2\/media?parent=9274"}],"wp:term":[{"taxonomy":"product_brand","embeddable":true,"href":"https:\/\/concepcion.de\/index.php\/wp-json\/wp\/v2\/product_brand?post=9274"},{"taxonomy":"product_cat","embeddable":true,"href":"https:\/\/concepcion.de\/index.php\/wp-json\/wp\/v2\/product_cat?post=9274"},{"taxonomy":"product_tag","embeddable":true,"href":"https:\/\/concepcion.de\/index.php\/wp-json\/wp\/v2\/product_tag?post=9274"}],"curies":[{"name":"wp","href":"https:\/\/api.w.org\/{rel}","templated":true}]}}