{"id":9270,"date":"2025-02-08T19:38:19","date_gmt":"2025-02-08T19:38:19","guid":{"rendered":"https:\/\/concepcion.de\/?post_type=product&#038;p=9270"},"modified":"2025-03-24T16:13:52","modified_gmt":"2025-03-24T16:13:52","slug":"ein-lied-fuer-amelie","status":"publish","type":"product","link":"https:\/\/concepcion.de\/index.php\/produkt\/ein-lied-fuer-amelie\/","title":{"rendered":"Ein Lied f\u00fcr Amelie"},"content":{"rendered":"<p>1979: In vielen afrikanischen L\u00e4ndern brodelt es und Waffenh\u00e4ndler nutzen skrupellos die Unzufriedenheit der Rebellen f\u00fcr ihren eigenen Vorteil. Auch Kevin, dessen Eltern in der Zentralafrikanischen Republik arbeiten, ist davon betroffen. Das k\u00fcmmert Amelie zun\u00e4chst herzlich wenig. Nie w\u00e4re sie auf die Idee gekommen, dass das, was im fernen Afrika passiert, sie schon bald pers\u00f6nlich betreffen w\u00fcrde.<br \/>\nUngewollt wird sie Teil eines b\u00f6sen Plans, und pl\u00f6tzlich scheint alles au\u00dfer Kontrolle zu geraten \u2026<br \/>\nDie Autorin verbrachte einen Teil ihrer Kindheit und Teenagerjahre im Urwald.<br \/>\nHeute lebt sie mit ihrem Mann und ihren vier Kindern in Osnabr\u00fcck. Sie schreibt Kurzgeschichten und Material f\u00fcr den Kindergottesdienst und engagiert sich in der Kinder- und Jugendarbeit ihrer Gemeinde.<\/p>\n","protected":false},"excerpt":{"rendered":"<p>1979: In vielen afrikanischen L\u00e4ndern brodelt es und Waffenh\u00e4ndler nutzen skrupellos die Unzufriedenheit der Rebellen f\u00fcr ihren eigenen Vorteil. Auch Kevin, dessen Eltern in der Zentralafrikanischen Republik arbeiten, ist davon betroffen. Das k\u00fcmmert Amelie zun\u00e4chst herzlich wenig. Nie w\u00e4re sie auf die Idee gekommen, dass das, was im fernen Afrika passiert, sie schon bald pers\u00f6nlich betreffen w\u00fcrde. Ungewollt wird sie Teil eines b\u00f6sen Plans, und pl\u00f6tzlich scheint alles au\u00dfer Kontrolle zu geraten \u2026 Die Autorin verbrachte einen Teil ihrer Kindheit und Teenagerjahre im Urwald. Heute lebt sie mit ihrem Mann und ihren vier Kindern in Osnabr\u00fcck. Sie schreibt Kurzgeschichten und Material f\u00fcr den Kindergottesdienst und engagiert sich in der Kinder- und Jugendarbeit ihrer Gemeinde.<\/p>\n","protected":false},"featured_media":6411,"template":"","meta":[],"product_brand":[],"product_cat":[42,15],"product_tag":[],"class_list":{"0":"post-9270","1":"product","2":"type-product","3":"status-publish","4":"has-post-thumbnail","6":"product_cat-allgemeines","7":"product_cat-concepcion-seidel-ohg","8":"product_shipping_class-buecher-bis-2kg","10":"first","11":"instock","12":"shipping-taxable","13":"purchasable","14":"product-type-simple"},"acf":[],"_links":{"self":[{"href":"https:\/\/concepcion.de\/index.php\/wp-json\/wp\/v2\/product\/9270","targetHints":{"allow":["GET"]}}],"collection":[{"href":"https:\/\/concepcion.de\/index.php\/wp-json\/wp\/v2\/product"}],"about":[{"href":"https:\/\/concepcion.de\/index.php\/wp-json\/wp\/v2\/types\/product"}],"wp:featuredmedia":[{"embeddable":true,"href":"https:\/\/concepcion.de\/index.php\/wp-json\/wp\/v2\/media\/6411"}],"wp:attachment":[{"href":"https:\/\/concepcion.de\/index.php\/wp-json\/wp\/v2\/media?parent=9270"}],"wp:term":[{"taxonomy":"product_brand","embeddable":true,"href":"https:\/\/concepcion.de\/index.php\/wp-json\/wp\/v2\/product_brand?post=9270"},{"taxonomy":"product_cat","embeddable":true,"href":"https:\/\/concepcion.de\/index.php\/wp-json\/wp\/v2\/product_cat?post=9270"},{"taxonomy":"product_tag","embeddable":true,"href":"https:\/\/concepcion.de\/index.php\/wp-json\/wp\/v2\/product_tag?post=9270"}],"curies":[{"name":"wp","href":"https:\/\/api.w.org\/{rel}","templated":true}]}}

Ein Lied für Amelie

<p>1979: In vielen afrikanischen Ländern brodelt es und Waffenhändler nutzen skrupellos die Unzufriedenheit der Rebellen für ihren eigenen Vorteil. Auch Kevin, dessen Eltern in der Zentralafrikanischen Republik arbeiten, ist davon betroffen. Das kümmert Amelie zunächst herzlich wenig. Nie wäre sie auf die Idee gekommen, dass das, was im fernen Afrika passiert, sie schon bald persönlich betreffen würde.<br />
Ungewollt wird sie Teil eines bösen Plans, und plötzlich scheint alles außer Kontrolle zu geraten …<br />
Die Autorin verbrachte einen Teil ihrer Kindheit und Teenagerjahre im Urwald.<br />
Heute lebt sie mit ihrem Mann und ihren vier Kindern in Osnabrück. Sie schreibt Kurzgeschichten und Material für den Kindergottesdienst und engagiert sich in der Kinder- und Jugendarbeit ihrer Gemeinde.</p>

<p>1979: In vielen afrikanischen Ländern brodelt es und Waffenhändler nutzen skrupellos die Unzufriedenheit der Rebellen für ihren eigenen Vorteil. Auch Kevin, dessen Eltern in der Zentralafrikanischen Republik arbeiten, ist davon betroffen. Das kümmert Amelie zunächst herzlich wenig. Nie wäre sie auf die Idee gekommen, dass das, was im fernen Afrika passiert, sie schon bald persönlich betreffen würde. Ungewollt wird sie Teil eines bösen Plans, und plötzlich scheint alles außer Kontrolle zu geraten … Die Autorin verbrachte einen Teil ihrer Kindheit und Teenagerjahre im Urwald. Heute lebt sie mit ihrem Mann und ihren vier Kindern in Osnabrück. Sie schreibt Kurzgeschichten und Material für den Kindergottesdienst und engagiert sich in der Kinder- und Jugendarbeit ihrer Gemeinde.</p>
