{"id":9255,"date":"2025-02-08T19:38:19","date_gmt":"2025-02-08T19:38:19","guid":{"rendered":"https:\/\/concepcion.de\/?post_type=product&#038;p=9255"},"modified":"2025-03-24T15:43:18","modified_gmt":"2025-03-24T15:43:18","slug":"spuren-gottes-und-wunder-in-der-schoepfung","status":"publish","type":"product","link":"https:\/\/concepcion.de\/index.php\/produkt\/spuren-gottes-und-wunder-in-der-schoepfung\/","title":{"rendered":"Spuren Gottes und Wunder in der Sch\u00f6pfung"},"content":{"rendered":"<p>Ausgestattet mit der Kamera und einem Mikroskop als unbestechliches Beweismittel traf der Autor auf vielen gefahrvollen Fotoexkursionen ins Wesen der Natur eine Wunderwelt an, die ihn staunen lie\u00df \u2013 staunen \u00fcber die Sch\u00f6pfungsgeheimnisse der Welt der Steine, Pflanzen, Tiere, Fische, Medusen und der Sternenwelten. In \u00fcberzeugender Weise ist zu erkennen, wie die Gesamtsch\u00f6pfung im Gleichklang und in Harmonie zur Bibel, dem Wort Gottes, steht.<br \/>\nEin Bildband f\u00fcr alle, die das Geniale in der Sch\u00f6pfung hautnah \u00fcber bestechende Bilder kennenlernen wollen.<\/p>\n","protected":false},"excerpt":{"rendered":"<p>Ausgestattet mit der Kamera und einem Mikroskop als unbestechliches Beweismittel traf der Autor auf vielen gefahrvollen Fotoexkursionen ins Wesen der Natur eine Wunderwelt an, die ihn staunen lie\u00df \u2013 staunen \u00fcber die Sch\u00f6pfungsgeheimnisse der Welt der Steine, Pflanzen, Tiere, Fische, Medusen und der Sternenwelten. In \u00fcberzeugender Weise ist zu erkennen, wie die Gesamtsch\u00f6pfung im Gleichklang und in Harmonie zur Bibel, dem Wort Gottes, steht. Ein Bildband f\u00fcr alle, die das Geniale in der Sch\u00f6pfung hautnah \u00fcber bestechende Bilder kennenlernen wollen.<\/p>\n","protected":false},"featured_media":6397,"template":"","meta":[],"product_brand":[],"product_cat":[42,15],"product_tag":[],"class_list":{"0":"post-9255","1":"product","2":"type-product","3":"status-publish","4":"has-post-thumbnail","6":"product_cat-allgemeines","7":"product_cat-concepcion-seidel-ohg","8":"product_shipping_class-buecher-bis-2kg","10":"first","11":"instock","12":"shipping-taxable","13":"purchasable","14":"product-type-simple"},"acf":[],"_links":{"self":[{"href":"https:\/\/concepcion.de\/index.php\/wp-json\/wp\/v2\/product\/9255","targetHints":{"allow":["GET"]}}],"collection":[{"href":"https:\/\/concepcion.de\/index.php\/wp-json\/wp\/v2\/product"}],"about":[{"href":"https:\/\/concepcion.de\/index.php\/wp-json\/wp\/v2\/types\/product"}],"wp:featuredmedia":[{"embeddable":true,"href":"https:\/\/concepcion.de\/index.php\/wp-json\/wp\/v2\/media\/6397"}],"wp:attachment":[{"href":"https:\/\/concepcion.de\/index.php\/wp-json\/wp\/v2\/media?parent=9255"}],"wp:term":[{"taxonomy":"product_brand","embeddable":true,"href":"https:\/\/concepcion.de\/index.php\/wp-json\/wp\/v2\/product_brand?post=9255"},{"taxonomy":"product_cat","embeddable":true,"href":"https:\/\/concepcion.de\/index.php\/wp-json\/wp\/v2\/product_cat?post=9255"},{"taxonomy":"product_tag","embeddable":true,"href":"https:\/\/concepcion.de\/index.php\/wp-json\/wp\/v2\/product_tag?post=9255"}],"curies":[{"name":"wp","href":"https:\/\/api.w.org\/{rel}","templated":true}]}}