{"id":9223,"date":"2025-02-08T19:38:07","date_gmt":"2025-02-08T19:38:07","guid":{"rendered":"https:\/\/concepcion.de\/?post_type=product&#038;p=9223"},"modified":"2025-03-24T16:29:05","modified_gmt":"2025-03-24T16:29:05","slug":"das-vermaechtnis-des-professors","status":"publish","type":"product","link":"https:\/\/concepcion.de\/index.php\/produkt\/das-vermaechtnis-des-professors\/","title":{"rendered":"Das Verm\u00e4chtnis des Professors"},"content":{"rendered":"<p>Mit zwei Schwestern hat frau es nicht leicht \u2013 weder was das Leben im Allgemeinen noch die Kerle im Speziellen betrifft. Dazu kommt, dass die Dinge nicht immer so sind, wie sie scheinen. Doch zum Gl\u00fcck (?) ist da noch Lotti, die J\u00fcngste, die ihren beiden gro\u00dfen Schwestern nach bestem Wissen und Gewissen unter die Arme greift in Sachen Beziehung. Und sie ist nicht die einzige: Auch ein steinalter Professor hat Augen im Kopf und kann obendrein hervorragend kombinieren &#8230;<\/p>\n","protected":false},"excerpt":{"rendered":"<p>Mit zwei Schwestern hat frau es nicht leicht \u2013 weder was das Leben im Allgemeinen noch die Kerle im Speziellen betrifft. Dazu kommt, dass die Dinge nicht immer so sind, wie sie scheinen. Doch zum Gl\u00fcck (?) ist da noch Lotti, die J\u00fcngste, die ihren beiden gro\u00dfen Schwestern nach bestem Wissen und Gewissen unter die Arme greift in Sachen Beziehung. Und sie ist nicht die einzige: Auch ein steinalter Professor hat Augen im Kopf und kann obendrein hervorragend kombinieren &#8230;<\/p>\n","protected":false},"featured_media":6376,"template":"","meta":[],"product_brand":[],"product_cat":[15,21],"product_tag":[],"class_list":{"0":"post-9223","1":"product","2":"type-product","3":"status-publish","4":"has-post-thumbnail","6":"product_cat-concepcion-seidel-ohg","7":"product_cat-kinderundjuegendliteratur","8":"product_shipping_class-buecher-bis-2kg","10":"first","11":"instock","12":"shipping-taxable","13":"purchasable","14":"product-type-simple"},"acf":[],"_links":{"self":[{"href":"https:\/\/concepcion.de\/index.php\/wp-json\/wp\/v2\/product\/9223","targetHints":{"allow":["GET"]}}],"collection":[{"href":"https:\/\/concepcion.de\/index.php\/wp-json\/wp\/v2\/product"}],"about":[{"href":"https:\/\/concepcion.de\/index.php\/wp-json\/wp\/v2\/types\/product"}],"wp:featuredmedia":[{"embeddable":true,"href":"https:\/\/concepcion.de\/index.php\/wp-json\/wp\/v2\/media\/6376"}],"wp:attachment":[{"href":"https:\/\/concepcion.de\/index.php\/wp-json\/wp\/v2\/media?parent=9223"}],"wp:term":[{"taxonomy":"product_brand","embeddable":true,"href":"https:\/\/concepcion.de\/index.php\/wp-json\/wp\/v2\/product_brand?post=9223"},{"taxonomy":"product_cat","embeddable":true,"href":"https:\/\/concepcion.de\/index.php\/wp-json\/wp\/v2\/product_cat?post=9223"},{"taxonomy":"product_tag","embeddable":true,"href":"https:\/\/concepcion.de\/index.php\/wp-json\/wp\/v2\/product_tag?post=9223"}],"curies":[{"name":"wp","href":"https:\/\/api.w.org\/{rel}","templated":true}]}}