{"id":9208,"date":"2025-02-08T19:37:57","date_gmt":"2025-02-08T19:37:57","guid":{"rendered":"https:\/\/concepcion.de\/?post_type=product&#038;p=9208"},"modified":"2025-03-24T16:48:57","modified_gmt":"2025-03-24T16:48:57","slug":"um-himmels-willen-was-mach-ich-nur-im-ruhestand","status":"publish","type":"product","link":"https:\/\/concepcion.de\/index.php\/produkt\/um-himmels-willen-was-mach-ich-nur-im-ruhestand\/","title":{"rendered":"Um Himmels Willen, was mach\u2019 ich nur im Ruhestand?"},"content":{"rendered":"<p>Vor mehr als 15 Jahren hat der Autor, Klaus Dieter Rudolf Trayser, seine Mitarbeit im Unternehmen beendet. Erwartungsfroh wechselte er in seine nun berufsfreie Zeit des Ruhestandes. Zur gro\u00dfen \u00dcberraschung seiner Familie, seiner Freunde und seiner langj\u00e4hrigen Kollegen fi el ihm das \u201eLoslassen\u201c leichter als von allen vermutet. Einige von ihnen erinnerten sich an ein Ereignis fr\u00fcherer Jahre. Damals hatte er sich ein \u201ePausenquartal\u201c geg\u00f6nnt. W\u00e4hrend dieser drei Monate blieb er der Firma fern und pfl egte auch keinen Kontakt zu Mitarbeitern und Gesch\u00e4ftspartnern.<br \/>\nAuch dieses Mal versp\u00fcrte er zu keinem Zeitpunkt irgendwelche \u201eEntzugserscheinungen\u201c. Im Gegenteil, er war froh, dass er sich unbeschwert und frei von r\u00fcckw\u00e4rtsgewandter Wehmut dem neuen Lebensabschnitt widmen konnte. Die ersten Monate im Ruhestand zeigten seiner Frau und ihm, wie gro\u00df der Verzicht auf das Miteinander in der Vergangenheit gewesen war. Die Verantwortung f\u00fcr das Wohl des Unternehmens hatte das Leben bis dahin bestimmt. Die neu gewonnene Freiheit des Ruhestandes erlebten die beiden als ein willkommenes, wertvolles Geschenk.<br \/>\nDass sich viele Menschen an ihn wandten, die bereits im Ruhestand waren oder sich darauf vorbereiteten, \u00fcberraschte daher niemanden. In vielen Gespr\u00e4chen hat er von guten oder weniger gut gelungenen Versuchen geh\u00f6rt, wie der Wechsel in die berufsfreie Zeit gestaltet werden kann. Er r\u00e4t allen Ruhest\u00e4ndern, trotz H\u00f6hen und manchen schmerzhaften Tiefen, im Vertrauen auf Gott, eine positive Sicht der Dinge anzustreben. Um dabei zu ermutigen, hat er dieses Buch geschrieben.<\/p>\n","protected":false},"excerpt":{"rendered":"<p>Vor mehr als 15 Jahren hat der Autor, Klaus Dieter Rudolf Trayser, seine Mitarbeit im Unternehmen beendet. Erwartungsfroh wechselte er in seine nun berufsfreie Zeit des Ruhestandes. Zur gro\u00dfen \u00dcberraschung seiner Familie, seiner Freunde und seiner langj\u00e4hrigen Kollegen fi el ihm das \u201eLoslassen\u201c leichter als von allen vermutet. Einige von ihnen erinnerten sich an ein Ereignis fr\u00fcherer Jahre. Damals hatte er sich ein \u201ePausenquartal\u201c geg\u00f6nnt. W\u00e4hrend dieser drei Monate blieb er der Firma fern und pfl egte auch keinen Kontakt zu Mitarbeitern und Gesch\u00e4ftspartnern. Auch dieses Mal versp\u00fcrte er zu keinem Zeitpunkt irgendwelche \u201eEntzugserscheinungen\u201c. Im Gegenteil, er war froh, dass er sich unbeschwert und frei von r\u00fcckw\u00e4rtsgewandter Wehmut dem neuen Lebensabschnitt widmen konnte. Die ersten Monate im Ruhestand zeigten seiner Frau und ihm, wie gro\u00df der Verzicht auf das Miteinander in der Vergangenheit gewesen war. Die Verantwortung f\u00fcr das Wohl des Unternehmens hatte das Leben bis dahin bestimmt. Die neu gewonnene Freiheit des Ruhestandes erlebten die beiden als ein willkommenes, wertvolles Geschenk. Dass sich viele Menschen an ihn wandten, die bereits im Ruhestand waren oder sich darauf vorbereiteten, \u00fcberraschte daher niemanden. In vielen Gespr\u00e4chen hat er von guten oder weniger gut gelungenen Versuchen geh\u00f6rt, wie der Wechsel in die berufsfreie Zeit gestaltet werden kann. Er r\u00e4t allen Ruhest\u00e4ndern, trotz H\u00f6hen und manchen schmerzhaften Tiefen, im Vertrauen auf Gott, eine positive Sicht der Dinge anzustreben. Um dabei zu ermutigen, hat er dieses Buch geschrieben.<\/p>\n","protected":false},"featured_media":7437,"template":"","meta":[],"product_brand":[],"product_cat":[42,15],"product_tag":[],"class_list":{"0":"post-9208","1":"product","2":"type-product","3":"status-publish","4":"has-post-thumbnail","6":"product_cat-allgemeines","7":"product_cat-concepcion-seidel-ohg","8":"product_shipping_class-buecher-bis-2kg","10":"first","11":"instock","12":"shipping-taxable","13":"purchasable","14":"product-type-simple"},"acf":[],"_links":{"self":[{"href":"https:\/\/concepcion.de\/index.php\/wp-json\/wp\/v2\/product\/9208","targetHints":{"allow":["GET"]}}],"collection":[{"href":"https:\/\/concepcion.de\/index.php\/wp-json\/wp\/v2\/product"}],"about":[{"href":"https:\/\/concepcion.de\/index.php\/wp-json\/wp\/v2\/types\/product"}],"wp:featuredmedia":[{"embeddable":true,"href":"https:\/\/concepcion.de\/index.php\/wp-json\/wp\/v2\/media\/7437"}],"wp:attachment":[{"href":"https:\/\/concepcion.de\/index.php\/wp-json\/wp\/v2\/media?parent=9208"}],"wp:term":[{"taxonomy":"product_brand","embeddable":true,"href":"https:\/\/concepcion.de\/index.php\/wp-json\/wp\/v2\/product_brand?post=9208"},{"taxonomy":"product_cat","embeddable":true,"href":"https:\/\/concepcion.de\/index.php\/wp-json\/wp\/v2\/product_cat?post=9208"},{"taxonomy":"product_tag","embeddable":true,"href":"https:\/\/concepcion.de\/index.php\/wp-json\/wp\/v2\/product_tag?post=9208"}],"curies":[{"name":"wp","href":"https:\/\/api.w.org\/{rel}","templated":true}]}}

<p>Vor mehr als 15 Jahren hat der Autor, Klaus Dieter Rudolf Trayser, seine Mitarbeit im Unternehmen beendet. Erwartungsfroh wechselte er in seine nun berufsfreie Zeit des Ruhestandes. Zur großen Überraschung seiner Familie, seiner Freunde und seiner langjährigen Kollegen fi el ihm das „Loslassen“ leichter als von allen vermutet. Einige von ihnen erinnerten sich an ein Ereignis früherer Jahre. Damals hatte er sich ein „Pausenquartal“ gegönnt. Während dieser drei Monate blieb er der Firma fern und pfl egte auch keinen Kontakt zu Mitarbeitern und Geschäftspartnern.<br />
Auch dieses Mal verspürte er zu keinem Zeitpunkt irgendwelche „Entzugserscheinungen“. Im Gegenteil, er war froh, dass er sich unbeschwert und frei von rückwärtsgewandter Wehmut dem neuen Lebensabschnitt widmen konnte. Die ersten Monate im Ruhestand zeigten seiner Frau und ihm, wie groß der Verzicht auf das Miteinander in der Vergangenheit gewesen war. Die Verantwortung für das Wohl des Unternehmens hatte das Leben bis dahin bestimmt. Die neu gewonnene Freiheit des Ruhestandes erlebten die beiden als ein willkommenes, wertvolles Geschenk.<br />
Dass sich viele Menschen an ihn wandten, die bereits im Ruhestand waren oder sich darauf vorbereiteten, überraschte daher niemanden. In vielen Gesprächen hat er von guten oder weniger gut gelungenen Versuchen gehört, wie der Wechsel in die berufsfreie Zeit gestaltet werden kann. Er rät allen Ruheständern, trotz Höhen und manchen schmerzhaften Tiefen, im Vertrauen auf Gott, eine positive Sicht der Dinge anzustreben. Um dabei zu ermutigen, hat er dieses Buch geschrieben.</p>

<p>Vor mehr als 15 Jahren hat der Autor, Klaus Dieter Rudolf Trayser, seine Mitarbeit im Unternehmen beendet. Erwartungsfroh wechselte er in seine nun berufsfreie Zeit des Ruhestandes. Zur großen Überraschung seiner Familie, seiner Freunde und seiner langjährigen Kollegen fi el ihm das „Loslassen“ leichter als von allen vermutet. Einige von ihnen erinnerten sich an ein Ereignis früherer Jahre. Damals hatte er sich ein „Pausenquartal“ gegönnt. Während dieser drei Monate blieb er der Firma fern und pfl egte auch keinen Kontakt zu Mitarbeitern und Geschäftspartnern. Auch dieses Mal verspürte er zu keinem Zeitpunkt irgendwelche „Entzugserscheinungen“. Im Gegenteil, er war froh, dass er sich unbeschwert und frei von rückwärtsgewandter Wehmut dem neuen Lebensabschnitt widmen konnte. Die ersten Monate im Ruhestand zeigten seiner Frau und ihm, wie groß der Verzicht auf das Miteinander in der Vergangenheit gewesen war. Die Verantwortung für das Wohl des Unternehmens hatte das Leben bis dahin bestimmt. Die neu gewonnene Freiheit des Ruhestandes erlebten die beiden als ein willkommenes, wertvolles Geschenk. Dass sich viele Menschen an ihn wandten, die bereits im Ruhestand waren oder sich darauf vorbereiteten, überraschte daher niemanden. In vielen Gesprächen hat er von guten oder weniger gut gelungenen Versuchen gehört, wie der Wechsel in die berufsfreie Zeit gestaltet werden kann. Er rät allen Ruheständern, trotz Höhen und manchen schmerzhaften Tiefen, im Vertrauen auf Gott, eine positive Sicht der Dinge anzustreben. Um dabei zu ermutigen, hat er dieses Buch geschrieben.</p>
