{"id":9152,"date":"2025-02-08T19:37:35","date_gmt":"2025-02-08T19:37:35","guid":{"rendered":"https:\/\/concepcion.de\/?post_type=product&#038;p=9152"},"modified":"2025-03-24T16:55:58","modified_gmt":"2025-03-24T16:55:58","slug":"jerusalem-zukuenftiger-friede-oder-zukuenftige-zerstoerung","status":"publish","type":"product","link":"https:\/\/concepcion.de\/index.php\/produkt\/jerusalem-zukuenftiger-friede-oder-zukuenftige-zerstoerung\/","title":{"rendered":"Jerusalem &#8211; zuk\u00fcnftiger Friede oder zuk\u00fcnftige Zerst\u00f6rung"},"content":{"rendered":"<p>Jerusalem ruft eine intensive Leidenschaft bei vielen Menschen hervor. Indem diese Stadt als der Mittelpunkt f\u00fcr drei Hauptreligionen betrachtet wird, ist sie die Quelle von Streit \u00fcber Tausende von Jahren gewesen, trotz der Tatsache, dass ihr Name \u201eder Friede soll gelehrt werden\u201c bedeutet. Die Feindseligkeiten spiegeln einen geistlichen Kampf wider, denn sie ist die \u201eStadt des gro\u00dfen K\u00f6nigs\u201c, von wo aus der Messias Jesus seine Herrschaft \u00fcber die ganze Welt angetreten hat.<br \/>\nDieses Buch besch\u00e4ftigt sich mit der prophetischen Bestimmung Jerusalems und des alten Bundesvolkes Israel im Lichte dessen, was durch den Propheten Daniel im 9. Kapitel vorausgesagt worden war. Die Prophetie sagt den Zeitpunkt des Kommens des Messias und die durch ihn gebrachte Gerechtigkeit voraus, und doch spricht sie auch von Jerusalems Zerst\u00f6rung.<br \/>\nWelche Bedeutung hat all das f\u00fcr uns heute?<\/p>\n","protected":false},"excerpt":{"rendered":"<p>Jerusalem ruft eine intensive Leidenschaft bei vielen Menschen hervor. Indem diese Stadt als der Mittelpunkt f\u00fcr drei Hauptreligionen betrachtet wird, ist sie die Quelle von Streit \u00fcber Tausende von Jahren gewesen, trotz der Tatsache, dass ihr Name \u201eder Friede soll gelehrt werden\u201c bedeutet. Die Feindseligkeiten spiegeln einen geistlichen Kampf wider, denn sie ist die \u201eStadt des gro\u00dfen K\u00f6nigs\u201c, von wo aus der Messias Jesus seine Herrschaft \u00fcber die ganze Welt angetreten hat. Dieses Buch besch\u00e4ftigt sich mit der prophetischen Bestimmung Jerusalems und des alten Bundesvolkes Israel im Lichte dessen, was durch den Propheten Daniel im 9. Kapitel vorausgesagt worden war. Die Prophetie sagt den Zeitpunkt des Kommens des Messias und die durch ihn gebrachte Gerechtigkeit voraus, und doch spricht sie auch von Jerusalems Zerst\u00f6rung. Welche Bedeutung hat all das f\u00fcr uns heute?<\/p>\n","protected":false},"featured_media":6320,"template":"","meta":[],"product_brand":[],"product_cat":[82,15],"product_tag":[],"class_list":{"0":"post-9152","1":"product","2":"type-product","3":"status-publish","4":"has-post-thumbnail","6":"product_cat-bibel-grundsaetzliches","7":"product_cat-concepcion-seidel-ohg","8":"product_shipping_class-buecher-bis-2kg","10":"first","11":"instock","12":"shipping-taxable","13":"purchasable","14":"product-type-simple"},"acf":[],"_links":{"self":[{"href":"https:\/\/concepcion.de\/index.php\/wp-json\/wp\/v2\/product\/9152","targetHints":{"allow":["GET"]}}],"collection":[{"href":"https:\/\/concepcion.de\/index.php\/wp-json\/wp\/v2\/product"}],"about":[{"href":"https:\/\/concepcion.de\/index.php\/wp-json\/wp\/v2\/types\/product"}],"wp:featuredmedia":[{"embeddable":true,"href":"https:\/\/concepcion.de\/index.php\/wp-json\/wp\/v2\/media\/6320"}],"wp:attachment":[{"href":"https:\/\/concepcion.de\/index.php\/wp-json\/wp\/v2\/media?parent=9152"}],"wp:term":[{"taxonomy":"product_brand","embeddable":true,"href":"https:\/\/concepcion.de\/index.php\/wp-json\/wp\/v2\/product_brand?post=9152"},{"taxonomy":"product_cat","embeddable":true,"href":"https:\/\/concepcion.de\/index.php\/wp-json\/wp\/v2\/product_cat?post=9152"},{"taxonomy":"product_tag","embeddable":true,"href":"https:\/\/concepcion.de\/index.php\/wp-json\/wp\/v2\/product_tag?post=9152"}],"curies":[{"name":"wp","href":"https:\/\/api.w.org\/{rel}","templated":true}]}}