{"id":9071,"date":"2025-02-08T19:37:02","date_gmt":"2025-02-08T19:37:02","guid":{"rendered":"https:\/\/concepcion.de\/?post_type=product&#038;p=9071"},"modified":"2025-03-24T17:02:25","modified_gmt":"2025-03-24T17:02:25","slug":"gott-machte-mir-einen-strich","status":"publish","type":"product","link":"https:\/\/concepcion.de\/index.php\/produkt\/gott-machte-mir-einen-strich\/","title":{"rendered":"Gott machte mir einen Strich &#8230;"},"content":{"rendered":"<p>Gerd Michael Moser, geboren am 20. April 1969, wuchs in einer christlichen Familie auf. Er erlebte seinen 50. Geburtstag leider nicht mehr. Er hatte sich in seinen Eins\u00e4tzen zu sehr \u00fcbernommen. Aber er war sein ganzes Leben lang tiefgl\u00e4ubig. Schon als Sch\u00fcler geriet er ins Visier der DDR-Staatssicherheit, weil er sich nicht anpassen wollte, sich nicht verstellen konnte, zu allem seine Meinung sagte, immer bei der Wahrheit blieb. Unbeirrt von Repressalien ging er seinen Weg. In der Wendezeit gr\u00fcndete er einen Verein: \u201eChristlicher Freundesdienst\u201c (CFD).<br \/>\nOb beruflich als Krankenpfleger oder Student der Theologie, ob als Gesch\u00e4ftsf\u00fchrer des \u201eCFD\u201c, ob bei seiner Missionarst\u00e4tigkeit auf diversen M\u00e4rkten, ob als Betreuer von drogenabh\u00e4ngigen Prostituierten, ob mit seiner Gesundheit, bei den Auseinandersetzungen mit dem Vermieter \u2013 immer wieder erlebte er Lichtblicke, dann wieder Abst\u00fcrze. Sicher war er an manchen selber schuld.<br \/>\nDoch nie hat der gute Wille gefehlt. Er opferte sich f\u00fcr seine Ideen nahezu auf. Die Erfolge blieben aus oder waren nur kurzzeitig sichtbar. Er lebte mit Pech, Pleiten und Pannen, mit Schulden und Wundern. Die ersteren lie\u00dfen ihn verzagen. Letztere st\u00e4rkten ihm den R\u00fccken, machten ihm Mut, dann kam erneut ein Absturz. So kam er zu dem Fazit: Gott machte mir einen Strich \u2026<br \/>\nSein Vater stellte \u201eals Trauerbew\u00e4ltigung\u201c dieses Buch zusammen; neun Jahre sp\u00e4ter, als er damals seine Trilogie \u201eGro\u00dfvater-Vater-Sohn\u201c geplant hatte. Somit ist die damals ver\u00f6ffentlichte \u201eunvollst\u00e4ndige Trilogie\u201c doch noch vervollst\u00e4ndigt.<\/p>\n","protected":false},"excerpt":{"rendered":"<p>Gerd Michael Moser, geboren am 20. April 1969, wuchs in einer christlichen Familie auf. Er erlebte seinen 50. Geburtstag leider nicht mehr. Er hatte sich in seinen Eins\u00e4tzen zu sehr \u00fcbernommen. Aber er war sein ganzes Leben lang tiefgl\u00e4ubig. Schon als Sch\u00fcler geriet er ins Visier der DDR-Staatssicherheit, weil er sich nicht anpassen wollte, sich nicht verstellen konnte, zu allem seine Meinung sagte, immer bei der Wahrheit blieb. Unbeirrt von Repressalien ging er seinen Weg. In der Wendezeit gr\u00fcndete er einen Verein: \u201eChristlicher Freundesdienst\u201c (CFD). Ob beruflich als Krankenpfleger oder Student der Theologie, ob als Gesch\u00e4ftsf\u00fchrer des \u201eCFD\u201c, ob bei seiner Missionarst\u00e4tigkeit auf diversen M\u00e4rkten, ob als Betreuer von drogenabh\u00e4ngigen Prostituierten, ob mit seiner Gesundheit, bei den Auseinandersetzungen mit dem Vermieter \u2013 immer wieder erlebte er Lichtblicke, dann wieder Abst\u00fcrze. Sicher war er an manchen selber schuld. Doch nie hat der gute Wille gefehlt. Er opferte sich f\u00fcr seine Ideen nahezu auf. Die Erfolge blieben aus oder waren nur kurzzeitig sichtbar. Er lebte mit Pech, Pleiten und Pannen, mit Schulden und Wundern. Die ersteren lie\u00dfen ihn verzagen. Letztere st\u00e4rkten ihm den R\u00fccken, machten ihm Mut, dann kam erneut ein Absturz. So kam er zu dem Fazit: Gott machte mir einen Strich \u2026 Sein Vater stellte \u201eals Trauerbew\u00e4ltigung\u201c dieses Buch zusammen; neun Jahre sp\u00e4ter, als er damals seine Trilogie \u201eGro\u00dfvater-Vater-Sohn\u201c geplant hatte. Somit ist die damals ver\u00f6ffentlichte \u201eunvollst\u00e4ndige Trilogie\u201c doch noch vervollst\u00e4ndigt.<\/p>\n","protected":false},"featured_media":6362,"template":"","meta":[],"product_brand":[],"product_cat":[15,25],"product_tag":[],"class_list":{"0":"post-9071","1":"product","2":"type-product","3":"status-publish","4":"has-post-thumbnail","6":"product_cat-concepcion-seidel-ohg","7":"product_cat-individuelles-geschichte-und-gegenwart","8":"product_shipping_class-buecher-bis-2kg","10":"first","11":"instock","12":"shipping-taxable","13":"purchasable","14":"product-type-simple"},"acf":[],"_links":{"self":[{"href":"https:\/\/concepcion.de\/index.php\/wp-json\/wp\/v2\/product\/9071","targetHints":{"allow":["GET"]}}],"collection":[{"href":"https:\/\/concepcion.de\/index.php\/wp-json\/wp\/v2\/product"}],"about":[{"href":"https:\/\/concepcion.de\/index.php\/wp-json\/wp\/v2\/types\/product"}],"wp:featuredmedia":[{"embeddable":true,"href":"https:\/\/concepcion.de\/index.php\/wp-json\/wp\/v2\/media\/6362"}],"wp:attachment":[{"href":"https:\/\/concepcion.de\/index.php\/wp-json\/wp\/v2\/media?parent=9071"}],"wp:term":[{"taxonomy":"product_brand","embeddable":true,"href":"https:\/\/concepcion.de\/index.php\/wp-json\/wp\/v2\/product_brand?post=9071"},{"taxonomy":"product_cat","embeddable":true,"href":"https:\/\/concepcion.de\/index.php\/wp-json\/wp\/v2\/product_cat?post=9071"},{"taxonomy":"product_tag","embeddable":true,"href":"https:\/\/concepcion.de\/index.php\/wp-json\/wp\/v2\/product_tag?post=9071"}],"curies":[{"name":"wp","href":"https:\/\/api.w.org\/{rel}","templated":true}]}}

<p>Gerd Michael Moser, geboren am 20. April 1969, wuchs in einer christlichen Familie auf. Er erlebte seinen 50. Geburtstag leider nicht mehr. Er hatte sich in seinen Einsätzen zu sehr übernommen. Aber er war sein ganzes Leben lang tiefgläubig. Schon als Schüler geriet er ins Visier der DDR-Staatssicherheit, weil er sich nicht anpassen wollte, sich nicht verstellen konnte, zu allem seine Meinung sagte, immer bei der Wahrheit blieb. Unbeirrt von Repressalien ging er seinen Weg. In der Wendezeit gründete er einen Verein: „Christlicher Freundesdienst“ (CFD).<br />
Ob beruflich als Krankenpfleger oder Student der Theologie, ob als Geschäftsführer des „CFD“, ob bei seiner Missionarstätigkeit auf diversen Märkten, ob als Betreuer von drogenabhängigen Prostituierten, ob mit seiner Gesundheit, bei den Auseinandersetzungen mit dem Vermieter – immer wieder erlebte er Lichtblicke, dann wieder Abstürze. Sicher war er an manchen selber schuld.<br />
Doch nie hat der gute Wille gefehlt. Er opferte sich für seine Ideen nahezu auf. Die Erfolge blieben aus oder waren nur kurzzeitig sichtbar. Er lebte mit Pech, Pleiten und Pannen, mit Schulden und Wundern. Die ersteren ließen ihn verzagen. Letztere stärkten ihm den Rücken, machten ihm Mut, dann kam erneut ein Absturz. So kam er zu dem Fazit: Gott machte mir einen Strich …<br />
Sein Vater stellte „als Trauerbewältigung“ dieses Buch zusammen; neun Jahre später, als er damals seine Trilogie „Großvater-Vater-Sohn“ geplant hatte. Somit ist die damals veröffentlichte „unvollständige Trilogie“ doch noch vervollständigt.</p>

<p>Gerd Michael Moser, geboren am 20. April 1969, wuchs in einer christlichen Familie auf. Er erlebte seinen 50. Geburtstag leider nicht mehr. Er hatte sich in seinen Einsätzen zu sehr übernommen. Aber er war sein ganzes Leben lang tiefgläubig. Schon als Schüler geriet er ins Visier der DDR-Staatssicherheit, weil er sich nicht anpassen wollte, sich nicht verstellen konnte, zu allem seine Meinung sagte, immer bei der Wahrheit blieb. Unbeirrt von Repressalien ging er seinen Weg. In der Wendezeit gründete er einen Verein: „Christlicher Freundesdienst“ (CFD). Ob beruflich als Krankenpfleger oder Student der Theologie, ob als Geschäftsführer des „CFD“, ob bei seiner Missionarstätigkeit auf diversen Märkten, ob als Betreuer von drogenabhängigen Prostituierten, ob mit seiner Gesundheit, bei den Auseinandersetzungen mit dem Vermieter – immer wieder erlebte er Lichtblicke, dann wieder Abstürze. Sicher war er an manchen selber schuld. Doch nie hat der gute Wille gefehlt. Er opferte sich für seine Ideen nahezu auf. Die Erfolge blieben aus oder waren nur kurzzeitig sichtbar. Er lebte mit Pech, Pleiten und Pannen, mit Schulden und Wundern. Die ersteren ließen ihn verzagen. Letztere stärkten ihm den Rücken, machten ihm Mut, dann kam erneut ein Absturz. So kam er zu dem Fazit: Gott machte mir einen Strich … Sein Vater stellte „als Trauerbewältigung“ dieses Buch zusammen; neun Jahre später, als er damals seine Trilogie „Großvater-Vater-Sohn“ geplant hatte. Somit ist die damals veröffentlichte „unvollständige Trilogie“ doch noch vervollständigt.</p>
