{"id":9005,"date":"2025-02-08T19:36:40","date_gmt":"2025-02-08T19:36:40","guid":{"rendered":"https:\/\/concepcion.de\/?post_type=product&#038;p=9005"},"modified":"2025-03-25T10:13:21","modified_gmt":"2025-03-25T10:13:21","slug":"uli-jagt-den-brandstifter","status":"publish","type":"product","link":"https:\/\/concepcion.de\/index.php\/produkt\/uli-jagt-den-brandstifter\/","title":{"rendered":"Uli jagt den Brandstifter"},"content":{"rendered":"<p>Als Uli in den Ferien zu seinem Onkel Georg f\u00e4hrt, ahnt er nichts von dem Abenteuer, das ihn erwartet. Zusammen mit Marion macht er sich auf die Suche nach einem Brandstifter! Welche Rolle spielen Bauer Wilhelm und Marions Vater bei den Verbrechen? Gemeinsam mit Marion folgt er einer brandhei\u00dfen Spur &#8211; und dann \u00fcberst\u00fcrzen sich die Ereignisse &#8230;<\/p>\n","protected":false},"excerpt":{"rendered":"<p>Als Uli in den Ferien zu seinem Onkel Georg f\u00e4hrt, ahnt er nichts von dem Abenteuer, das ihn erwartet. Zusammen mit Marion macht er sich auf die Suche nach einem Brandstifter! Welche Rolle spielen Bauer Wilhelm und Marions Vater bei den Verbrechen? Gemeinsam mit Marion folgt er einer brandhei\u00dfen Spur &#8211; und dann \u00fcberst\u00fcrzen sich die Ereignisse &#8230;<\/p>\n","protected":false},"featured_media":6356,"template":"","meta":[],"product_brand":[],"product_cat":[15,21],"product_tag":[],"class_list":{"0":"post-9005","1":"product","2":"type-product","3":"status-publish","4":"has-post-thumbnail","6":"product_cat-concepcion-seidel-ohg","7":"product_cat-kinderundjuegendliteratur","8":"product_shipping_class-buecher-bis-2kg","10":"first","11":"instock","12":"shipping-taxable","13":"purchasable","14":"product-type-simple"},"acf":[],"_links":{"self":[{"href":"https:\/\/concepcion.de\/index.php\/wp-json\/wp\/v2\/product\/9005","targetHints":{"allow":["GET"]}}],"collection":[{"href":"https:\/\/concepcion.de\/index.php\/wp-json\/wp\/v2\/product"}],"about":[{"href":"https:\/\/concepcion.de\/index.php\/wp-json\/wp\/v2\/types\/product"}],"wp:featuredmedia":[{"embeddable":true,"href":"https:\/\/concepcion.de\/index.php\/wp-json\/wp\/v2\/media\/6356"}],"wp:attachment":[{"href":"https:\/\/concepcion.de\/index.php\/wp-json\/wp\/v2\/media?parent=9005"}],"wp:term":[{"taxonomy":"product_brand","embeddable":true,"href":"https:\/\/concepcion.de\/index.php\/wp-json\/wp\/v2\/product_brand?post=9005"},{"taxonomy":"product_cat","embeddable":true,"href":"https:\/\/concepcion.de\/index.php\/wp-json\/wp\/v2\/product_cat?post=9005"},{"taxonomy":"product_tag","embeddable":true,"href":"https:\/\/concepcion.de\/index.php\/wp-json\/wp\/v2\/product_tag?post=9005"}],"curies":[{"name":"wp","href":"https:\/\/api.w.org\/{rel}","templated":true}]}}

<p>Als Uli in den Ferien zu seinem Onkel Georg fährt, ahnt er nichts von dem Abenteuer, das ihn erwartet. Zusammen mit Marion macht er sich auf die Suche nach einem Brandstifter! Welche Rolle spielen Bauer Wilhelm und Marions Vater bei den Verbrechen? Gemeinsam mit Marion folgt er einer brandheißen Spur &#8211; und dann überstürzen sich die Ereignisse &#8230;</p>
