{"id":8993,"date":"2025-02-08T19:36:39","date_gmt":"2025-02-08T19:36:39","guid":{"rendered":"https:\/\/concepcion.de\/?post_type=product&#038;p=8993"},"modified":"2025-03-25T10:12:51","modified_gmt":"2025-03-25T10:12:51","slug":"uli-in-letzter-sekunde","status":"publish","type":"product","link":"https:\/\/concepcion.de\/index.php\/produkt\/uli-in-letzter-sekunde\/","title":{"rendered":"Uli in letzter Sekunde"},"content":{"rendered":"<p>Ein neuer Junge kommt in Ulis Klasse. Sein Vater wurde tot an einer Br\u00fccke gefunden. War es Selbstmord &#8211; oder gar Mord? Erst ganz langsam kommt Licht in die verworrene Geschichte. Bei einer n\u00e4chtlichen Spurensuche auf der Todesbr\u00fccke kommt Uli in h\u00f6chste Gefahr!<\/p>\n","protected":false},"excerpt":{"rendered":"<p>Ein neuer Junge kommt in Ulis Klasse. Sein Vater wurde tot an einer Br\u00fccke gefunden. War es Selbstmord &#8211; oder gar Mord? Erst ganz langsam kommt Licht in die verworrene Geschichte. Bei einer n\u00e4chtlichen Spurensuche auf der Todesbr\u00fccke kommt Uli in h\u00f6chste Gefahr!<\/p>\n","protected":false},"featured_media":6355,"template":"","meta":[],"product_brand":[],"product_cat":[15,21],"product_tag":[],"class_list":{"0":"post-8993","1":"product","2":"type-product","3":"status-publish","4":"has-post-thumbnail","6":"product_cat-concepcion-seidel-ohg","7":"product_cat-kinderundjuegendliteratur","8":"product_shipping_class-buecher-bis-2kg","10":"first","11":"instock","12":"shipping-taxable","13":"purchasable","14":"product-type-simple"},"acf":[],"_links":{"self":[{"href":"https:\/\/concepcion.de\/index.php\/wp-json\/wp\/v2\/product\/8993","targetHints":{"allow":["GET"]}}],"collection":[{"href":"https:\/\/concepcion.de\/index.php\/wp-json\/wp\/v2\/product"}],"about":[{"href":"https:\/\/concepcion.de\/index.php\/wp-json\/wp\/v2\/types\/product"}],"wp:featuredmedia":[{"embeddable":true,"href":"https:\/\/concepcion.de\/index.php\/wp-json\/wp\/v2\/media\/6355"}],"wp:attachment":[{"href":"https:\/\/concepcion.de\/index.php\/wp-json\/wp\/v2\/media?parent=8993"}],"wp:term":[{"taxonomy":"product_brand","embeddable":true,"href":"https:\/\/concepcion.de\/index.php\/wp-json\/wp\/v2\/product_brand?post=8993"},{"taxonomy":"product_cat","embeddable":true,"href":"https:\/\/concepcion.de\/index.php\/wp-json\/wp\/v2\/product_cat?post=8993"},{"taxonomy":"product_tag","embeddable":true,"href":"https:\/\/concepcion.de\/index.php\/wp-json\/wp\/v2\/product_tag?post=8993"}],"curies":[{"name":"wp","href":"https:\/\/api.w.org\/{rel}","templated":true}]}}

<p>Ein neuer Junge kommt in Ulis Klasse. Sein Vater wurde tot an einer Brücke gefunden. War es Selbstmord &#8211; oder gar Mord? Erst ganz langsam kommt Licht in die verworrene Geschichte. Bei einer nächtlichen Spurensuche auf der Todesbrücke kommt Uli in höchste Gefahr!</p>
