{"id":8949,"date":"2025-02-08T19:36:18","date_gmt":"2025-02-08T19:36:18","guid":{"rendered":"https:\/\/concepcion.de\/?post_type=product&#038;p=8949"},"modified":"2025-03-25T10:08:20","modified_gmt":"2025-03-25T10:08:20","slug":"die-kranke-gemeinde-eine-therapieanleitung","status":"publish","type":"product","link":"https:\/\/concepcion.de\/index.php\/produkt\/die-kranke-gemeinde-eine-therapieanleitung\/","title":{"rendered":"Die kranke Gemeinde &#8211; eine Therapieanleitung"},"content":{"rendered":"<p><strong>Eine Gemeinde nach dem Herzen Gottes ist der Leib Christi in dieser Welt.<\/strong><br \/>\nIn immer mehr Gemeinden w\u00e4chst der Eindruck, dass etwas nicht stimmt:<br \/>\nEs ist alles zu viel!<br \/>\nM\u00fcdigkeit nimmt zu,<br \/>\ndie Empfindlichkeit w\u00e4chst,<br \/>\nEgoismus breitet sich aus.<\/p>\n<p><strong>Viele Gemeinden haben ihre Mitte verloren \u2013 deshalb sind sie krank geworden.<\/strong><br \/>\nWas sind die Ursachen dieser Krankheit?<br \/>\nWie wirkt sich diese Krankheit aus?<br \/>\nWie kann eine Gemeinde wieder gesund werden?<br \/>\nWie sieht eine gesunde Gemeinde aus?<\/p>\n<p><strong>Heute ist mehr denn je ein prophetischer Blick auf die christliche Gemeinde n\u00f6tig.<\/strong><br \/>\nJohannes Stockmayer ist seit vielen Jahren Gemeindeberater, Seelsorger und Coach f\u00fcr kranke Gemeinden, Menschen auf der Suche, f\u00fcr Konfliktsituationen und Ver\u00e4nderungsprozesse und f\u00fcr die Frage nach dem, was Gott heute will.<\/p>\n<p>Dieses Buch ist eine Einf\u00fchrung in biblische Grunds\u00e4tze von Gemeinde und eine Anleitung f\u00fcr ein gesundes Gemeindeleben.<\/p>\n","protected":false},"excerpt":{"rendered":"<p>Eine Gemeinde nach dem Herzen Gottes ist der Leib Christi in dieser Welt. In immer mehr Gemeinden w\u00e4chst der Eindruck, dass etwas nicht stimmt: Es ist alles zu viel! M\u00fcdigkeit nimmt zu, die Empfindlichkeit w\u00e4chst, Egoismus breitet sich aus. Viele Gemeinden haben ihre Mitte verloren \u2013 deshalb sind sie krank geworden. Was sind die Ursachen dieser Krankheit? Wie wirkt sich diese Krankheit aus? Wie kann eine Gemeinde wieder gesund werden? Wie sieht eine gesunde Gemeinde aus? Heute ist mehr denn je ein prophetischer Blick auf die christliche Gemeinde n\u00f6tig. Johannes Stockmayer ist seit vielen Jahren Gemeindeberater, Seelsorger und Coach f\u00fcr kranke Gemeinden, Menschen auf der Suche, f\u00fcr Konfliktsituationen und Ver\u00e4nderungsprozesse und f\u00fcr die Frage nach dem, was Gott heute will. Dieses Buch ist eine Einf\u00fchrung in biblische Grunds\u00e4tze von Gemeinde und eine Anleitung f\u00fcr ein gesundes Gemeindeleben.<\/p>\n","protected":false},"featured_media":6351,"template":"","meta":[],"product_brand":[],"product_cat":[82,15],"product_tag":[],"class_list":{"0":"post-8949","1":"product","2":"type-product","3":"status-publish","4":"has-post-thumbnail","6":"product_cat-bibel-grundsaetzliches","7":"product_cat-concepcion-seidel-ohg","8":"product_shipping_class-buecher-bis-2kg","10":"first","11":"instock","12":"shipping-taxable","13":"purchasable","14":"product-type-simple"},"acf":[],"_links":{"self":[{"href":"https:\/\/concepcion.de\/index.php\/wp-json\/wp\/v2\/product\/8949","targetHints":{"allow":["GET"]}}],"collection":[{"href":"https:\/\/concepcion.de\/index.php\/wp-json\/wp\/v2\/product"}],"about":[{"href":"https:\/\/concepcion.de\/index.php\/wp-json\/wp\/v2\/types\/product"}],"wp:featuredmedia":[{"embeddable":true,"href":"https:\/\/concepcion.de\/index.php\/wp-json\/wp\/v2\/media\/6351"}],"wp:attachment":[{"href":"https:\/\/concepcion.de\/index.php\/wp-json\/wp\/v2\/media?parent=8949"}],"wp:term":[{"taxonomy":"product_brand","embeddable":true,"href":"https:\/\/concepcion.de\/index.php\/wp-json\/wp\/v2\/product_brand?post=8949"},{"taxonomy":"product_cat","embeddable":true,"href":"https:\/\/concepcion.de\/index.php\/wp-json\/wp\/v2\/product_cat?post=8949"},{"taxonomy":"product_tag","embeddable":true,"href":"https:\/\/concepcion.de\/index.php\/wp-json\/wp\/v2\/product_tag?post=8949"}],"curies":[{"name":"wp","href":"https:\/\/api.w.org\/{rel}","templated":true}]}}