{"id":8909,"date":"2025-02-08T19:36:07","date_gmt":"2025-02-08T19:36:07","guid":{"rendered":"https:\/\/concepcion.de\/?post_type=product&#038;p=8909"},"modified":"2025-02-11T17:37:47","modified_gmt":"2025-02-11T17:37:47","slug":"93300-display-worte-fuer-dich-30-stueck-sortiert","status":"publish","type":"product","link":"https:\/\/concepcion.de\/index.php\/produkt\/93300-display-worte-fuer-dich-30-stueck-sortiert\/","title":{"rendered":"93300 Display &#8222;Worte f\u00fcr dich&#8220; 30 St\u00fcck sortiert"},"content":{"rendered":"<p>93300 Display &#8222;Worte f\u00fcr dich&#8220; 30 St\u00fcck sortiert<\/p>\n","protected":false},"excerpt":{"rendered":"<p>93300 Display &#8222;Worte f\u00fcr dich&#8220; 30 St\u00fcck sortiert<\/p>\n","protected":false},"featured_media":7298,"template":"","meta":[],"product_brand":[],"product_cat":[55],"product_tag":[],"class_list":{"0":"post-8909","1":"product","2":"type-product","3":"status-publish","4":"has-post-thumbnail","6":"product_cat-display","7":"product_shipping_class-buecher-bis-2kg","9":"first","10":"instock","11":"shipping-taxable","12":"purchasable","13":"product-type-simple"},"acf":[],"_links":{"self":[{"href":"https:\/\/concepcion.de\/index.php\/wp-json\/wp\/v2\/product\/8909","targetHints":{"allow":["GET"]}}],"collection":[{"href":"https:\/\/concepcion.de\/index.php\/wp-json\/wp\/v2\/product"}],"about":[{"href":"https:\/\/concepcion.de\/index.php\/wp-json\/wp\/v2\/types\/product"}],"wp:featuredmedia":[{"embeddable":true,"href":"https:\/\/concepcion.de\/index.php\/wp-json\/wp\/v2\/media\/7298"}],"wp:attachment":[{"href":"https:\/\/concepcion.de\/index.php\/wp-json\/wp\/v2\/media?parent=8909"}],"wp:term":[{"taxonomy":"product_brand","embeddable":true,"href":"https:\/\/concepcion.de\/index.php\/wp-json\/wp\/v2\/product_brand?post=8909"},{"taxonomy":"product_cat","embeddable":true,"href":"https:\/\/concepcion.de\/index.php\/wp-json\/wp\/v2\/product_cat?post=8909"},{"taxonomy":"product_tag","embeddable":true,"href":"https:\/\/concepcion.de\/index.php\/wp-json\/wp\/v2\/product_tag?post=8909"}],"curies":[{"name":"wp","href":"https:\/\/api.w.org\/{rel}","templated":true}]}}